000
CXUS54 KOUN 010700
CF6SPS
PRELIMINARY LOCAL CLIMATOLOGICAL DATA (WS FORM: F-6)
STATION: WICHITA FALLS
MONTH: JULY
YEAR: 2020
LATITUDE: 33 58 N
LONGITUDE: 98 29 W
TEMPERATURE IN F: :PCPN: SNOW: WIND :SUNSHINE: SKY :PK WND
================================================================================
1 2 3 4 5 6A 6B 7 8 9 10 11 12 13 14 15 16 17 18
12Z AVG MX 2MIN
DY MAX MIN AVG DEP HDD CDD WTR SNW DPTH SPD SPD DIR MIN PSBL S-S WX SPD DR
================================================================================
1 97 74 86 3 0 21 0.00 0.0 0 13.1 22 140 M M 1 28 190
2 96 73 85 2 0 20 0.00 0.0 0 8.8 26 100 M M 1 1 33 110
3 98 71 85 2 0 20 0.00 0.0 0 6.6 13 150 M M 0 20 150
4 95 71 83 0 0 18 0.00 0.0 0 7.0 17 110 M M 1 21 110
5 94 72 83 0 0 18 0.05 0.0 0 8.0 33 20 M M 5 3 39 10
6 88 72 80 -4 0 15 0.89 0.0 0 7.1 21 190 M M 3 13 25 180
7 90 72 81 -3 0 16 T 0.0 0 5.9 12 100 M M 6 12 14 130
8 95 73 84 0 0 19 0.00 0.0 0 10.6 21 140 M M 2 25 130
9 97 77 87 3 0 22 0.00 0.0 0 14.4 23 150 M M 0 29 150
10 94 74 84 0 0 19 0.00 0.0 0 12.9 31 140 M M 3 40 150
11 101 74 88 4 0 23 0.00 0.0 0 10.1 18 170 M M 0 23 170
12 99 71 85 1 0 20 0.13 0.0 0 13.8 38 90 M M 1 38 46 90
13 102 77 90 6 0 25 0.00 0.0 0 11.7 20 150 M M 2 29 150
14 104 75 90 6 0 25 0.00 0.0 0 16.1 26 150 M M 2 35 160
15 97 78 88 4 0 23 0.00 0.0 0 12.3 18 210 M M 4 3 23 210
16 102 75 89 4 0 24 0.00 0.0 0 11.2 22 140 M M 2 27 140
17 100 71 86 1 0 21 0.00 0.0 0 10.9 22 140 M M 1 26 150
18 96 76 86 1 0 21 0.00 0.0 0 14.0 22 140 M M 0 28 150
19 96 75 86 1 0 21 0.00 0.0 0 12.1 22 160 M M 1 28 170
20 97 75 86 1 0 21 0.00 0.0 0 11.9 22 150 M M 3 28 140
21 95 71 83 -2 0 18 0.00 0.0 0 8.3 21 300 M M 3 3 26 340
22 96 72 84 -1 0 19 0.00 0.0 0 7.5 17 120 M M 2 21 120
23 90 73 82 -3 0 17 2.64 0.0 0 7.2 33 210 M M 3 123 44 170
24 95 72 84 -1 0 19 0.00 0.0 0 8.2 18 110 M M 1 22 120
25 92 74 83 -2 0 18 0.00 0.0 0 9.9 20 120 M M 1 23 140
26 94 72 83 -2 0 18 0.00 0.0 0 7.1 14 140 M M 2 18 140
27 97 71 84 -1 0 19 0.89 0.0 0 12.0 39 320 M M 5 13 50 310
28 86 74 80 -5 0 15 1.52 0.0 0 8.9 15 160 M M 5 13 17 150
29 93 75 84 -1 0 19 0.27 0.0 0 10.9 18 180 M M 5 13 24 200
30 99 72 86 1 0 21 0.01 0.0 0 12.6 35 20 M M 3 3 43 20
31 89 69 79 -6 0 14 T 0.0 0 10.1 20 340 M M 3 38 25 330
================================================================================
SM 2964 2271 0 609 6.40 0.0 321.2 M 71
================================================================================
AV 95.6 73.3 10.4 FASTST M M 2 MAX(MPH)
MISC ----> # 39 320 # 50 310
================================================================================
NOTES:
# LAST OF SEVERAL OCCURRENCES
COLUMN 17 PEAK WIND IN M.P.H.
PRELIMINARY LOCAL CLIMATOLOGICAL DATA (WS FORM: F-6) , PAGE 2
STATION: WICHITA FALLS
MONTH: JULY
YEAR: 2020
LATITUDE: 33 58 N
LONGITUDE: 98 29 W
[TEMPERATURE DATA] [PRECIPITATION DATA] SYMBOLS USED IN COLUMN 16
AVERAGE MONTHLY: 84.4 TOTAL FOR MONTH: 6.40 1 = FOG OR MIST
DPTR FM NORMAL: 0.0 DPTR FM NORMAL: 4.81 2 = FOG REDUCING VISIBILITY
HIGHEST: 104 ON 14 GRTST 24HR 2.64 ON 23-23 TO 1/4 MILE OR LESS
LOWEST: 69 ON 31 3 = THUNDER
SNOW, ICE PELLETS, HAIL 4 = ICE PELLETS
TOTAL MONTH: 0.0 INCH 5 = HAIL
GRTST 24HR 0.0 6 = FREEZING RAIN OR DRIZZLE
GRTST DEPTH: 0 7 = DUSTSTORM OR SANDSTORM:
VSBY 1/2 MILE OR LESS
8 = SMOKE OR HAZE
[NO. OF DAYS WITH] [WEATHER - DAYS WITH] 9 = BLOWING SNOW
X = TORNADO
MAX 32 OR BELOW: 0 0.01 INCH OR MORE: 8
MAX 90 OR ABOVE: 28 0.10 INCH OR MORE: 6
MIN 32 OR BELOW: 0 0.50 INCH OR MORE: 4
MIN 0 OR BELOW: 0 1.00 INCH OR MORE: 2
[HDD (BASE 65) ]
TOTAL THIS MO. 0 CLEAR (SCALE 0-3) 25
DPTR FM NORMAL 0 PTCLDY (SCALE 4-7) 6
TOTAL FM JUL 1 0 CLOUDY (SCALE 8-10) 0
DPTR FM NORMAL 0
[CDD (BASE 65) ]
TOTAL THIS MO. 609
DPTR FM NORMAL 8 [PRESSURE DATA]
TOTAL FM JAN 1 1410 HIGHEST SLP M ON M
DPTR FM NORMAL 54 LOWEST SLP 29.70 ON 1
[REMARKS]
#FINAL-07-20#