000
CXUS54 KOUN 010700
CF6SPS
PRELIMINARY LOCAL CLIMATOLOGICAL DATA (WS FORM: F-6)
STATION: WICHITA FALLS
MONTH: APRIL
YEAR: 2020
LATITUDE: 33 58 N
LONGITUDE: 98 29 W
TEMPERATURE IN F: :PCPN: SNOW: WIND :SUNSHINE: SKY :PK WND
================================================================================
1 2 3 4 5 6A 6B 7 8 9 10 11 12 13 14 15 16 17 18
12Z AVG MX 2MIN
DY MAX MIN AVG DEP HDD CDD WTR SNW DPTH SPD SPD DIR MIN PSBL S-S WX SPD DR
================================================================================
1 71 44 58 -1 7 0 0.00 0.0 0 14.1 26 150 M M 3 32 150
2 76 57 67 8 0 2 0.00 0.0 0 17.4 26 180 M M 4 32 170
3 66 35 51 -8 14 0 0.22 M 0 18.3 33 10 M M 10 13 37 10
4 54 39 47 -12 18 0 0.00 0.0 0 8.5 24 30 M M 9 28 30
5 69 45 57 -3 8 0 0.00 0.0 0 8.7 22 150 M M 9 1 26 150
6 71 56 64 4 1 0 T 0.0 0 12.0 18 190 M M 8 1 23 180
7 88 56 72 12 0 7 0.00 0.0 0 12.6 23 230 M M 3 12 28 230
8 90 55 73 13 0 8 0.00 0.0 0 7.9 16 20 M M 1 19 30
9 74 50 62 1 3 0 0.00 0.0 0 10.9 23 50 M M 2 28 50
10 71 44 58 -3 7 0 0.00 0.0 0 9.7 18 110 M M 1 24 340
11 71 53 62 1 3 0 0.01 0.0 0 13.4 28 160 M M 7 13 38 170
12 76 39 58 -4 7 0 0.06 0.0 0 17.3 38 330 M M 4 13 46 340
13 50 36 43 -19 22 0 T M 0 15.7 26 20 M M 4 34 20
14 46 36 41 -21 24 0 T T 0 9.5 23 20 M M 8 27 10
15 65 31 48 -14 17 0 0.00 0.0 0 9.6 15 140 M M 0 21 160
16 77 40 59 -4 6 0 0.00 0.0 0 17.2 31 170 M M 0 8 39 170
17 64 39 52 -11 13 0 0.00 0.0 0 13.5 29 10 M M 6 35 10
18 68 34 51 -12 14 0 0.00 0.0 0 7.0 17 170 M M 5 21 170
19 74 50 62 -2 3 0 0.00 0.0 0 10.6 20 350 M M 4 1 25 350
20 77 48 63 -1 2 0 0.00 0.0 0 5.5 13 160 M M 2 1 15 160
21 84 49 67 3 0 2 0.01 0.0 0 11.0 22 130 M M 2 13 29 110
22 88 59 74 10 0 9 0.01 0.0 0 16.1 32 330 M M 4 40 280
23 86 50 68 3 0 3 0.00 0.0 0 8.5 20 160 M M 0 8 25 170
24 81 55 68 3 0 3 0.00 0.0 0 16.5 33 340 M M 1 41 340
25 77 51 64 -1 1 0 0.00 0.0 0 9.1 18 350 M M 0 28 350
26 84 49 67 1 0 2 0.00 0.0 0 11.4 23 200 M M 0 8 29 200
27 86 61 74 8 0 9 0.00 0.0 0 14.9 26 180 M M 4 38 34 180
28 93 64 79 13 0 14 0.05 0.0 0 16.0 35 10 M M 3 3 42 30
29 80 54 67 0 0 2 0.00 0.0 0 13.0 33 350 M M 0 41 330
30 86 47 67 0 0 2 0.00 0.0 0 9.7 18 170 M M 0 24 140
================================================================================
SM 2243 1426 170 63 0.36 T 365.6 M 104
================================================================================
AV 74.8 47.5 12.2 FASTST M M 3 MAX(MPH)
MISC ----> # 38 330 # 46 340
================================================================================
NOTES:
# LAST OF SEVERAL OCCURRENCES
COLUMN 17 PEAK WIND IN M.P.H.
PRELIMINARY LOCAL CLIMATOLOGICAL DATA (WS FORM: F-6) , PAGE 2
STATION: WICHITA FALLS
MONTH: APRIL
YEAR: 2020
LATITUDE: 33 58 N
LONGITUDE: 98 29 W
[TEMPERATURE DATA] [PRECIPITATION DATA] SYMBOLS USED IN COLUMN 16
AVERAGE MONTHLY: 61.2 TOTAL FOR MONTH: 0.36 1 = FOG OR MIST
DPTR FM NORMAL: -1.4 DPTR FM NORMAL: -2.25 2 = FOG REDUCING VISIBILITY
HIGHEST: 93 ON 28 GRTST 24HR 0.22 ON 3- 3 TO 1/4 MILE OR LESS
LOWEST: 31 ON 15 3 = THUNDER
SNOW, ICE PELLETS, HAIL 4 = ICE PELLETS
TOTAL MONTH: T 5 = HAIL
GRTST 24HR T ON 14-14 6 = FREEZING RAIN OR DRIZZLE
GRTST DEPTH: 0 7 = DUSTSTORM OR SANDSTORM:
VSBY 1/2 MILE OR LESS
8 = SMOKE OR HAZE
[NO. OF DAYS WITH] [WEATHER - DAYS WITH] 9 = BLOWING SNOW
X = TORNADO
MAX 32 OR BELOW: 0 0.01 INCH OR MORE: 6
MAX 90 OR ABOVE: 2 0.10 INCH OR MORE: 1
MIN 32 OR BELOW: 1 0.50 INCH OR MORE: 0
MIN 0 OR BELOW: 0 1.00 INCH OR MORE: 0
[HDD (BASE 65) ]
TOTAL THIS MO. 170 CLEAR (SCALE 0-3) 15
DPTR FM NORMAL 28 PTCLDY (SCALE 4-7) 12
TOTAL FM JUL 1 2735 CLOUDY (SCALE 8-10) 3
DPTR FM NORMAL -210
[CDD (BASE 65) ]
TOTAL THIS MO. 63
DPTR FM NORMAL -7 [PRESSURE DATA]
TOTAL FM JAN 1 103 HIGHEST SLP M ON M
DPTR FM NORMAL 11 LOWEST SLP 29.43 ON 12
[REMARKS]
#FINAL-04-20#