000
CXUS52 KTBW 040944
CF6SRQ
PRELIMINARY LOCAL CLIMATOLOGICAL DATA (WS FORM: F-6)
STATION: SARASOTA BRADENTON
MONTH: JUNE
YEAR: 2021
LATITUDE: 27 23 N
LONGITUDE: 82 33 W
TEMPERATURE IN F: :PCPN: SNOW: WIND :SUNSHINE: SKY :PK WND
================================================================================
1 2 3 4 5 6A 6B 7 8 9 10 11 12 13 14 15 16 17 18
12Z AVG MX 2MIN
DY MAX MIN AVG DEP HDD CDD WTR SNW DPTH SPD SPD DIR MIN PSBL S-S WX SPD DR
================================================================================
1 95 70 83 3 0 18 0.00 0.0 0 10.8 21 110 M M 2 26 90
2 87 71 79 -1 0 14 0.08 0.0 0 7.4 15 120 M M 5 1 19 280
3 87 72 80 -1 0 15 0.00 0.0 0 6.9 16 130 M M 3 19 140
4 87 74 81 0 0 16 0.00 0.0 0 6.7 14 250 M M 3 3 16 250
5 87 73 80 -1 0 15 0.21 0.0 0 6.5 14 110 M M 2 1 17 110
6 92 75 84 3 0 19 0.36 0.0 0 11.0 21 120 M M 2 1 27 150
7 93 76 85 4 0 20 0.00 0.0 0 8.7 20 130 M M 2 22 120
8 93 74 84 3 0 19 0.04 0.0 0 8.8 15 120 M M 3 3 20 110
9 89 73 81 0 0 16 0.00 0.0 0 8.3 14 270 M M 1 19 270
10 89 74 82 1 0 17 0.00 0.0 0 7.6 14 290 M M 1 19 300
11 89 76 83 1 0 18 0.00 0.0 0 6.9 14 240 M M 1 17 260
12 90 77 84 2 0 19 0.00 0.0 0 7.8 15 280 M M 2 19 280
13 90 81 86 4 0 21 0.00 0.0 0 11.3 16 260 M M 3 22 240
14 88 79 84 2 0 19 0.07 0.0 0 11.4 24 220 M M 3 3 31 220
15 88 74 81 -1 0 16 0.46 0.0 0 11.0 25 230 M M 6 138 39 240
16 85 74 80 -2 0 15 0.03 0.0 0 9.6 20 160 M M 3 13 23 170
17 85 72 79 -3 0 14 0.04 0.0 0 6.2 23 230 M M 4 18 28 230
18 90 75 83 1 0 18 T 0.0 0 7.9 15 100 M M 1 19 110
19 92 77 85 3 0 20 0.00 0.0 0 11.3 21 190 M M 1 8 25 210
20 89 83 86 4 0 21 0.00 0.0 0 9.0 14 190 M M 1 18 200
21 92 79 86 4 0 21 T 0.0 0 8.0 17 210 M M 1 21 200
22 92 77 85 3 0 20 0.00 0.0 0 10.2 20 200 M M 4 25 220
23 91 73 82 0 0 17 0.08 0.0 0 6.3 22 40 M M 2 3 31 40
24 94 73 84 2 0 19 1.35 0.0 0 6.3 25 110 M M 3 13 32 110
25 91 74 83 0 0 18 0.12 0.0 0 7.4 25 120 M M 1 34 110
26 94 75 85 2 0 20 1.39 0.0 0 7.9 30 100 M M 2 138 39 110
27 94 76 85 2 0 20 0.36 0.0 0 8.1 25 70 M M 2 3 36 70
28 93 71 82 -1 0 17 2.34 0.0 0 8.7 36 140 M M 2 123 49 140
29 93 73 83 0 0 18 2.02 0.0 0 8.6 26 140 M M 2 138 36 130
30 90 74 82 -1 0 17 0.25 0.0 0 7.2 22 90 M M 2 13 24 100
================================================================================
SM 2709 2245 0 537 9.20 0.0 253.8 M 70
================================================================================
AV 90.3 74.8 8.5 FASTST M M 2 MAX(MPH)
MISC ----> 36 140 49 140
================================================================================
NOTES:
# LAST OF SEVERAL OCCURRENCES
COLUMN 17 PEAK WIND IN M.P.H.
PRELIMINARY LOCAL CLIMATOLOGICAL DATA (WS FORM: F-6) , PAGE 2
STATION: SARASOTA BRADENTON
MONTH: JUNE
YEAR: 2021
LATITUDE: 27 23 N
LONGITUDE: 82 33 W
[TEMPERATURE DATA] [PRECIPITATION DATA] SYMBOLS USED IN COLUMN 16
AVERAGE MONTHLY: 82.6 TOTAL FOR MONTH: 9.20 1 = FOG OR MIST
DPTR FM NORMAL: 0.8 DPTR FM NORMAL: 2.15 2 = FOG REDUCING VISIBILITY
HIGHEST: 95 ON 1 GRTST 24HR 2.67 ON 27-28 TO 1/4 MILE OR LESS
LOWEST: 70 ON 1 3 = THUNDER
SNOW, ICE PELLETS, HAIL 4 = ICE PELLETS
TOTAL MONTH: 0.0 INCH 5 = HAIL
GRTST 24HR 0.0 6 = FREEZING RAIN OR DRIZZLE
GRTST DEPTH: 0 7 = DUSTSTORM OR SANDSTORM:
VSBY 1/2 MILE OR LESS
8 = SMOKE OR HAZE
[NO. OF DAYS WITH] [WEATHER - DAYS WITH] 9 = BLOWING SNOW
X = TORNADO
MAX 32 OR BELOW: 0 0.01 INCH OR MORE: 16
MAX 90 OR ABOVE: 18 0.10 INCH OR MORE: 10
MIN 32 OR BELOW: 0 0.50 INCH OR MORE: 4
MIN 0 OR BELOW: 0 1.00 INCH OR MORE: 4
[HDD (BASE 65) ]
TOTAL THIS MO. 0 CLEAR (SCALE 0-3) 24
DPTR FM NORMAL 0 PTCLDY (SCALE 4-7) 6
TOTAL FM JUL 1 295 CLOUDY (SCALE 8-10) 0
DPTR FM NORMAL -99
[CDD (BASE 65) ]
TOTAL THIS MO. 537
DPTR FM NORMAL 33 [PRESSURE DATA]
TOTAL FM JAN 1 1537 HIGHEST SLP 30.16 ON 9
DPTR FM NORMAL 127 LOWEST SLP 29.83 ON 13
[REMARKS]
#FINAL-06-21#