000
CXUS54 KEWX 011010
CF6SSF
PRELIMINARY LOCAL CLIMATOLOGICAL DATA (WS FORM: F-6)
STATION: SAN ANTONIO STINSON FIELD
MONTH: APRIL
YEAR: 2023
LATITUDE: 29 19 N
LONGITUDE: 98 29 W
TEMPERATURE IN F: :PCPN: SNOW: WIND :SUNSHINE: SKY :PK WND
================================================================================
1 2 3 4 5 6A 6B 7 8 9 10 11 12 13 14 15 16 17 18
12Z AVG MX 2MIN
DY MAX MIN AVG DEP HDD CDD WTR SNW DPTH SPD SPD DIR MIN PSBL S-S WX SPD DR
================================================================================
1 89 41 65 -3 0 0 0.00 M M 7.8 17 50 M M 0 8 24 70
2 89 65 77 9 0 12 T M M 7.7 18 160 M M 6 24 150
3 93 69 81 13 0 16 T M M 8.1 21 140 M M 4 28 140
4 89 72 81 12 0 16 T M M 11.4 21 150 M M 5 1 31 140
5 77 64 71 2 0 6 0.02 M M 13.0 26 360 M M 9 138 40 340
6 66 49 58 -11 7 0 1.05 M M 11.0 21 40 M M 9 13 31 20
7 56 52 54 -15 11 0 0.33 M M 9.7 17 30 M M 10 38 27 30
8 76 55 66 -4 0 1 0.01 M M 5.8 13 80 M M 6 8 17 110
9 72 57 65 -5 0 0 0.00 M M 4.6 12 60 M M 10 16 60
10 74 59 67 -3 0 2 0.00 M M 4.5 12 80 M M 7 15 70
11 78 55 67 -3 0 2 0.00 M M 6.0 16 90 M M 2 23 90
12 81 52 67 -3 0 2 0.00 M M 3.8 13 120 M M 0 16 100
13 82 53 68 -3 0 3 0.00 M M 5.2 15 130 M M 0 22 160
14 84 61 73 2 0 8 0.00 M M 6.4 16 160 M M 6 1 25 150
15 95 64 80 9 0 15 0.06 M M 5.3 17 290 M M 5 3 24 360
16 79 56 68 -3 0 3 0.00 M M 8.6 20 50 M M 0 30 20
17 82 50 66 -5 0 1 0.00 M M 8.6 21 130 M M 0 29 90
18 84 65 75 3 0 10 0.05 M M 10.3 24 160 M M 10 1 35 160
19 82 70 76 4 0 11 T M M 11.6 20 140 M M 10 1 27 140
20 90 66 78 6 0 13 1.01 M M 9.1 28 300 M M 8 123 38 280
21 84 63 74 2 0 9 1.00 M M 6.8 17 310 M M 3 13 26 310
22 81 59 70 -2 0 5 T M M 9.2 22 110 M M 4 1 29 100
23 70 55 63 -10 2 0 0.78 M M 12.0 24 40 M M 9 13 34 40
24 71 56 64 -9 1 0 T M M 7.1 15 30 M M 9 22 30
25 81 63 72 -1 0 7 T M M 7.5 15 140 M M 9 21 140
26 87 70 79 6 0 14 0.00 M M 8.0 15 170 M M 6 21 160
27 85 64 75 2 0 10 0.27 M M 5.8 13 350 M M 3 13 21 10
28 87 61 74 0 0 9 0.04 M M 9.2 28 310 M M 5 13 47 300
29 80 54 67 -7 0 2 0.00 M M 10.4 23 330 M M 0 38 320
30 90 50 70 -4 0 5 0.00 M M 5.7 15 160 M M 0 20 170
================================================================================
SM 2434 1770 21 182 4.62 M 240.2 M 155
================================================================================
AV 81.1 59.0 8.0 FASTST M M 5 MAX(MPH)
MISC ----> # 28 300 47 300
================================================================================
NOTES:
# LAST OF SEVERAL OCCURRENCES
COLUMN 17 PEAK WIND IN M.P.H.
PRELIMINARY LOCAL CLIMATOLOGICAL DATA (WS FORM: F-6) , PAGE 2
STATION: SAN ANTONIO STINSON FIELD
MONTH: APRIL
YEAR: 2023
LATITUDE: 29 19 N
LONGITUDE: 98 29 W
[TEMPERATURE DATA] [PRECIPITATION DATA] SYMBOLS USED IN COLUMN 16
AVERAGE MONTHLY: 70.1 TOTAL FOR MONTH: 4.62 1 = FOG OR MIST
DPTR FM NORMAL: -1.0 DPTR FM NORMAL: 2.28 2 = FOG REDUCING VISIBILITY
HIGHEST: 95 ON 15 GRTST 24HR 2.01 ON 20-21 TO 1/4 MILE OR LESS
LOWEST: 41 ON 1 3 = THUNDER
SNOW, ICE PELLETS, HAIL 4 = ICE PELLETS
TOTAL MONTH: M 5 = HAIL
GRTST 24HR M ON M 6 = FREEZING RAIN OR DRIZZLE
GRTST DEPTH: M ON M 7 = DUSTSTORM OR SANDSTORM:
VSBY 1/2 MILE OR LESS
8 = SMOKE OR HAZE
[NO. OF DAYS WITH] [WEATHER - DAYS WITH] 9 = BLOWING SNOW
X = TORNADO
MAX 32 OR BELOW: 0 0.01 INCH OR MORE: 11
MAX 90 OR ABOVE: 4 0.10 INCH OR MORE: 6
MIN 32 OR BELOW: 0 0.50 INCH OR MORE: 4
MIN 0 OR BELOW: 0 1.00 INCH OR MORE: 3
[HDD (BASE 65) ]
TOTAL THIS MO. 21 CLEAR (SCALE 0-3) 9
DPTR FM NORMAL -3 PTCLDY (SCALE 4-7) 12
TOTAL FM JUL 1 1070 CLOUDY (SCALE 8-10) 9
DPTR FM NORMAL -165
[CDD (BASE 65) ]
TOTAL THIS MO. 182
DPTR FM NORMAL -25 [PRESSURE DATA]
TOTAL FM JAN 1 436 HIGHEST SLP 30.27 ON 16
DPTR FM NORMAL 88 LOWEST SLP 29.49 ON 4
[REMARKS]
#FINAL-04-23#