000
CXUS54 KEWX 051820
CF6SSF
PRELIMINARY LOCAL CLIMATOLOGICAL DATA (WS FORM: F-6)
STATION: SAN ANTONIO STINSON FIELD
MONTH: JULY
YEAR: 2022
LATITUDE: 29 19 N
LONGITUDE: 98 29 W
TEMPERATURE IN F: :PCPN: SNOW: WIND :SUNSHINE: SKY :PK WND
================================================================================
1 2 3 4 5 6A 6B 7 8 9 10 11 12 13 14 15 16 17 18
12Z AVG MX 2MIN
DY MAX MIN AVG DEP HDD CDD WTR SNW DPTH SPD SPD DIR MIN PSBL S-S WX SPD DR
================================================================================
1 102 76 89 4 0 24 0.00 M M 6.2 22 130 M M 2 30 130
2 101 77 89 4 0 24 0.00 M M 9.9 23 140 M M 2 31 140
3 100 78 89 4 0 24 0.00 M M 9.2 22 130 M M 2 28 140
4 103 76 90 5 0 25 0.00 M M 10.8 21 140 M M 4 31 130
5 102 78 90 5 0 25 0.00 M M 11.2 21 130 M M 4 28 160
6 102 76 89 4 0 24 0.00 M M 8.7 21 140 M M 2 27 160
7 103 78 91 6 0 26 0.00 0.0 M 8.2 21 140 M M 2 27 130
8 103 78 91 6 0 26 0.00 0.0 M 6.9 21 140 M M 2 28 130
9 105 75 90 5 0 25 0.00 M M 5.6 15 140 M M 0 22 110
10 107 76 92 7 0 27 0.00 M M 4.6 13 150 M M 0 20 160
11 109 78 94 9 0 29 0.00 M M 6.8 20 150 M M 1 27 170
12 106 80 93 8 0 28 T 0.0 M 6.6 17 150 M M 3 24 130
13 105 78 92 7 0 27 0.00 0.0 M 7.0 20 120 M M 0 27 130
14 103 76 90 4 0 25 0.00 M M 5.8 29 90 M M 1 38 43 100
15 97 74 86 0 0 21 0.00 M M 7.4 22 130 M M 1 29 130
16 102 76 89 3 0 24 0.00 M M 8.3 21 140 M M 4 31 130
17 104 72 88 2 0 23 0.00 M M 7.1 21 150 M M 0 30 140
18 103 73 88 2 0 23 0.00 M M 7.1 17 150 M M 0 25 150
19 105 75 90 4 0 25 0.00 M M 8.9 24 130 M M 0 32 140
20 105 77 91 5 0 26 0.00 M M 10.9 22 140 M M 2 28 150
21 103 80 92 6 0 27 0.00 M M 10.5 22 140 M M 6 31 130
22 104 78 91 5 0 26 0.00 M M 10.5 22 140 M M 4 31 140
23 103 77 90 4 0 25 0.00 M M 11.1 26 130 M M 3 36 140
24 103 78 91 5 0 26 0.00 M M 11.2 22 140 M M 3 29 130
25 103 75 89 3 0 24 0.00 M M 9.4 21 150 M M 1 29 150
26 102 75 89 2 0 24 0.00 M M 7.9 21 150 M M 1 28 170
27 101 77 89 2 0 24 0.00 M M 8.5 23 140 M M 2 30 150
28 101 76 89 2 0 24 0.00 M M 9.3 24 140 M M 2 32 140
29 104 78 91 4 0 26 0.00 M M 9.6 28 120 M M 3 8 39 120
30 103 76 90 3 0 25 0.00 M M 8.6 21 150 M M 0 29 160
31 102 76 89 2 0 24 0.00 M M 7.8 20 150 M M 3 27 150
================================================================================
SM 3196 2373 0 776 T 0.0 261.6 M 60
================================================================================
AV103.1 76.5 8.4 FASTST M M 2 MAX(MPH)
MISC ----> 29 90 43 100
================================================================================
NOTES:
# LAST OF SEVERAL OCCURRENCES
COLUMN 17 PEAK WIND IN M.P.H.
PRELIMINARY LOCAL CLIMATOLOGICAL DATA (WS FORM: F-6) , PAGE 2
STATION: SAN ANTONIO STINSON FIELD
MONTH: JULY
YEAR: 2022
LATITUDE: 29 19 N
LONGITUDE: 98 29 W
[TEMPERATURE DATA] [PRECIPITATION DATA] SYMBOLS USED IN COLUMN 16
AVERAGE MONTHLY: 89.8 TOTAL FOR MONTH: T 1 = FOG OR MIST
DPTR FM NORMAL: 4.0 DPTR FM NORMAL: -1.78 2 = FOG REDUCING VISIBILITY
HIGHEST: 109 ON 11 GRTST 24HR T ON 12-12 TO 1/4 MILE OR LESS
LOWEST: 72 ON 17 3 = THUNDER
SNOW, ICE PELLETS, HAIL 4 = ICE PELLETS
TOTAL MONTH: 0.0 INCH 5 = HAIL
GRTST 24HR 0.0 6 = FREEZING RAIN OR DRIZZLE
GRTST DEPTH: M ON M 7 = DUSTSTORM OR SANDSTORM:
VSBY 1/2 MILE OR LESS
8 = SMOKE OR HAZE
[NO. OF DAYS WITH] [WEATHER - DAYS WITH] 9 = BLOWING SNOW
X = TORNADO
MAX 32 OR BELOW: 0 0.01 INCH OR MORE: 0
MAX 90 OR ABOVE: 31 0.10 INCH OR MORE: 0
MIN 32 OR BELOW: 0 0.50 INCH OR MORE: 0
MIN 0 OR BELOW: 0 1.00 INCH OR MORE: 0
[HDD (BASE 65) ]
TOTAL THIS MO. 0 CLEAR (SCALE 0-3) 25
DPTR FM NORMAL 0 PTCLDY (SCALE 4-7) 6
TOTAL FM JUL 1 0 CLOUDY (SCALE 8-10) 0
DPTR FM NORMAL 0
[CDD (BASE 65) ]
TOTAL THIS MO. 776
DPTR FM NORMAL 133 [PRESSURE DATA]
TOTAL FM JAN 1 2705 HIGHEST SLP 30.07 ON 31
DPTR FM NORMAL 741 LOWEST SLP 29.66 ON 11
[REMARKS]
#FINAL-07-22#