000
CXUS52 KJAX 082015
CF6SSI
PRELIMINARY LOCAL CLIMATOLOGICAL DATA (WS FORM: F-6)
STATION: ST SIMONS ISLAND
MONTH: APRIL
YEAR: 2021
LATITUDE: 31 9 N
LONGITUDE: 81 23 W
TEMPERATURE IN F: :PCPN: SNOW: WIND :SUNSHINE: SKY :PK WND
================================================================================
1 2 3 4 5 6A 6B 7 8 9 10 11 12 13 14 15 16 17 18
12Z AVG MX 2MIN
DY MAX MIN AVG DEP HDD CDD WTR SNW DPTH SPD SPD DIR MIN PSBL S-S WX SPD DR
================================================================================
1 68 52 60 -5 5 0 T 0.0 0 11.5 20 320 M M 2 33 290
2 57 42 50 -15 15 0 0.00 0.0 0 10.2 21 50 M M 0 31 20
3 62 41 52 -13 13 0 0.00 0.0 0 7.8 16 80 M M 0 23 80
4 70 45 58 -7 7 0 0.00 0.0 0 4.7 15 130 M M 0 19 140
5 77 53 65 -1 0 0 0.00 0.0 0 7.3 16 150 M M 0 21 140
6 81 56 69 3 0 4 0.00 0.0 0 8.4 14 160 M M 0 20 160
7 83 58 71 5 0 6 0.00 0.0 0 7.3 14 140 M M 0 20 140
8 81 58 70 4 0 5 0.00 0.0 0 6.8 14 160 M M 1 22 160
9 80 63 72 6 0 7 0.00 0.0 0 5.4 15 100 M M 2 23 100
10 76 66 71 4 0 6 0.14 0.0 0 9.5 22 190 M M 2 13 33 200
11 73 61 67 0 0 2 0.05 0.0 0 10.2 26 220 M M 2 13 46 200
12 86 62 74 7 0 9 0.00 0.0 0 7.8 15 260 M M 1 24 250
13 76 64 70 3 0 5 0.00 0.0 0 8.1 18 60 M M 0 25 60
14 78 63 71 3 0 6 0.02 0.0 0 8.5 16 210 M M 0 28 170
15 78 68 73 5 0 8 T 0.0 0 8.5 18 240 M M 7 28 270
16 72 60 66 -2 0 1 0.03 0.0 0 6.4 16 60 M M 2 22 40
17 74 60 67 -1 0 2 0.40 0.0 0 5.5 14 220 M M 6 13 21 220
18 76 64 70 1 0 5 0.30 0.0 0 7.7 14 210 M M 8 1 18 210
19 80 60 70 1 0 5 T 0.0 0 7.4 16 260 M M 3 24 300
20 78 57 68 -1 0 3 T 0.0 0 4.0 12 100 M M 2 17 100
21 85 61 73 4 0 8 0.00 0.0 0 9.5 20 270 M M 0 29 330
22 61 48 55 -15 10 0 0.00 0.0 0 8.9 20 30 M M 0 30 330
23 72 48 60 -10 5 0 0.00 0.0 0 7.7 15 100 M M 0 24 110
24 76 63 70 0 0 5 1.94 0.0 0 9.8 26 310 M M 6 13 44 310
25 78 63 71 1 0 6 0.32 0.0 0 6.9 16 240 M M 3 13 26 270
26 76 59 68 -3 0 3 0.00 0.0 0 8.5 18 50 M M 0 24 60
27 78 63 71 0 0 6 0.00 0.0 0 6.8 14 140 M M 0 21 150
28 81 64 73 2 0 8 0.00 0.0 0 7.2 16 130 M M 0 20 150
29 83 69 76 5 0 11 0.00 0.0 0 7.8 15 220 M M 1 21 170
30 89 70 80 8 0 15 0.00 0.0 0 9.4 17 280 M M 0 28 280
================================================================================
SM 2285 1761 55 136 3.20 0.0 235.5 M 48
================================================================================
AV 76.2 58.7 7.8 FASTST M M 2 MAX(MPH)
MISC ----> # 26 220 46 200
================================================================================
NOTES:
# LAST OF SEVERAL OCCURRENCES
COLUMN 17 PEAK WIND IN M.P.H.
PRELIMINARY LOCAL CLIMATOLOGICAL DATA (WS FORM: F-6) , PAGE 2
STATION: ST SIMONS ISLAND
MONTH: APRIL
YEAR: 2021
LATITUDE: 31 9 N
LONGITUDE: 81 23 W
[TEMPERATURE DATA] [PRECIPITATION DATA] SYMBOLS USED IN COLUMN 16
AVERAGE MONTHLY: 67.4 TOTAL FOR MONTH: 3.20 1 = FOG OR MIST
DPTR FM NORMAL: -0.6 DPTR FM NORMAL: 0.38 2 = FOG REDUCING VISIBILITY
HIGHEST: 89 ON 30 GRTST 24HR 1.94 ON 24-24 TO 1/4 MILE OR LESS
LOWEST: 41 ON 3 3 = THUNDER
SNOW, ICE PELLETS, HAIL 4 = ICE PELLETS
TOTAL MONTH: 0.0 INCH 5 = HAIL
GRTST 24HR 0.0 6 = FREEZING RAIN OR DRIZZLE
GRTST DEPTH: 0 7 = DUSTSTORM OR SANDSTORM:
VSBY 1/2 MILE OR LESS
8 = SMOKE OR HAZE
[NO. OF DAYS WITH] [WEATHER - DAYS WITH] 9 = BLOWING SNOW
X = TORNADO
MAX 32 OR BELOW: 0 0.01 INCH OR MORE: 8
MAX 90 OR ABOVE: 0 0.10 INCH OR MORE: 5
MIN 32 OR BELOW: 0 0.50 INCH OR MORE: 1
MIN 0 OR BELOW: 0 1.00 INCH OR MORE: 1
[HDD (BASE 65) ]
TOTAL THIS MO. 55 CLEAR (SCALE 0-3) 26
DPTR FM NORMAL 13 PTCLDY (SCALE 4-7) 3
TOTAL FM JUL 1 1182 CLOUDY (SCALE 8-10) 1
DPTR FM NORMAL -125
[CDD (BASE 65) ]
TOTAL THIS MO. 136
DPTR FM NORMAL 4 [PRESSURE DATA]
TOTAL FM JAN 1 232 HIGHEST SLP 30.50 ON 3
DPTR FM NORMAL 34 LOWEST SLP 29.68 ON 11
[REMARKS]
#FINAL-04-21#