000
CXUS52 KJAX 011828
CF6SSI
PRELIMINARY LOCAL CLIMATOLOGICAL DATA (WS FORM: F-6)
STATION: ST SIMONS ISLAND
MONTH: JUNE
YEAR: 2020
LATITUDE: 31 9 N
LONGITUDE: 81 23 W
TEMPERATURE IN F: :PCPN: SNOW: WIND :SUNSHINE: SKY :PK WND
================================================================================
1 2 3 4 5 6A 6B 7 8 9 10 11 12 13 14 15 16 17 18
12Z AVG MX 2MIN
DY MAX MIN AVG DEP HDD CDD WTR SNW DPTH SPD SPD DIR MIN PSBL S-S WX SPD DR
================================================================================
1 85 77 81 3 0 16 0.00 0.0 0 14.8 22 70 M M 4 29 60
2 84 75 80 2 0 15 0.00 0.0 0 9.5 16 140 M M 1 20 150
3 83 68 76 -3 0 11 0.00 0.0 0 5.5 12 130 M M 0 15 130
4 80 71 76 -3 0 11 1.54 0.0 0 9.2 25 130 M M 6 13 33 140
5 85 75 80 1 0 15 0.00 0.0 0 8.1 13 210 M M 3 18 200
6 82 75 79 0 0 14 0.10 0.0 0 4.6 10 160 M M 7 13 160
7 79 73 76 -3 0 11 2.71 0.0 0 5.6 14 160 M M 6 1 21 160
8 86 75 81 2 0 16 T 0.0 0 4.8 14 180 M M 3 8 21 180
9 90 75 83 3 0 18 1.81 0.0 0 3.7 23 280 M M 3 13 32 270
10 87 75 81 1 0 16 0.00 0.0 0 5.6 14 150 M M 3 1 20 150
11 88 75 82 2 0 17 T 0.0 0 8.5 17 140 M M 2 3 22 140
12 87 75 81 1 0 16 0.01 0.0 0 8.3 21 40 M M 5 3 27 40
13 85 74 80 0 0 15 T 0.0 0 10.1 20 60 M M 6 3 27 60
14 84 71 78 -2 0 13 0.00 0.0 0 9.9 18 70 M M 3 24 70
15 84 68 76 -4 0 11 0.00 0.0 0 10.3 18 20 M M 5 27 340
16 77 66 72 -8 0 7 0.00 0.0 0 8.6 15 350 M M 7 20 340
17 80 63 72 -9 0 7 0.00 0.0 0 5.9 14 110 M M 4 15 110
18 85 72 79 -2 0 14 T 0.0 0 8.1 16 120 M M 3 3 20 120
19 87 72 80 -1 0 15 0.22 0.0 0 7.7 16 130 M M 3 13 22 140
20 86 71 79 -2 0 14 0.12 0.0 0 5.0 17 260 M M 2 13 23 240
21 92 75 84 3 0 19 0.00 0.0 0 6.3 17 30 M M 0 13 22 30
22 90 74 82 1 0 17 0.00 0.0 0 8.5 16 150 M M 0 20 140
23 89 75 82 1 0 17 0.50 0.0 0 7.9 25 220 M M 1 13 30 220
24 93 74 84 3 0 19 0.14 0.0 0 9.4 23 260 M M 1 13 32 270
25 90 74 82 0 0 17 0.00 0.0 0 6.6 13 280 M M 0 8 19 300
26 91 76 84 2 0 19 0.00 0.0 0 5.2 12 340 M M 0 16 350
27 92 78 85 3 0 20 0.00 0.0 0 5.0 16 210 M M 0 8 27 180
28 95 76 86 4 0 21 0.00 0.0 0 7.2 15 240 M M 0 20 270
29 96 78 87 5 0 22 0.00 0.0 0 8.9 16 280 M M 1 22 260
30 97 76 87 5 0 22 T 0.0 0 8.9 20 230 M M 1 25 230
================================================================================
SM 2609 2202 0 465 7.15 0.0 227.7 M 80
================================================================================
AV 87.0 73.4 7.6 FASTST M M 3 MAX(MPH)
MISC ----> # 25 130 33 140
================================================================================
NOTES:
# LAST OF SEVERAL OCCURRENCES
COLUMN 17 PEAK WIND IN M.P.H.
PRELIMINARY LOCAL CLIMATOLOGICAL DATA (WS FORM: F-6) , PAGE 2
STATION: ST SIMONS ISLAND
MONTH: JUNE
YEAR: 2020
LATITUDE: 31 9 N
LONGITUDE: 81 23 W
[TEMPERATURE DATA] [PRECIPITATION DATA] SYMBOLS USED IN COLUMN 16
AVERAGE MONTHLY: 80.2 TOTAL FOR MONTH: 7.15 1 = FOG OR MIST
DPTR FM NORMAL: -0.1 DPTR FM NORMAL: 2.31 2 = FOG REDUCING VISIBILITY
HIGHEST: 97 ON 30 GRTST 24HR 2.81 ON 6- 7 TO 1/4 MILE OR LESS
LOWEST: 63 ON 17 3 = THUNDER
SNOW, ICE PELLETS, HAIL 4 = ICE PELLETS
TOTAL MONTH: 0.0 INCH 5 = HAIL
GRTST 24HR 0.0 6 = FREEZING RAIN OR DRIZZLE
GRTST DEPTH: 0 7 = DUSTSTORM OR SANDSTORM:
VSBY 1/2 MILE OR LESS
8 = SMOKE OR HAZE
[NO. OF DAYS WITH] [WEATHER - DAYS WITH] 9 = BLOWING SNOW
X = TORNADO
MAX 32 OR BELOW: 0 0.01 INCH OR MORE: 9
MAX 90 OR ABOVE: 10 0.10 INCH OR MORE: 8
MIN 32 OR BELOW: 0 0.50 INCH OR MORE: 4
MIN 0 OR BELOW: 0 1.00 INCH OR MORE: 3
[HDD (BASE 65) ]
TOTAL THIS MO. 0 CLEAR (SCALE 0-3) 18
DPTR FM NORMAL 0 PTCLDY (SCALE 4-7) 12
TOTAL FM JUL 1 938 CLOUDY (SCALE 8-10) 0
DPTR FM NORMAL -550
[CDD (BASE 65) ]
TOTAL THIS MO. 465
DPTR FM NORMAL 6 [PRESSURE DATA]
TOTAL FM JAN 1 1183 HIGHEST SLP 30.24 ON 2
DPTR FM NORMAL 282 LOWEST SLP 29.88 ON 30
[REMARKS]
#FINAL-06-20#