000
CXUS53 KEAX 010736
CF6STJ
PRELIMINARY LOCAL CLIMATOLOGICAL DATA (WS FORM: F-6)
STATION: ST. JOSEPH MO
MONTH: MAY
YEAR: 2021
LATITUDE: 39 46 N
LONGITUDE: 94 55 W
TEMPERATURE IN F: :PCPN: SNOW: WIND :SUNSHINE: SKY :PK WND
================================================================================
1 2 3 4 5 6A 6B 7 8 9 10 11 12 13 14 15 16 17 18
12Z AVG MX 2MIN
DY MAX MIN AVG DEP HDD CDD WTR SNW DPTH SPD SPD DIR MIN PSBL S-S WX SPD DR
================================================================================
1 84 58 71 12 0 6 0.00 M M 16.3 31 230 M M 0 42 220
2 80 60 70 11 0 5 0.00 M M 13.6 23 190 M M 4 30 180
3 67 56 62 2 3 0 0.55 M M 11.8 22 340 M M 7 1 31 330
4 65 38 52 -8 13 0 0.02 M M 12.7 22 350 M M 3 8 31 10
5 71 33 52 -8 13 0 T M M 4.6 18 220 M M 2 25 220
6 66 44 55 -6 10 0 0.00 M M 9.0 23 340 M M 2 32 350
7 72 39 56 -5 9 0 T M M 5.2 15 260 M M 6 21 260
8 72 48 60 -2 5 0 0.82 M M 15.3 33 270 M M 8 13 48 260
9 55 44 50 -12 15 0 0.18 M M 10.2 26 30 M M 7 13 37 30
10 65 37 51 -11 14 0 0.00 M M 2.9 14 320 M M 3 12 17 310
11 62 47 55 -8 10 0 0.00 M M 6.7 16 70 M M 4 22 70
12 65 39 52 -11 13 0 0.00 M M 6.4 14 100 M M 1 24 120
13 69 34 52 -12 13 0 0.00 M M 6.1 15 130 M M 0 22 140
14 76 53 65 1 0 0 0.07 M M 11.1 21 180 M M 6 30 190
15 71 56 64 0 1 0 0.07 M M 7.8 15 190 M M 8 1 19 180
16 65 56 61 -4 4 0 0.68 M M 6.7 15 130 M M 8 13 20 130
17 71 61 66 1 0 1 T M M 8.3 17 60 M M 10 1 23 60
18 78 62 70 4 0 5 0.09 M M 4.3 9 90 M M 7 1 14 90
19 77 66 72 6 0 7 0.51 M M 9.2 21 180 M M 8 1 27 160
20 74 64 69 3 0 4 0.97 M M 7.7 22 260 M M 9 1 26 260
21 79 69 74 7 0 9 T M M 13.0 22 160 M M 9 1 30 160
22 77 64 71 4 0 6 0.02 M M 10.1 23 190 M M 9 18 30 210
23 83 63 73 5 0 8 0.00 M M 7.7 18 200 M M 4 1 24 190
24 81 67 74 6 0 9 T M M 9.4 22 200 M M 3 1 30 190
25 83 68 76 8 0 11 0.00 M M 10.5 22 200 M M 5 28 210
26 88 64 76 7 0 11 0.00 M M 5.8 15 120 M M 2 1 21 110
27 77 60 69 0 0 4 0.76 M M 9.7 28 230 M M 7 13 37 220
28 60 50 55 -14 10 0 0.00 M M 13.7 22 350 M M 10 28 340
29 68 48 58 -12 7 0 0.00 M M 7.9 14 70 M M 4 19 70
30 67 47 57 -13 8 0 T M M 5.1 12 150 M M 4 16 140
31 64 54 59 -11 6 0 0.33 M M 3.0 8 130 M M 9 12 11 130
================================================================================
SM 2232 1649 154 86 5.07 M 271.8 M 169
================================================================================
AV 72.0 53.2 8.8 FASTST M M 5 MAX(MPH)
MISC ----> 33 270 48 260
================================================================================
NOTES:
# LAST OF SEVERAL OCCURRENCES
COLUMN 17 PEAK WIND IN M.P.H.
PRELIMINARY LOCAL CLIMATOLOGICAL DATA (WS FORM: F-6) , PAGE 2
STATION: ST. JOSEPH MO
MONTH: MAY
YEAR: 2021
LATITUDE: 39 46 N
LONGITUDE: 94 55 W
[TEMPERATURE DATA] [PRECIPITATION DATA] SYMBOLS USED IN COLUMN 16
AVERAGE MONTHLY: 62.6 TOTAL FOR MONTH: 5.07 1 = FOG OR MIST
DPTR FM NORMAL: -2.2 DPTR FM NORMAL: 0.20 2 = FOG REDUCING VISIBILITY
HIGHEST: 88 ON 26 GRTST 24HR 1.30 ON 19-20 TO 1/4 MILE OR LESS
LOWEST: 33 ON 5 3 = THUNDER
SNOW, ICE PELLETS, HAIL 4 = ICE PELLETS
TOTAL MONTH: M 5 = HAIL
GRTST 24HR M ON M 6 = FREEZING RAIN OR DRIZZLE
GRTST DEPTH: M ON M 7 = DUSTSTORM OR SANDSTORM:
VSBY 1/2 MILE OR LESS
8 = SMOKE OR HAZE
[NO. OF DAYS WITH] [WEATHER - DAYS WITH] 9 = BLOWING SNOW
X = TORNADO
MAX 32 OR BELOW: 0 0.01 INCH OR MORE: 13
MAX 90 OR ABOVE: 0 0.10 INCH OR MORE: 8
MIN 32 OR BELOW: 0 0.50 INCH OR MORE: 6
MIN 0 OR BELOW: 0 1.00 INCH OR MORE: 0
[HDD (BASE 65) ]
TOTAL THIS MO. 154 CLEAR (SCALE 0-3) 6
DPTR FM NORMAL 41 PTCLDY (SCALE 4-7) 18
TOTAL FM JUL 1 5416 CLOUDY (SCALE 8-10) 7
DPTR FM NORMAL 38
[CDD (BASE 65) ]
TOTAL THIS MO. 86
DPTR FM NORMAL -19 [PRESSURE DATA]
TOTAL FM JAN 1 107 HIGHEST SLP M ON M
DPTR FM NORMAL -19 LOWEST SLP 29.46 ON 3
[REMARKS]
#FINAL-05-21#