000
CXUS53 KLSX 011500
CF6STL
PRELIMINARY LOCAL CLIMATOLOGICAL DATA (WS FORM: F-6)
STATION: ST. LOUIS
MONTH: DECEMBER
YEAR: 2022
LATITUDE: 38 45 N
LONGITUDE: 90 23 W
TEMPERATURE IN F: :PCPN: SNOW: WIND :SUNSHINE: SKY :PK WND
================================================================================
1 2 3 4 5 6A 6B 7 8 9 10 11 12 13 14 15 16 17 18
12Z AVG MX 2MIN
DY MAX MIN AVG DEP HDD CDD WTR SNW DPTH SPD SPD DIR MIN PSBL S-S WX SPD DR
================================================================================
1 44 23 34 -7 31 0 0.00 0.0 0 9.4 21 150 M M 6 28 150
2 58 42 50 10 15 0 0.00 0.0 0 13.9 25 180 M M 9 37 180
3 59 29 44 4 21 0 T 0.0 0 9.7 29 300 M M 5 43 290
4 43 28 36 -4 29 0 0.00 0.0 0 5.7 10 200 M M 9 16 200
5 50 35 43 4 22 0 0.00 0.0 0 6.5 14 130 M M 9 1 17 140
6 47 37 42 3 23 0 0.03 0.0 0 5.0 9 100 M M 10 12 12 60
7 53 45 49 10 16 0 0.00 0.0 0 3.2 12 90 M M 10 18 15 90
8 47 43 45 7 20 0 0.16 0.0 0 7.6 15 90 M M 10 18 20 90
9 55 37 46 8 19 0 0.06 0.0 0 9.3 22 320 M M 8 1 27 320
10 45 34 40 2 25 0 T 0.0 0 2.7 7 270 M M 9 1 14 210
11 41 37 39 1 26 0 0.00 0.0 0 5.7 10 100 M M 10 8 17 60
12 43 35 39 2 26 0 0.00 0.0 0 8.5 15 120 M M 9 20 110
13 54 36 45 8 20 0 0.77 0.0 0 15.6 26 120 M M 9 13 33 130
14 58 37 48 11 17 0 0.44 0.0 0 9.0 25 270 M M 9 13 37 290
15 39 35 37 0 28 0 0.00 0.0 0 13.7 23 240 M M 10 30 250
16 37 30 34 -2 31 0 T T 0 16.7 29 250 M M 8 36 230
17 34 24 29 -7 36 0 0.00 0.0 0 15.4 23 280 M M 8 32 310
18 34 19 27 -9 38 0 0.00 0.0 0 6.3 17 290 M M 3 24 290
19 41 23 32 -4 33 0 0.00 0.0 0 6.8 13 150 M M 9 16 120
20 45 25 35 0 30 0 0.00 0.0 0 6.1 16 10 M M 6 21 360
21 38 24 31 -4 34 0 0.00 0.0 0 5.8 13 110 M M 9 18 15 110
22 38 -6 16 -19 49 0 0.14 1.8 0 14.3 31 290 M M 10 19 46 290
23 8 -6 1 -34 64 0 T T 2 23.5 32 280 M M 6 89 44 290
24 22 8 15 -19 50 0 0.00 0.0 1 19.5 30 280 M M 1 39 280
25 26 8 17 -17 48 0 0.04 0.3 1 11.5 23 280 M M 4 1 31 270
26 34 19 27 -7 38 0 0.01 T 1 9.4 18 310 M M 10 1 26 320
27 34 12 23 -11 42 0 T T 1 8.6 15 170 M M 6 22 170
28 56 30 43 9 22 0 0.00 0.0 1 15.4 24 170 M M 7 36 190
29 66 49 58 24 7 0 0.00 0.0 0 14.8 25 180 M M 8 36 190
30 62 36 49 16 16 0 0.31 0.0 0 5.8 22 270 M M 10 13 29 270
31 50 34 42 9 23 0 0.00 0.0 0 6.7 15 150 M M 8 1 21 130
================================================================================
SM 1361 862 899 0 1.96 2.1 312.1 M 245
================================================================================
AV 43.9 27.8 10.1 FASTST M M 8 MAX(MPH)
MISC ----> 32 280 46 290
================================================================================
NOTES:
# LAST OF SEVERAL OCCURRENCES
COLUMN 17 PEAK WIND IN M.P.H.
PRELIMINARY LOCAL CLIMATOLOGICAL DATA (WS FORM: F-6) , PAGE 2
STATION: ST. LOUIS
MONTH: DECEMBER
YEAR: 2022
LATITUDE: 38 45 N
LONGITUDE: 90 23 W
[TEMPERATURE DATA] [PRECIPITATION DATA] SYMBOLS USED IN COLUMN 16
AVERAGE MONTHLY: 35.9 TOTAL FOR MONTH: 1.96 1 = FOG OR MIST
DPTR FM NORMAL: -0.6 DPTR FM NORMAL: -0.54 2 = FOG REDUCING VISIBILITY
HIGHEST: 66 ON 29 GRTST 24HR 0.83 ON 13-14 TO 1/4 MILE OR LESS
LOWEST: -6 ON 23,22 3 = THUNDER
SNOW, ICE PELLETS, HAIL 4 = ICE PELLETS
TOTAL MONTH: 2.1 INCHES 5 = HAIL
GRTST 24HR 1.8 ON 22-22 6 = FREEZING RAIN OR DRIZZLE
GRTST DEPTH: 2 ON 23 7 = DUSTSTORM OR SANDSTORM:
VSBY 1/2 MILE OR LESS
8 = SMOKE OR HAZE
[NO. OF DAYS WITH] [WEATHER - DAYS WITH] 9 = BLOWING SNOW
X = TORNADO
MAX 32 OR BELOW: 3 0.01 INCH OR MORE: 9
MAX 90 OR ABOVE: 0 0.10 INCH OR MORE: 5
MIN 32 OR BELOW: 16 0.50 INCH OR MORE: 1
MIN 0 OR BELOW: 2 1.00 INCH OR MORE: 0
[HDD (BASE 65) ]
TOTAL THIS MO. 899 CLEAR (SCALE 0-3) 2
DPTR FM NORMAL 15 PTCLDY (SCALE 4-7) 11
TOTAL FM JUL 1 1692 CLOUDY (SCALE 8-10) 18
DPTR FM NORMAL -13
[CDD (BASE 65) ]
TOTAL THIS MO. 0
DPTR FM NORMAL 0 [PRESSURE DATA]
TOTAL FM JAN 1 1977 HIGHEST SLP 30.56 ON 3
DPTR FM NORMAL 264 LOWEST SLP 29.59 ON 14
[REMARKS]
#FINAL-12-22#