000
CXUS55 KSTO 080003
CF6STO
PRELIMINARY LOCAL CLIMATOLOGICAL DATA (WS FORM: F-6)
STATION: SACRAMENTO CITY
MONTH: JUNE
YEAR: 2021
LATITUDE: 38 36 N
LONGITUDE: 121 23 W
TEMPERATURE IN F: :PCPN: SNOW: WIND :SUNSHINE: SKY :PK WND
================================================================================
1 2 3 4 5 6A 6B 7 8 9 10 11 12 13 14 15 16 17 18
12Z AVG MX 2MIN
DY MAX MIN AVG DEP HDD CDD WTR SNW DPTH SPD SPD DIR MIN PSBL S-S WX SPD DR
================================================================================
1 99 67 83 12 0 18 0.00 0.0 M M M M M M M M M
2 96 59 78 7 0 13 0.00 0.0 M M M M M M M M M
3 99 57 78 7 0 13 0.00 0.0 M M M M M M M M M
4 95 63 79 7 0 14 0.00 M M M M M M M M M M
5 93 58 76 4 0 11 0.00 0.0 M M M M M M M M M
6 91 59 75 3 0 10 0.00 0.0 M M M M M M M M M
7 81 57 69 -3 0 4 0.00 0.0 M M M M M M M M M
8 77 53 65 -7 0 0 0.00 0.0 M M M M M M M M M
9 76 52 64 -8 1 0 0.00 M M M M M M M M M M
10 79 51 65 -8 0 0 0.00 M M M M M M M M M M
11 85 53 69 -4 0 4 0.00 0.0 M M M M M M M M M
12 93 60 77 4 0 12 0.00 0.0 M M M M M M M M M
13 91 63 77 4 0 12 0.00 0.0 M M M M M M M M M
14 87 63 75 1 0 10 0.00 0.0 M M M M M M M M M
15 90 57 74 0 0 9 0.00 0.0 M M M M M M M M M
16 99 62 81 7 0 16 0.00 M M M M M M M M M M
17 110 64 87 13 0 22 0.00 M M M M M M M M M M
18 110 73 92 18 0 27 0.00 0.0 M M M M M M M M M
19 105 72 89 14 0 24 0.00 0.0 M M M M M M M M M
20 102 66 84 9 0 19 0.00 0.0 M M M M M M M M M
21 91 61 76 1 0 11 0.00 0.0 M M M M M M M M M
22 86 60 73 -2 0 8 0.00 M M M M M M M M M M
23 89 60 75 0 0 10 0.00 M M M M M M M M M M
24 90 58 74 -2 0 9 0.00 M M M M M M M M M M
25 94 58 76 0 0 11 0.00 0.0 M M M M M M M M M
26 101 59 80 4 0 15 0.00 0.0 M M M M M M M M M
27 94 61 78 2 0 13 0.00 0.0 M M M M M M M M M
28 97 60 79 3 0 14 0.00 0.0 M M M M M M M M M
29 98 62 80 4 0 15 0.00 M M M M M M M M M M
30 93 63 78 1 0 13 0.00 M M M M M M M M M M
================================================================================
SM 2791 1811 1 357 0.00 0.0 M M M
================================================================================
AV 93.0 60.4 M FASTST M M M MAX(MPH)
MISC ----> M M M M
================================================================================
NOTES:
# LAST OF SEVERAL OCCURRENCES
COLUMN 17 PEAK WIND IN M.P.H.
PRELIMINARY LOCAL CLIMATOLOGICAL DATA (WS FORM: F-6) , PAGE 2
STATION: SACRAMENTO CITY
MONTH: JUNE
YEAR: 2021
LATITUDE: 38 36 N
LONGITUDE: 121 23 W
[TEMPERATURE DATA] [PRECIPITATION DATA] SYMBOLS USED IN COLUMN 16
AVERAGE MONTHLY: 76.7 TOTAL FOR MONTH: 0.00 1 = FOG OR MIST
DPTR FM NORMAL: 2.8 DPTR FM NORMAL: -0.21 2 = FOG REDUCING VISIBILITY
HIGHEST: 110 ON 18,17 GRTST 24HR 0.00 ON 2- 2 TO 1/4 MILE OR LESS
LOWEST: 51 ON 10 3 = THUNDER
SNOW, ICE PELLETS, HAIL 4 = ICE PELLETS
TOTAL MONTH: 0.0 INCH 5 = HAIL
GRTST 24HR 0.0 6 = FREEZING RAIN OR DRIZZLE
GRTST DEPTH: M ON M 7 = DUSTSTORM OR SANDSTORM:
VSBY 1/2 MILE OR LESS
8 = SMOKE OR HAZE
[NO. OF DAYS WITH] [WEATHER - DAYS WITH] 9 = BLOWING SNOW
X = TORNADO
MAX 32 OR BELOW: 0 0.01 INCH OR MORE: 0
MAX 90 OR ABOVE: 22 0.10 INCH OR MORE: 0
MIN 32 OR BELOW: 0 0.50 INCH OR MORE: 0
MIN 0 OR BELOW: 0 1.00 INCH OR MORE: 0
[HDD (BASE 65) ]
TOTAL THIS MO. 1 CLEAR (SCALE 0-3) 0
DPTR FM NORMAL -4 PTCLDY (SCALE 4-7) 0
TOTAL FM JUL 1 1922 CLOUDY (SCALE 8-10) 30
DPTR FM NORMAL -211
[CDD (BASE 65) ]
TOTAL THIS MO. 357
DPTR FM NORMAL 86 [PRESSURE DATA]
TOTAL FM JAN 1 624 HIGHEST SLP M ON M
DPTR FM NORMAL 190 LOWEST SLP M ON M
[REMARKS]
#FINAL-06-21#