000
CXUS55 KSTO 060122
CF6STO
PRELIMINARY LOCAL CLIMATOLOGICAL DATA (WS FORM: F-6)
STATION: SACRAMENTO CITY
MONTH: MAY
YEAR: 2020
LATITUDE: 38 36 N
LONGITUDE: 121 23 W
TEMPERATURE IN F: :PCPN: SNOW: WIND :SUNSHINE: SKY :PK WND
================================================================================
1 2 3 4 5 6A 6B 7 8 9 10 11 12 13 14 15 16 17 18
12Z AVG MX 2MIN
DY MAX MIN AVG DEP HDD CDD WTR SNW DPTH SPD SPD DIR MIN PSBL S-S WX SPD DR
================================================================================
1 85 51 68 4 0 3 0.00 0.0 M M M M M M M M M
2 78 55 67 3 0 2 0.00 0.0 M M M M M M M M M
3 81 53 67 2 0 2 0.00 0.0 0 M M M M M M M M
4 86 50 68 3 0 3 0.00 0.0 0 M M M M M M M M
5 87 52 70 5 0 5 0.00 M 0 M M M M M M M M
6 86 53 70 5 0 5 0.00 0.0 M M M M M M M M M
7 94 56 75 9 0 10 0.00 0.0 M M M M M M M M M
8 96 58 77 11 0 12 0.00 0.0 M M M M M M M M M
9 94 61 78 12 0 13 0.00 0.0 M M M M M M M M M
10 80 54 67 1 0 2 0.00 0.0 0 M M M M M M M M
11 80 54 67 1 0 2 0.04 0.0 0 M M M M M M M M
12 73 55 64 -3 1 0 0.03 0.0 0 M M M M M M M M
13 71 49 60 -7 5 0 0.02 0.0 M M M M M M M M M
14 74 54 64 -3 1 0 0.00 0.0 M M M M M M M M M
15 82 53 68 1 0 3 0.00 0.0 M M M M M M M M M
16 82 56 69 1 0 4 0.00 0.0 M M M M M M M M M
17 77 60 69 1 0 4 0.14 0.0 M M M M M M M M M
18 73 55 64 -4 1 0 0.09 M M M M M M M M M M
19 76 51 64 -4 1 0 0.00 0.0 0 M M M M M M M M
20 79 52 66 -2 0 1 0.00 0.0 M M M M M M M M M
21 87 55 71 3 0 6 0.00 0.0 M M M M M M M M M
22 80 54 67 -2 0 2 0.00 0.0 0 M M M M M M M M
23 87 57 72 3 0 7 0.00 M M M M M M M M M M
24 93 56 75 6 0 10 0.00 0.0 M M M M M M M M M
25 100 63 82 13 0 17 0.00 0.0 M M M M M M M M M
26 104 68 86 17 0 21 0.00 0.0 M M M M M M M M M
27 104 72 88 18 0 23 0.00 0.0 M M M M M M M M M
28 103 66 85 15 0 20 0.00 0.0 M M M M M M M M M
29 87 61 74 4 0 9 0.00 0.0 0 M M M M M M M M
30 87 61 74 4 0 9 0.00 0.0 0 M M M M M M M M
31 81 58 70 0 0 5 0.00 0.0 M M M M M M M M M
================================================================================
SM 2647 1753 9 200 0.32 0.0 M M M
================================================================================
AV 85.4 56.6 M FASTST M M 2 MAX(MPH)
MISC ----> M M M M
================================================================================
NOTES:
# LAST OF SEVERAL OCCURRENCES
COLUMN 17 PEAK WIND IN M.P.H.
PRELIMINARY LOCAL CLIMATOLOGICAL DATA (WS FORM: F-6) , PAGE 2
STATION: SACRAMENTO CITY
MONTH: MAY
YEAR: 2020
LATITUDE: 38 36 N
LONGITUDE: 121 23 W
[TEMPERATURE DATA] [PRECIPITATION DATA] SYMBOLS USED IN COLUMN 16
AVERAGE MONTHLY: 71.0 TOTAL FOR MONTH: 0.32 1 = FOG OR MIST
DPTR FM NORMAL: 3.6 DPTR FM NORMAL: -0.44 2 = FOG REDUCING VISIBILITY
HIGHEST: 104 ON 27,26 GRTST 24HR 0.14 ON 17-17 TO 1/4 MILE OR LESS
LOWEST: 49 ON 13 3 = THUNDER
SNOW, ICE PELLETS, HAIL 4 = ICE PELLETS
TOTAL MONTH: 0.0 INCH 5 = HAIL
GRTST 24HR 0.0 6 = FREEZING RAIN OR DRIZZLE
GRTST DEPTH: 0 7 = DUSTSTORM OR SANDSTORM:
VSBY 1/2 MILE OR LESS
8 = SMOKE OR HAZE
[NO. OF DAYS WITH] [WEATHER - DAYS WITH] 9 = BLOWING SNOW
X = TORNADO
MAX 32 OR BELOW: 0 0.01 INCH OR MORE: 5
MAX 90 OR ABOVE: 8 0.10 INCH OR MORE: 1
MIN 32 OR BELOW: 0 0.50 INCH OR MORE: 0
MIN 0 OR BELOW: 0 1.00 INCH OR MORE: 0
[HDD (BASE 65) ]
TOTAL THIS MO. 9 CLEAR (SCALE 0-3) 0
DPTR FM NORMAL -42 PTCLDY (SCALE 4-7) 0
TOTAL FM JUL 1 1819 CLOUDY (SCALE 8-10) 0
DPTR FM NORMAL -476
[CDD (BASE 65) ]
TOTAL THIS MO. 200
DPTR FM NORMAL 75 [PRESSURE DATA]
TOTAL FM JAN 1 280 HIGHEST SLP M ON M
DPTR FM NORMAL 120 LOWEST SLP M ON M
[REMARKS]
#FINAL-05-20#