000
CXUS56 KMTR 311000
CF6STS
PRELIMINARY LOCAL CLIMATOLOGICAL DATA (WS FORM: F-6)
STATION: SANTA ROSA AIRPORT
MONTH: JANUARY
YEAR: 2023
LATITUDE: 38 30 N
LONGITUDE: 122 49 W
TEMPERATURE IN F: :PCPN: SNOW: WIND :SUNSHINE: SKY :PK WND
================================================================================
1 2 3 4 5 6A 6B 7 8 9 10 11 12 13 14 15 16 17 18
12Z AVG MX 2MIN
DY MAX MIN AVG DEP HDD CDD WTR SNW DPTH SPD SPD DIR MIN PSBL S-S WX SPD DR
================================================================================
1 64 41 53 6 12 0 0.00 M M 6.9 15 340 M M 1 21 360
2 49 38 44 -3 21 0 0.40 M M 4.7 17 30 M M 6 1 23 10
3 50 40 45 -2 20 0 T M M 3.5 9 140 M M 10 1 13 140
4 57 40 49 2 16 0 2.22 M M 13.4 29 170 M M 9 128 43 160
5 57 43 50 3 15 0 0.62 M M 8.1 23 180 M M 10 18 35 180
6 56 46 51 4 14 0 0.19 M M 6.2 17 160 M M 9 18 26 150
7 54 48 51 4 14 0 1.74 M M 10.9 32 140 M M 10 138 46 130
8 62 48 55 8 10 0 0.46 M M 8.1 21 140 M M 8 1 28 130
9 60 43 52 5 13 0 2.16 M M 6.2 22 140 M M 7 1 31 140
10 55 46 51 4 14 0 0.76 M M 10.9 24 180 M M 9 138 37 190
11 56 50 53 6 12 0 1.68 M M 6.5 13 130 M M 10 1 21 120
12 66 52 59 12 6 0 0.03 M M 7.3 16 160 M M 8 21 170
13 58 52 55 8 10 0 0.99 M M 8.4 17 200 M M 10 18 25 200
14 57 45 51 3 14 0 1.43 M M 8.5 25 220 M M 10 18 41 240
15 53 45 49 1 16 0 0.47 M M 3.6 14 160 M M 9 1 17 160
16 56 38 47 -1 18 0 0.02 M M 5.9 18 330 M M 5 26 340
17 59 32 46 -2 19 0 0.00 M M 1.5 8 360 M M 2 12 12 360
18 53 33 43 -5 22 0 0.32 M M 4.3 22 340 M M 6 18 29 360
19 55 32 44 -4 21 0 0.00 M M 3.4 12 320 M M 5 12 13 330
20 61 34 48 0 17 0 0.00 M M 6.0 18 30 M M 0 23 40
21 59 30 45 -3 20 0 0.00 M M 2.7 8 150 M M 0 12 170
22 62 32 47 -1 18 0 0.00 M M 5.5 17 30 M M 1 12 25 20
23 71 37 54 6 11 0 0.00 M M 8.9 22 20 M M 0 36 10
24 65 33 49 1 16 0 0.00 M M 2.9 12 360 M M 0 12 13 180
25 75 32 54 6 11 0 T M M 8.0 26 10 M M 3 12 38 20
26 72 39 56 8 9 0 0.00 M M 6.9 23 20 M M 0 36 30
27 63 32 48 0 17 0 0.00 M M 3.0 13 170 M M 1 128 18 160
28 61 31 46 -3 19 0 0.01 M M 2.5 12 140 M M 4 12 16 150
29 56 28 42 -7 23 0 0.00 M M 8.6 25 20 M M 6 12 35 40
30 59 28 44 -5 21 0 0.00 M M 6.6 23 40 M M 0 32 40
================================================================================
SM 1781 1168 469 0 13.50 M 189.9 M 159
================================================================================
AV 59.4 38.9 6.3 FASTST M M 5 MAX(MPH)
MISC ----> 32 140 46 130
================================================================================
NOTES:
# LAST OF SEVERAL OCCURRENCES
COLUMN 17 PEAK WIND IN M.P.H.
PRELIMINARY LOCAL CLIMATOLOGICAL DATA (WS FORM: F-6) , PAGE 2
STATION: SANTA ROSA AIRPORT
MONTH: JANUARY
YEAR: 2023
LATITUDE: 38 30 N
LONGITUDE: 122 49 W
[TEMPERATURE DATA] [PRECIPITATION DATA] SYMBOLS USED IN COLUMN 16
AVERAGE MONTHLY: 49.2 TOTAL FOR MONTH: 13.50 1 = FOG OR MIST
DPTR FM NORMAL: 1.5 DPTR FM NORMAL: 7.04 2 = FOG REDUCING VISIBILITY
HIGHEST: 75 ON 25 GRTST 24HR 2.22 ON 4- 4 TO 1/4 MILE OR LESS
LOWEST: 28 ON 30,29 3 = THUNDER
SNOW, ICE PELLETS, HAIL 4 = ICE PELLETS
TOTAL MONTH: M 5 = HAIL
GRTST 24HR M ON M 6 = FREEZING RAIN OR DRIZZLE
GRTST DEPTH: M ON M 7 = DUSTSTORM OR SANDSTORM:
VSBY 1/2 MILE OR LESS
8 = SMOKE OR HAZE
[NO. OF DAYS WITH] [WEATHER - DAYS WITH] 9 = BLOWING SNOW
X = TORNADO
MAX 32 OR BELOW: 0 0.01 INCH OR MORE: 16
MAX 90 OR ABOVE: 0 0.10 INCH OR MORE: 13
MIN 32 OR BELOW: 9 0.50 INCH OR MORE: 8
MIN 0 OR BELOW: 0 1.00 INCH OR MORE: 5
[HDD (BASE 65) ]
TOTAL THIS MO. 469 CLEAR (SCALE 0-3) 10
DPTR FM NORMAL -52 PTCLDY (SCALE 4-7) 9
TOTAL FM JUL 1 1638 CLOUDY (SCALE 8-10) 11
DPTR FM NORMAL -9
[CDD (BASE 65) ]
TOTAL THIS MO. 0
DPTR FM NORMAL 0 [PRESSURE DATA]
TOTAL FM JAN 1 0 HIGHEST SLP M ON M
DPTR FM NORMAL 0 LOWEST SLP 29.50 ON 4
[REMARKS]