000
CXUS53 KFSD 020412
CF6SUX
PRELIMINARY LOCAL CLIMATOLOGICAL DATA (WS FORM: F-6)
STATION: SIOUX CITY IA
MONTH: NOVEMBER
YEAR: 2023
LATITUDE: 42 24 N
LONGITUDE: 96 23 W
TEMPERATURE IN F: :PCPN: SNOW: WIND :SUNSHINE: SKY :PK WND
================================================================================
1 2 3 4 5 6A 6B 7 8 9 10 11 12 13 14 15 16 17 18
12Z AVG MX 2MIN
DY MAX MIN AVG DEP HDD CDD WTR SNW DPTH SPD SPD DIR MIN PSBL S-S WX SPD DR
================================================================================
1 54 18 36 -7 29 0 0.00 0.0 0 8.3 21 220 M M 0 26 220
2 61 21 41 -1 24 0 0.00 0.0 0 5.8 13 160 M M 0 1 18 150
3 60 39 50 8 15 0 0.00 0.0 0 6.6 17 330 M M 3 22 330
4 64 27 46 5 19 0 0.00 0.0 0 4.3 14 210 M M 2 1 16 210
5 67 36 52 11 13 0 0.00 0.0 0 14.9 32 200 M M 0 1 45 200
6 68 41 55 15 10 0 0.00 0.0 0 6.9 20 330 M M 0 26 320
7 61 38 50 10 15 0 0.00 0.0 0 9.7 18 140 M M 4 24 150
8 58 30 44 5 21 0 0.00 0.0 0 11.4 30 340 M M 1 1 40 340
9 55 23 39 0 26 0 0.00 0.0 0 9.4 25 300 M M 2 33 290
10 47 20 34 -4 31 0 0.00 0.0 0 4.7 9 120 M M 2 1 12 310
11 62 30 46 8 19 0 0.00 0.0 0 14.8 31 190 M M 5 42 200
12 65 33 49 12 16 0 0.00 0.0 0 7.4 17 320 M M 0 22 180
13 69 24 47 10 18 0 0.00 0.0 0 7.5 17 150 M M 0 24 140
14 70 40 55 19 10 0 0.00 0.0 0 15.4 35 200 M M 0 47 200
15 67 25 46 10 19 0 0.00 0.0 0 6.4 13 120 M M 0 1 17 160
16 62 39 51 15 14 0 0.02 0.0 0 16.2 32 320 M M 2 41 340
17 50 21 36 1 29 0 0.00 0.0 0 7.6 21 360 M M 0 1 28 350
18 67 24 46 11 19 0 0.00 0.0 0 4.1 10 100 M M 0 12 230
19 52 32 42 8 23 0 0.01 0.0 0 7.1 13 120 M M 6 17 130
20 48 43 46 12 19 0 0.02 0.0 0 9.8 17 80 M M 10 1 25 80
21 45 24 35 2 30 0 T 0.0 0 17.0 29 330 M M 2 1 38 320
22 61 18 40 7 25 0 0.00 0.0 0 7.4 20 220 M M 0 27 220
23 39 23 31 -1 34 0 0.00 0.0 0 15.8 24 10 M M 0 32 20
24 28 17 23 -9 42 0 0.00 0.0 0 8.1 21 10 M M 8 25 30
25 26 18 22 -10 43 0 0.15 1.8 2 4.9 8 240 M M 10 1 11 250
26 35 11 23 -8 42 0 T T 2 12.2 38 330 M M 5 1 49 320
27 31 11 21 -10 44 0 0.00 0.0 1 8.7 24 330 M M 3 29 330
28 46 8 27 -3 38 0 0.00 0.0 T 7.3 21 200 M M 0 28 210
29 56 22 39 9 26 0 0.00 0.0 0 5.4 14 160 M M 0 19 200
30 45 22 34 4 31 0 0.00 0.0 0 10.1 21 360 M M 0 26 360
================================================================================
SM 1619 778 744 0 0.20 1.8 275.2 M 65
================================================================================
AV 54.0 25.9 9.2 FASTST M M 2 MAX(MPH)
MISC ----> 38 330 49 320
================================================================================
NOTES:
# LAST OF SEVERAL OCCURRENCES
-COLUMN 17 PEAK WIND IN M.P.H.
-PRECIPITATION AMOUNTS IN COLUMNS 7,8 AND 9 ARE THE OFFICIAL
PRECIPITATION AMOUNTS FOR SIOUX CITY, IA.
-SNOW DEPTH IN COLUMN 9 IS RECORDED AT 6 AM CST (12Z).
PRELIMINARY LOCAL CLIMATOLOGICAL DATA (WS FORM: F-6) , PAGE 2
STATION: SIOUX CITY IA
MONTH: NOVEMBER
YEAR: 2023
LATITUDE: 42 24 N
LONGITUDE: 96 23 W
[TEMPERATURE DATA] [PRECIPITATION DATA] SYMBOLS USED IN COLUMN 16
AVERAGE MONTHLY: 40.0 TOTAL FOR MONTH: 0.20 1 = FOG OR MIST
DPTR FM NORMAL: 4.0 DPTR FM NORMAL: -1.07 2 = FOG REDUCING VISIBILITY
HIGHEST: 70 ON 14 GRTST 24HR 0.15 ON 25-25 TO 1/4 MILE OR LESS
LOWEST: 8 ON 28 3 = THUNDER
SNOW, ICE PELLETS, HAIL 4 = ICE PELLETS
TOTAL MONTH: 1.8 INCHES 5 = HAIL
GRTST 24HR 1.8 ON 25-25 6 = FREEZING RAIN OR DRIZZLE
GRTST DEPTH: 2 ON 26,25 7 = DUSTSTORM OR SANDSTORM:
VSBY 1/2 MILE OR LESS
8 = SMOKE OR HAZE
[NO. OF DAYS WITH] [WEATHER - DAYS WITH] 9 = BLOWING SNOW
X = TORNADO
MAX 32 OR BELOW: 3 0.01 INCH OR MORE: 4
MAX 90 OR ABOVE: 0 0.10 INCH OR MORE: 1
MIN 32 OR BELOW: 22 0.50 INCH OR MORE: 0
MIN 0 OR BELOW: 0 1.00 INCH OR MORE: 0
[HDD (BASE 65) ]
TOTAL THIS MO. 744 CLEAR (SCALE 0-3) 22
DPTR FM NORMAL -129 PTCLDY (SCALE 4-7) 6
TOTAL FM JUL 1 1219 CLOUDY (SCALE 8-10) 2
DPTR FM NORMAL -253
[CDD (BASE 65) ]
TOTAL THIS MO. 0
DPTR FM NORMAL 0 [PRESSURE DATA]
TOTAL FM JAN 1 1133 HIGHEST SLP 30.69 ON 24
DPTR FM NORMAL 268 LOWEST SLP 29.65 ON 6
[REMARKS]
AVERAGE MONTHLY HIGH TEMPERATURE OF 54.0 DEGREES TIES WITH 1954
FOR THE 7TH HIGHEST ON RECORD.
#FINAL-11-23#