000
CXUS54 KOUN 010810
CF6SWO
PRELIMINARY LOCAL CLIMATOLOGICAL DATA (WS FORM: F-6)
STATION: STILLWATER
MONTH: JULY
YEAR: 2023
LATITUDE: 36 10 N
LONGITUDE: 97 5 W
TEMPERATURE IN F: :PCPN: SNOW: WIND :SUNSHINE: SKY :PK WND
================================================================================
1 2 3 4 5 6A 6B 7 8 9 10 11 12 13 14 15 16 17 18
12Z AVG MX 2MIN
DY MAX MIN AVG DEP HDD CDD WTR SNW DPTH SPD SPD DIR MIN PSBL S-S WX SPD DR
================================================================================
1 93 73 83 1 0 18 0.09 M M 6.4 17 260 M M 2 13 23 250
2 92 65 79 -3 0 14 0.00 M M 5.1 10 160 M M 1 13 360
3 91 67 79 -3 0 14 1.35 M M 8.4 31 360 M M 3 138 41 350
4 95 66 81 -1 0 16 0.00 M M 8.5 16 140 M M 0 20 160
5 85 68 77 -6 0 12 0.51 M M 10.7 37 360 M M 3 13 50 350
6 87 72 80 -3 0 15 0.10 M M 6.6 16 30 M M 5 3 21 20
7 84 69 77 -6 0 12 0.48 M M 7.6 30 200 M M 3 13 39 190
8 91 70 81 -2 0 16 0.02 M M 6.8 16 50 M M 3 3 21 210
9 86 67 77 -6 0 12 0.68 M M 6.7 24 30 M M 5 13 31 30
10 90 64 77 -6 0 12 0.00 0.0 M 5.7 13 170 M M 0 17 150
11 90 73 82 -1 0 17 0.82 0.0 M 10.4 30 150 M M 2 13 36 150
12 99 75 87 3 0 22 0.00 0.0 M 9.7 18 170 M M 1 23 160
13 97 79 88 4 0 23 0.14 M M 8.2 17 130 M M 2 13 23 130
14 96 74 85 1 0 20 0.30 M M 9.5 38 360 M M 2 13 47 20
15 93 71 82 -2 0 17 0.00 M M 4.6 14 20 M M 2 20 340
16 94 69 82 -2 0 17 0.00 M M 5.8 22 160 M M 0 1 26 160
17 94 74 84 0 0 19 0.00 M M 9.9 20 170 M M 0 27 150
18 105 76 91 7 0 26 0.00 M M 11.5 23 210 M M 0 31 210
19 100 76 88 4 0 23 0.00 M M 9.4 17 220 M M 0 8 22 220
20 98 79 89 5 0 24 0.00 M M 7.1 18 160 M M 0 38 23 160
21 87 69 78 -6 0 13 0.91 M M 9.0 32 270 M M 3 13 43 280
22 91 65 78 -6 0 13 0.00 M M 2.2 8 250 M M 1 1 11 290
23 96 69 83 -1 0 18 0.00 M M 6.9 15 230 M M 0 19 240
24 99 73 86 1 0 21 M M M 10.7 18 180 M M 0 24 170
25 M M M M M M M M M M M M M M M M M
26 101 79 90 5 0 25 0.00 M M 11.5 13 170 M M 0 M M
27 100 78 89 4 0 24 0.00 M M 9.2 15 160 M M 0 M M
28 101 80 91 6 0 26 0.00 M M 12.7 13 190 M M 0 M M
29 M M M M M M M M M M M M M M M M M
30 100 84 92 7 0 27 M M M 7.6 12 180 M M 0 M M
31 100 78 89 4 0 24 0.00 0.0 0 10.9 17 180 M M 0 23 190
================================================================================
SM 2735 2102 0 540 5.40 0.0 239.3 M 38
================================================================================
AV 94.3 72.5 8.3 FASTST M M 1 MAX(MPH)
MISC ----> 38 360 50 350
================================================================================
NOTES:
# LAST OF SEVERAL OCCURRENCES
COLUMN 17 PEAK WIND IN M.P.H.
PRELIMINARY LOCAL CLIMATOLOGICAL DATA (WS FORM: F-6) , PAGE 2
STATION: STILLWATER
MONTH: JULY
YEAR: 2023
LATITUDE: 36 10 N
LONGITUDE: 97 5 W
[TEMPERATURE DATA] [PRECIPITATION DATA] SYMBOLS USED IN COLUMN 16
AVERAGE MONTHLY: 83.4 TOTAL FOR MONTH: 5.40 1 = FOG OR MIST
DPTR FM NORMAL: -0.3 DPTR FM NORMAL: 2.28 2 = FOG REDUCING VISIBILITY
HIGHEST: 105 ON 18 GRTST 24HR 1.35 ON 3- 3 TO 1/4 MILE OR LESS
LOWEST: 64 ON 10 3 = THUNDER
SNOW, ICE PELLETS, HAIL 4 = ICE PELLETS
TOTAL MONTH: 0.0 INCH 5 = HAIL
GRTST 24HR 0.0 6 = FREEZING RAIN OR DRIZZLE
GRTST DEPTH: 0 7 = DUSTSTORM OR SANDSTORM:
VSBY 1/2 MILE OR LESS
8 = SMOKE OR HAZE
[NO. OF DAYS WITH] [WEATHER - DAYS WITH] 9 = BLOWING SNOW
X = TORNADO
MAX 32 OR BELOW: 0 0.01 INCH OR MORE: 11
MAX 90 OR ABOVE: 24 0.10 INCH OR MORE: 9
MIN 32 OR BELOW: 0 0.50 INCH OR MORE: 5
MIN 0 OR BELOW: 0 1.00 INCH OR MORE: 1
[HDD (BASE 65) ]
TOTAL THIS MO. 0 CLEAR (SCALE 0-3) 25
DPTR FM NORMAL 0 PTCLDY (SCALE 4-7) 4
TOTAL FM JUL 1 0 CLOUDY (SCALE 8-10) 2
DPTR FM NORMAL 0
[CDD (BASE 65) ]
TOTAL THIS MO. 540
DPTR FM NORMAL -41 [PRESSURE DATA]
TOTAL FM JAN 1 1216 HIGHEST SLP M ON M
DPTR FM NORMAL -43 LOWEST SLP 29.70 ON 12
[REMARKS]
#FINAL-07-23#