000
CXUS51 KBGM 011506 CCA
CF6SYR
PRELIMINARY LOCAL CLIMATOLOGICAL DATA (WS FORM: F-6)
STATION: SYRACUSE NY
MONTH: MAY
YEAR: 2020
LATITUDE: 43 7 N
LONGITUDE: 76 7 W
TEMPERATURE IN F: :PCPN: SNOW: WIND :SUNSHINE: SKY :PK WND
================================================================================
1 2 3 4 5 6A 6B 7 8 9 10 11 12 13 14 15 16 17 18
12Z AVG MX 2MIN
DY MAX MIN AVG DEP HDD CDD WTR SNW DPTH SPD SPD DIR MIN PSBL S-S WX SPD DR
================================================================================
1 55 40 48 -5 17 0 0.05 0.0 0 6.8 14 300 M M 9 1 19 300
2 68 36 52 -1 13 0 0.05 0.0 0 6.6 17 250 M M 6 1 23 260
3 78 48 63 9 2 0 0.02 0.0 0 9.4 23 290 M M 5 29 300
4 50 42 46 -8 19 0 0.02 0.0 0 12.2 21 300 M M 9 28 300
5 49 32 41 -13 24 0 0.00 0.0 0 7.9 16 350 M M 6 22 300
6 55 32 44 -10 21 0 0.00 0.0 0 5.2 16 330 M M 8 20 320
7 62 32 47 -8 18 0 0.10 0.0 0 8.9 32 320 M M 5 1 37 330
8 47 32 40 -15 25 0 T T 0 12.0 23 290 M M 7 29 290
9 39 30 35 -21 30 0 0.12 0.3 T 15.7 28 280 M M 9 12 36 280
10 53 35 44 -12 21 0 0.03 T 0 9.1 22 250 M M 8 5 28 260
11 55 39 47 -9 18 0 T 0.0 0 9.4 23 270 M M 9 28 280
12 51 32 42 -14 23 0 0.03 T 0 14.1 29 290 M M 7 15 39 300
13 56 31 44 -13 21 0 0.00 0.0 0 7.2 17 280 M M 1 22 290
14 68 32 50 -7 15 0 0.03 0.0 0 5.0 10 100 M M 8 14 190
15 82 55 69 12 0 4 0.58 0.0 0 9.2 28 300 M M 9 13 35 320
16 66 47 57 -1 8 0 T 0.0 0 6.4 15 310 M M 7 1 21 350
17 73 42 58 0 7 0 0.02 0.0 0 3.7 16 240 M M 8 1 20 240
18 64 56 60 2 5 0 0.37 0.0 0 8.6 16 90 M M 9 1 20 100
19 71 50 61 3 4 0 0.00 0.0 0 9.6 20 90 M M 8 25 90
20 75 43 59 0 6 0 0.00 0.0 0 7.2 16 60 M M 3 23 40
21 79 43 61 2 4 0 0.00 0.0 0 5.4 13 180 M M 4 18 180
22 81 50 66 7 0 1 0.01 0.0 0 3.7 13 100 M M 4 15 100
23 83 62 73 13 0 8 0.34 0.0 0 5.2 14 330 M M 6 1 18 320
24 83 57 70 10 0 5 0.00 0.0 0 9.9 18 180 M M 5 25 180
25 84 59 72 12 0 7 0.74 0.0 0 7.0 18 160 M M 6 13 23 170
26 93 64 79 18 0 14 0.00 0.0 0 3.6 12 30 M M 2 14 10
27 89 67 78 17 0 13 0.00 0.0 0 7.0 17 170 M M 5 22 200
28 83 69 76 15 0 11 T 0.0 0 10.8 24 160 M M 8 32 160
29 87 60 74 12 0 9 0.40 0.0 0 9.3 29 300 M M 9 138 36 300
30 71 53 62 0 3 0 0.21 0.0 0 11.3 23 300 M M 8 1 30 300
31 59 44 52 -10 13 0 T 0.0 0 10.7 20 290 M M 6 28 300
================================================================================
SM 2109 1414 317 72 3.12 0.3 258.1 M 204
================================================================================
AV 68.0 45.6 8.3 FASTST M M 7 MAX(MPH)
MISC ----> # 32 320 # 39 300
================================================================================
NOTES:
# LAST OF SEVERAL OCCURRENCES
COLUMN 17 PEAK WIND IN M.P.H.
PRELIMINARY LOCAL CLIMATOLOGICAL DATA (WS FORM: F-6) , PAGE 2
STATION: SYRACUSE NY
MONTH: MAY
YEAR: 2020
LATITUDE: 43 7 N
LONGITUDE: 76 7 W
[TEMPERATURE DATA] [PRECIPITATION DATA] SYMBOLS USED IN COLUMN 16
AVERAGE MONTHLY: 56.8 TOTAL FOR MONTH: 3.12 1 = FOG OR MIST
DPTR FM NORMAL: -0.8 DPTR FM NORMAL: -0.10 2 = FOG REDUCING VISIBILITY
HIGHEST: 93 ON 26 GRTST 24HR 1.22 ON 30- 1 TO 1/4 MILE OR LESS
LOWEST: 30 ON 9 3 = THUNDER
SNOW, ICE PELLETS, HAIL 4 = ICE PELLETS
TOTAL MONTH: 0.3 INCH 5 = HAIL
GRTST 24HR 0.3 ON 9- 9 6 = FREEZING RAIN OR DRIZZLE
GRTST DEPTH: T 7 = DUSTSTORM OR SANDSTORM:
VSBY 1/2 MILE OR LESS
8 = SMOKE OR HAZE
[NO. OF DAYS WITH] [WEATHER - DAYS WITH] 9 = BLOWING SNOW
X = TORNADO
MAX 32 OR BELOW: 0 0.01 INCH OR MORE: 17
MAX 90 OR ABOVE: 1 0.10 INCH OR MORE: 8
MIN 32 OR BELOW: 8 0.50 INCH OR MORE: 2
MIN 0 OR BELOW: 0 1.00 INCH OR MORE: 0
[HDD (BASE 65) ]
TOTAL THIS MO. 317 CLEAR (SCALE 0-3) 3
DPTR FM NORMAL 62 PTCLDY (SCALE 4-7) 20
TOTAL FM JUL 1 6138 CLOUDY (SCALE 8-10) 8
DPTR FM NORMAL -452
[CDD (BASE 65) ]
TOTAL THIS MO. 72
DPTR FM NORMAL 46 [PRESSURE DATA]
TOTAL FM JAN 1 72 HIGHEST SLP M ON M
DPTR FM NORMAL 42 LOWEST SLP 29.63 ON 3
[REMARKS]
#FINAL-05-20#
CORRECTED SEA LEVEL PRESSURE