000
CXUS54 KBMX 011110
CF6TCL
PRELIMINARY LOCAL CLIMATOLOGICAL DATA (WS FORM: F-6)
STATION: TUSCALOOSA
MONTH: JANUARY
YEAR: 2024
LATITUDE: 33 13 N
LONGITUDE: 87 37 W
TEMPERATURE IN F: :PCPN: SNOW: WIND :SUNSHINE: SKY :PK WND
================================================================================
1 2 3 4 5 6A 6B 7 8 9 10 11 12 13 14 15 16 17 18
12Z AVG MX 2MIN
DY MAX MIN AVG DEP HDD CDD WTR SNW DPTH SPD SPD DIR MIN PSBL S-S WX SPD DR
================================================================================
1 51 28 40 -6 25 0 0.00 0.0 0 7.2 16 20 M M 0 18 21 310
2 53 25 39 -7 26 0 0.00 0.0 0 1.7 8 80 M M 0 11 80
3 46 27 37 -9 28 0 T 0.0 0 1.8 13 300 M M 5 1 17 310
4 54 26 40 -6 25 0 0.00 0.0 0 4.6 15 20 M M 0 1 21 30
5 56 26 41 -5 24 0 0.23 M M 5.5 14 60 M M 3 1 24 100
6 53 41 47 1 18 0 0.01 M M 7.0 16 260 M M 10 1 20 110
7 56 31 44 -2 21 0 0.00 0.0 0 5.3 15 290 M M 4 21 310
8 57 30 44 -2 21 0 1.24 0.0 0 9.8 23 130 M M 5 13 40 120
9 56 40 48 2 17 0 1.55 0.0 0 12.7 26 240 M M 9 13 41 210
10 53 29 41 -5 24 0 0.00 0.0 0 4.9 14 260 M M 0 20 270
11 67 32 50 5 15 0 0.00 0.0 0 4.7 14 140 M M 3 23 160
12 63 36 50 5 15 0 0.48 0.0 0 11.7 28 230 M M 7 13 42 180
13 49 28 39 -6 26 0 0.00 0.0 0 4.2 15 300 M M 0 20 300
14 52 27 40 -5 25 0 T 0.0 0 3.7 10 320 M M 1 14 320
15 44 27 36 -9 29 0 T T 0 8.1 15 340 M M 5 1 20 350
16 28 16 22 -23 43 0 0.03 T M 9.9 18 350 M M 4 18 26 340
17 38 11 25 -20 40 0 0.00 0.0 0 1.2 9 340 M M 0 13 350
18 48 20 34 -11 31 0 0.12 0.0 0 4.3 12 170 M M 7 1 18 130
19 46 25 36 -9 29 0 0.00 0.0 0 10.0 18 350 M M 4 27 310
20 34 18 26 -20 39 0 0.00 0.0 0 10.4 17 20 M M 0 24 340
21 43 14 29 -17 36 0 0.00 0.0 0 3.8 13 20 M M 0 17 50
22 52 23 38 -8 27 0 0.00 0.0 0 5.0 13 110 M M 3 20 150
23 65 50 58 12 7 0 0.08 0.0 0 5.3 15 140 M M 8 1 22 140
24 66 60 63 17 2 0 3.48 0.0 0 6.1 14 180 M M 10 123 23 120
25 70 60 65 19 0 0 0.30 0.0 0 5.5 16 190 M M 7 13 24 180
26 69 55 62 16 3 0 T 0.0 0 1.5 7 50 M M 9 12 8 60
27 69 48 59 13 6 0 0.51 0.0 0 8.8 22 270 M M 9 13 31 260
28 48 44 46 0 19 0 T 0.0 0 9.8 17 300 M M 10 18 28 300
29 57 36 47 1 18 0 0.00 0.0 0 5.4 15 10 M M 5 21 320
30 67 31 49 3 16 0 0.00 0.0 0 4.7 13 180 M M 1 12 19 210
31 59 36 48 2 17 0 0.00 0.0 0 4.5 16 10 M M 0 23 10
================================================================================
SM 1669 1000 672 0 8.03 T 189.1 M 129
================================================================================
AV 53.8 32.3 6.1 FASTST M M 4 MAX(MPH)
MISC ----> 28 230 42 180
================================================================================
NOTES:
# LAST OF SEVERAL OCCURRENCES
COLUMN 17 PEAK WIND IN M.P.H.
PRELIMINARY LOCAL CLIMATOLOGICAL DATA (WS FORM: F-6) , PAGE 2
STATION: TUSCALOOSA
MONTH: JANUARY
YEAR: 2024
LATITUDE: 33 13 N
LONGITUDE: 87 37 W
[TEMPERATURE DATA] [PRECIPITATION DATA] SYMBOLS USED IN COLUMN 16
AVERAGE MONTHLY: 43.0 TOTAL FOR MONTH: 8.03 1 = FOG OR MIST
DPTR FM NORMAL: -2.7 DPTR FM NORMAL: 3.06 2 = FOG REDUCING VISIBILITY
HIGHEST: 70 ON 25 GRTST 24HR 3.48 ON 24-24 TO 1/4 MILE OR LESS
LOWEST: 11 ON 17 3 = THUNDER
SNOW, ICE PELLETS, HAIL 4 = ICE PELLETS
TOTAL MONTH: T 5 = HAIL
GRTST 24HR T ON 15-15 6 = FREEZING RAIN OR DRIZZLE
GRTST DEPTH: 0 7 = DUSTSTORM OR SANDSTORM:
VSBY 1/2 MILE OR LESS
8 = SMOKE OR HAZE
[NO. OF DAYS WITH] [WEATHER - DAYS WITH] 9 = BLOWING SNOW
X = TORNADO
MAX 32 OR BELOW: 1 0.01 INCH OR MORE: 11
MAX 90 OR ABOVE: 0 0.10 INCH OR MORE: 8
MIN 32 OR BELOW: 20 0.50 INCH OR MORE: 4
MIN 0 OR BELOW: 0 1.00 INCH OR MORE: 3
[HDD (BASE 65) ]
TOTAL THIS MO. 672 CLEAR (SCALE 0-3) 11
DPTR FM NORMAL 72 PTCLDY (SCALE 4-7) 14
TOTAL FM JUL 1 1526 CLOUDY (SCALE 8-10) 6
DPTR FM NORMAL -51
[CDD (BASE 65) ]
TOTAL THIS MO. 0
DPTR FM NORMAL -2 [PRESSURE DATA]
TOTAL FM JAN 1 0 HIGHEST SLP 30.66 ON 21
DPTR FM NORMAL -2 LOWEST SLP 29.42 ON 9
[REMARKS]
#FINAL-01-24#