000
CXUS54 KEPZ 011030
CF6TCS
PRELIMINARY LOCAL CLIMATOLOGICAL DATA (WS FORM: F-6)
STATION: TRUTH OR CONSEQUENCES
MONTH: MARCH
YEAR: 2023
LATITUDE: 33 13 N
LONGITUDE: 107 16 W
TEMPERATURE IN F: :PCPN: SNOW: WIND :SUNSHINE: SKY :PK WND
================================================================================
1 2 3 4 5 6A 6B 7 8 9 10 11 12 13 14 15 16 17 18
12Z AVG MX 2MIN
DY MAX MIN AVG DEP HDD CDD WTR SNW DPTH SPD SPD DIR MIN PSBL S-S WX SPD DR
================================================================================
1 63 40 52 2 13 0 0.00 M M 16.7 35 210 M M 1 47 210
2 51 37 44 -6 21 0 T M M 15.4 30 320 M M 5 46 330
3 61 28 45 -6 20 0 0.00 M M 8.8 20 300 M M 0 25 300
4 69 30 50 -1 15 0 0.00 M M 9.8 25 190 M M 0 36 180
5 73 40 57 6 8 0 0.00 M M 11.4 25 260 M M 0 40 260
6 73 40 57 6 8 0 0.00 M M 8.5 18 260 M M 2 27 270
7 63 46 55 3 10 0 T M M 6.7 24 320 M M 6 36 320
8 75 41 58 6 7 0 0.00 M M 10.0 23 210 M M 2 33 210
9 72 46 59 7 6 0 0.00 M M 6.5 18 250 M M 1 24 250
10 79 42 61 9 4 0 0.00 M M 9.4 24 240 M M 0 32 280
11 76 48 62 9 3 0 0.00 M M 11.5 32 290 M M 0 41 290
12 74 47 61 8 4 0 0.00 M M 9.0 21 250 M M 1 31 270
13 69 39 54 1 11 0 0.00 M M 8.2 26 220 M M 1 34 230
14 71 37 54 1 11 0 0.00 M M 9.1 22 170 M M 0 29 180
15 71 47 59 5 6 0 T M M 11.4 28 250 M M 4 41 260
16 63 42 53 -1 12 0 0.01 M M 12.6 31 260 M M 2 41 260
17 48 35 42 -12 23 0 0.02 M M 11.7 22 20 M M 10 29 10
18 47 35 41 -13 24 0 0.08 M M 9.6 18 30 M M 10 25 30
19 51 32 42 -13 23 0 0.00 M M 9.0 18 180 M M 3 27 190
20 65 40 53 -2 12 0 0.00 M M 10.8 25 270 M M 4 37 280
21 71 47 59 4 6 0 0.00 M M 14.9 31 220 M M 1 43 200
22 71 53 62 6 3 0 0.00 M M 18.0 35 210 M M 1 46 230
23 64 41 53 -3 12 0 T M M 10.4 32 210 M M 2 44 200
24 58 35 47 -9 18 0 0.00 M M 12.6 30 270 M M 2 39 270
25 63 34 49 -7 16 0 0.00 M M 8.7 25 250 M M 0 35 220
26 64 31 48 -8 17 0 0.00 M M 9.0 22 250 M M 0 36 260
27 63 36 50 -7 15 0 0.00 M M 9.9 25 30 M M 0 37 20
28 64 32 48 -9 17 0 0.00 M M 8.9 21 190 M M 0 29 30
29 74 35 55 -2 10 0 0.00 M M 11.0 29 180 M M 0 39 170
30 70 48 59 1 6 0 0.00 M M 22.7 38 240 M M 0 54 230
31 66 40 53 -5 12 0 0.00 M M 13.9 31 260 M M 0 41 270
================================================================================
SM 2042 1224 373 0 0.11 M 346.1 M 58
================================================================================
AV 65.9 39.5 11.2 FASTST M M 2 MAX(MPH)
MISC ----> 38 240 54 230
================================================================================
NOTES:
# LAST OF SEVERAL OCCURRENCES
COLUMN 17 PEAK WIND IN M.P.H.
PRELIMINARY LOCAL CLIMATOLOGICAL DATA (WS FORM: F-6) , PAGE 2
STATION: TRUTH OR CONSEQUENCES
MONTH: MARCH
YEAR: 2023
LATITUDE: 33 13 N
LONGITUDE: 107 16 W
[TEMPERATURE DATA] [PRECIPITATION DATA] SYMBOLS USED IN COLUMN 16
AVERAGE MONTHLY: 52.7 TOTAL FOR MONTH: 0.11 1 = FOG OR MIST
DPTR FM NORMAL: -1.2 DPTR FM NORMAL: -0.13 2 = FOG REDUCING VISIBILITY
HIGHEST: 79 ON 10 GRTST 24HR 0.11 ON 17-18 TO 1/4 MILE OR LESS
LOWEST: 28 ON 3 3 = THUNDER
SNOW, ICE PELLETS, HAIL 4 = ICE PELLETS
TOTAL MONTH: M 5 = HAIL
GRTST 24HR M ON M 6 = FREEZING RAIN OR DRIZZLE
GRTST DEPTH: M ON M 7 = DUSTSTORM OR SANDSTORM:
VSBY 1/2 MILE OR LESS
8 = SMOKE OR HAZE
[NO. OF DAYS WITH] [WEATHER - DAYS WITH] 9 = BLOWING SNOW
X = TORNADO
MAX 32 OR BELOW: 0 0.01 INCH OR MORE: 3
MAX 90 OR ABOVE: 0 0.10 INCH OR MORE: 0
MIN 32 OR BELOW: 5 0.50 INCH OR MORE: 0
MIN 0 OR BELOW: 0 1.00 INCH OR MORE: 0
[HDD (BASE 65) ]
TOTAL THIS MO. 373 CLEAR (SCALE 0-3) 24
DPTR FM NORMAL 27 PTCLDY (SCALE 4-7) 5
TOTAL FM JUL 1 2987 CLOUDY (SCALE 8-10) 2
DPTR FM NORMAL 122
[CDD (BASE 65) ]
TOTAL THIS MO. 0
DPTR FM NORMAL -4 [PRESSURE DATA]
TOTAL FM JAN 1 0 HIGHEST SLP 30.30 ON 19
DPTR FM NORMAL -4 LOWEST SLP 29.43 ON 2
[REMARKS]
#FINAL-03-23#