000
CXUS54 KEPZ 011030
CF6TCS
PRELIMINARY LOCAL CLIMATOLOGICAL DATA (WS FORM: F-6)
STATION: TRUTH OR CONSEQUENCES
MONTH: SEPTEMBER
YEAR: 2023
LATITUDE: 33 13 N
LONGITUDE: 107 16 W
TEMPERATURE IN F: :PCPN: SNOW: WIND :SUNSHINE: SKY :PK WND
================================================================================
1 2 3 4 5 6A 6B 7 8 9 10 11 12 13 14 15 16 17 18
12Z AVG MX 2MIN
DY MAX MIN AVG DEP HDD CDD WTR SNW DPTH SPD SPD DIR MIN PSBL S-S WX SPD DR
================================================================================
1 96 65 81 5 0 16 0.00 M M 6.5 20 190 M M 0 31 150
2 94 68 81 5 0 16 0.00 M M 6.6 15 200 M M 1 21 210
3 92 71 82 6 0 17 0.00 M M 7.8 24 280 M M 0 32 270
4 95 68 82 6 0 17 0.00 M M 9.4 21 260 M M 0 31 240
5 94 65 80 5 0 15 0.00 M M 9.3 18 200 M M 0 25 190
6 99 65 82 7 0 17 0.00 M M 9.8 24 190 M M 1 34 180
7 99 69 84 9 0 19 T M M 9.4 35 310 M M 0 3 47 320
8 99 68 84 9 0 19 0.00 M M 9.2 23 320 M M 0 36 290
9 99 73 86 12 0 21 0.00 M M 8.6 25 280 M M 0 31 280
10 95 72 84 10 0 19 T M M 9.2 33 200 M M 2 49 200
11 97 66 82 8 0 17 0.02 M M 9.4 29 300 M M 5 3 39 40
12 72 56 64 -10 1 0 0.73 M M 7.2 35 360 M M 8 13 55 320
13 73 59 66 -7 0 1 0.43 M M 7.9 18 190 M M 4 13 27 320
14 80 57 69 -4 0 4 0.00 M M 7.1 23 310 M M 1 3 40 340
15 85 58 72 -1 0 7 0.00 M M 7.3 18 30 M M 0 25 20
16 83 60 72 0 0 7 0.00 M M 8.4 23 20 M M 3 34 10
17 78 61 70 -2 0 5 0.70 M M 7.5 23 330 M M 6 13 38 350
18 84 58 71 -1 0 6 0.00 M M 7.4 21 190 M M 0 24 200
19 89 59 74 2 0 9 0.00 M M 6.7 15 270 M M 0 23 180
20 85 57 71 0 0 6 0.04 M M 8.2 32 310 M M 2 8 44 300
21 82 59 71 0 0 6 0.02 M M 10.3 25 200 M M 2 3 34 210
22 90 65 78 7 0 13 0.00 M M 5.2 20 230 M M 0 25 240
23 93 64 79 9 0 14 0.00 M M 9.3 22 250 M M 0 32 240
24 86 60 73 3 0 8 0.00 M M 5.6 13 200 M M 0 22 190
25 87 60 74 4 0 9 0.00 M M 7.4 13 200 M M 0 19 40
26 87 60 74 5 0 9 0.00 M M 7.3 22 150 M M 1 28 150
27 91 58 75 6 0 10 0.00 M M 7.2 15 250 M M 0 23 160
28 91 61 76 7 0 11 0.00 M M 8.6 24 270 M M 0 31 280
29 91 61 76 8 0 11 0.00 M M 9.5 26 210 M M 0 37 200
30 87 62 75 7 0 10 0.01 M M 11.9 29 200 M M 1 3 38 200
================================================================================
SM 2673 1885 1 339 1.95 M 245.2 M 37
================================================================================
AV 89.1 62.8 8.2 FASTST M M 1 MAX(MPH)
MISC ----> # 35 310 55 320
================================================================================
NOTES:
# LAST OF SEVERAL OCCURRENCES
COLUMN 17 PEAK WIND IN M.P.H.
PRELIMINARY LOCAL CLIMATOLOGICAL DATA (WS FORM: F-6) , PAGE 2
STATION: TRUTH OR CONSEQUENCES
MONTH: SEPTEMBER
YEAR: 2023
LATITUDE: 33 13 N
LONGITUDE: 107 16 W
[TEMPERATURE DATA] [PRECIPITATION DATA] SYMBOLS USED IN COLUMN 16
AVERAGE MONTHLY: 76.0 TOTAL FOR MONTH: 1.95 1 = FOG OR MIST
DPTR FM NORMAL: 3.6 DPTR FM NORMAL: 0.25 2 = FOG REDUCING VISIBILITY
HIGHEST: 99 ON 9, 8 GRTST 24HR 1.07 ON 12-13 TO 1/4 MILE OR LESS
LOWEST: 56 ON 12 3 = THUNDER
SNOW, ICE PELLETS, HAIL 4 = ICE PELLETS
TOTAL MONTH: M 5 = HAIL
GRTST 24HR M ON M 6 = FREEZING RAIN OR DRIZZLE
GRTST DEPTH: M ON M 7 = DUSTSTORM OR SANDSTORM:
VSBY 1/2 MILE OR LESS
8 = SMOKE OR HAZE
[NO. OF DAYS WITH] [WEATHER - DAYS WITH] 9 = BLOWING SNOW
X = TORNADO
MAX 32 OR BELOW: 0 0.01 INCH OR MORE: 7
MAX 90 OR ABOVE: 16 0.10 INCH OR MORE: 3
MIN 32 OR BELOW: 0 0.50 INCH OR MORE: 2
MIN 0 OR BELOW: 0 1.00 INCH OR MORE: 0
[HDD (BASE 65) ]
TOTAL THIS MO. 1 CLEAR (SCALE 0-3) 26
DPTR FM NORMAL -7 PTCLDY (SCALE 4-7) 4
TOTAL FM JUL 1 1 CLOUDY (SCALE 8-10) 0
DPTR FM NORMAL -3
[CDD (BASE 65) ]
TOTAL THIS MO. 339
DPTR FM NORMAL 107 [PRESSURE DATA]
TOTAL FM JAN 1 2130 HIGHEST SLP 30.09 ON 17
DPTR FM NORMAL 349 LOWEST SLP 29.59 ON 4
[REMARKS]
#FINAL-09-23#