817
CXUS52 KTAE 010800
CF6TLH
PRELIMINARY LOCAL CLIMATOLOGICAL DATA (WS FORM: F-6)
STATION: TALLAHASSEE
MONTH: MARCH
YEAR: 2020
LATITUDE: 30 22 N
LONGITUDE: 84 22 W
TEMPERATURE IN F: :PCPN: SNOW: WIND :SUNSHINE: SKY :PK WND
================================================================================
1 2 3 4 5 6A 6B 7 8 9 10 11 12 13 14 15 16 17 18
12Z AVG MX 2MIN
DY MAX MIN AVG DEP HDD CDD WTR SNW DPTH SPD SPD DIR MIN PSBL S-S WX SPD DR
================================================================================
1 69 34 52 -6 13 0 0.00 0.0 0 3.4 14 200 M M 3 18 210
2 71 46 59 1 6 0 0.00 0.0 0 8.4 20 170 M M 6 27 160
3 80 64 72 14 0 7 0.53 0.0 0 8.5 21 220 M M 9 138 28 200
4 82 63 73 15 0 8 0.51 0.0 0 7.3 24 230 M M 9 38 31 230
5 80 57 69 11 0 4 0.28 0.0 0 11.9 31 210 M M 10 13 37 210
6 70 49 60 1 5 0 0.00 0.0 0 11.8 24 330 M M 5 36 330
7 64 40 52 -7 13 0 0.00 0.0 0 6.1 15 10 M M 2 20 340
8 72 38 55 -4 10 0 0.00 0.0 0 5.1 18 80 M M 5 22 90
9 76 48 62 3 3 0 0.00 0.0 0 6.2 23 170 M M 5 28 170
10 78 56 67 8 0 2 0.00 0.0 0 4.0 14 180 M M 7 18 180
11 78 54 66 6 0 1 T 0.0 0 4.2 14 270 M M 6 12 17 220
12 83 54 69 9 0 4 0.00 0.0 0 2.9 15 170 M M 7 12 20 200
13 81 60 71 11 0 6 0.00 0.0 0 2.7 12 210 M M 7 12 15 330
14 86 53 70 10 0 5 0.00 0.0 0 2.8 13 170 M M 3 1 17 150
15 86 55 71 11 0 6 0.00 0.0 0 2.3 12 300 M M 5 17 20
16 85 61 73 13 0 8 0.00 0.0 0 6.2 16 200 M M 3 26 170
17 79 63 71 10 0 6 0.00 0.0 0 5.4 13 150 M M 7 1 18 160
18 85 63 74 13 0 9 0.00 0.0 0 5.5 18 140 M M 6 12 24 130
19 84 59 72 11 0 7 0.00 0.0 0 5.6 18 190 M M 4 12 23 140
20 85 59 72 11 0 7 0.00 0.0 0 5.0 16 200 M M 5 12 20 170
21 86 65 76 15 0 11 0.12 0.0 0 5.1 14 260 M M 9 128 17 250
22 84 62 73 11 0 8 0.00 0.0 0 4.9 15 200 M M 5 1 22 220
23 85 60 73 11 0 8 0.00 0.0 0 5.9 17 210 M M 5 12 23 200
24 88 62 75 13 0 10 0.00 0.0 0 7.6 23 240 M M 7 12 31 210
25 89 69 79 17 0 14 T 0.0 0 9.4 20 250 M M 5 24 240
26 89 63 76 14 0 11 0.00 0.0 0 4.1 14 190 M M 3 1 20 170
27 88 62 75 13 0 10 0.00 0.0 0 5.2 16 170 M M 6 12 22 220
28 88 62 75 13 0 10 0.00 0.0 0 6.2 20 190 M M 5 12 28 210
29 88 65 77 14 0 12 0.00 0.0 0 6.2 16 160 M M 6 12 22 140
30 89 61 75 12 0 10 0.00 0.0 0 4.2 14 310 M M 6 12 18 240
31 84 60 72 9 0 7 0.78 0.0 0 10.8 32 300 M M 6 13 41 300
================================================================================
SM 2532 1767 50 191 2.22 0.0 184.9 M 177
================================================================================
AV 81.7 57.0 6.0 FASTST M M 6 MAX(MPH)
MISC ----> # 32 300 # 41 300
================================================================================
NOTES:
# LAST OF SEVERAL OCCURRENCES
COLUMN 17 PEAK WIND IN M.P.H.
PRELIMINARY LOCAL CLIMATOLOGICAL DATA (WS FORM: F-6) , PAGE 2
STATION: TALLAHASSEE
MONTH: MARCH
YEAR: 2020
LATITUDE: 30 22 N
LONGITUDE: 84 22 W
[TEMPERATURE DATA] [PRECIPITATION DATA] SYMBOLS USED IN COLUMN 16
AVERAGE MONTHLY: 69.3 TOTAL FOR MONTH: 2.22 1 = FOG OR MIST
DPTR FM NORMAL: 8.9 DPTR FM NORMAL: -3.72 2 = FOG REDUCING VISIBILITY
HIGHEST: 89 ON 30,26 GRTST 24HR 0.78 ON 31-31 TO 1/4 MILE OR LESS
LOWEST: 34 ON 1 3 = THUNDER
SNOW, ICE PELLETS, HAIL 4 = ICE PELLETS
TOTAL MONTH: 0.0 INCH 5 = HAIL
GRTST 24HR 0.0 6 = FREEZING RAIN OR DRIZZLE
GRTST DEPTH: 0 7 = DUSTSTORM OR SANDSTORM:
VSBY 1/2 MILE OR LESS
8 = SMOKE OR HAZE
[NO. OF DAYS WITH] [WEATHER - DAYS WITH] 9 = BLOWING SNOW
X = TORNADO
MAX 32 OR BELOW: 0 0.01 INCH OR MORE: 5
MAX 90 OR ABOVE: 0 0.10 INCH OR MORE: 5
MIN 32 OR BELOW: 0 0.50 INCH OR MORE: 3
MIN 0 OR BELOW: 0 1.00 INCH OR MORE: 0
[HDD (BASE 65) ]
TOTAL THIS MO. 50 CLEAR (SCALE 0-3) 3
DPTR FM NORMAL -131 PTCLDY (SCALE 4-7) 24
TOTAL FM JUL 1 1051 CLOUDY (SCALE 8-10) 4
DPTR FM NORMAL -473
[CDD (BASE 65) ]
TOTAL THIS MO. 191
DPTR FM NORMAL 151 [PRESSURE DATA]
TOTAL FM JAN 1 269 HIGHEST SLP M ON M
DPTR FM NORMAL 215 LOWEST SLP 29.67 ON 31
[REMARKS]
#FINAL-03-20#