000
CXUS52 KTBW 011332
CF6TPA
PRELIMINARY LOCAL CLIMATOLOGICAL DATA (WS FORM: F-6)
STATION: TAMPA
MONTH: NOVEMBER
YEAR: 2021
LATITUDE: 27 58 N
LONGITUDE: 82 32 W
TEMPERATURE IN F: :PCPN: SNOW: WIND :SUNSHINE: SKY :PK WND
================================================================================
1 2 3 4 5 6A 6B 7 8 9 10 11 12 13 14 15 16 17 18
12Z AVG MX 2MIN
DY MAX MIN AVG DEP HDD CDD WTR SNW DPTH SPD SPD DIR MIN PSBL S-S WX SPD DR
================================================================================
1 76 57 67 -6 0 2 0.00 0.0 0 6.1 14 320 M M 6 18 330
2 84 65 75 2 0 10 T 0.0 0 6.5 13 360 M M 3 20 270
3 86 67 77 5 0 12 0.00 0.0 0 5.1 13 350 M M 2 17 280
4 80 68 74 2 0 9 0.07 0.0 0 6.6 15 50 M M 8 23 30
5 71 59 65 -7 0 0 3.26 0.0 0 10.6 21 350 M M 10 1 26 360
6 67 55 61 -11 4 0 0.04 0.0 0 12.2 21 360 M M 9 27 360
7 72 53 63 -9 2 0 0.00 0.0 0 8.4 20 350 M M 2 29 280
8 76 54 65 -6 0 0 0.00 0.0 0 7.3 15 10 M M 0 24 30
9 80 55 68 -3 0 3 0.00 0.0 0 6.1 13 20 M M 2 19 10
10 81 63 72 1 0 7 T 0.0 0 5.4 12 360 M M 6 15 40
11 82 69 76 6 0 11 0.00 0.0 0 4.6 12 190 M M 6 16 150
12 80 69 75 5 0 10 T 0.0 0 3.0 10 300 M M 6 17 290
13 78 63 71 1 0 6 0.10 0.0 0 4.6 17 210 M M 5 27 280
14 70 56 63 -7 2 0 0.00 0.0 0 6.9 14 320 M M 4 23 270
15 77 54 66 -4 0 1 0.00 0.0 0 6.1 13 10 M M 1 18 10
16 80 55 68 -2 0 3 0.00 0.0 0 4.6 12 30 M M 1 18 20
17 83 61 72 3 0 7 0.00 0.0 0 4.9 13 110 M M 4 18 120
18 79 69 74 5 0 9 T 0.0 0 4.5 8 10 M M 8 13 100
19 84 68 76 7 0 11 T 0.0 0 8.1 16 20 M M 7 23 30
20 79 66 73 4 0 8 0.00 0.0 0 10.5 18 40 M M 5 27 30
21 83 69 76 7 0 11 T 0.0 0 7.2 14 40 M M 8 22 100
22 78 65 72 4 0 7 0.05 0.0 0 7.8 21 340 M M 8 128 26 340
23 68 52 60 -8 5 0 0.00 0.0 0 9.8 16 350 M M 1 21 360
24 74 50 62 -6 3 0 0.00 0.0 0 8.1 16 100 M M 1 23 30
25 80 57 69 1 0 4 0.00 0.0 0 5.4 10 350 M M 3 17 280
26 78 58 68 0 0 3 T 0.0 0 4.9 13 270 M M 4 22 250
27 72 53 63 -5 2 0 0.00 0.0 0 6.6 10 300 M M 2 20 270
28 72 53 63 -5 2 0 0.00 0.0 0 4.6 12 360 M M 7 20 270
29 73 55 64 -3 1 0 T 0.0 0 6.0 15 330 M M 4 21 290
30 72 51 62 -5 3 0 0.00 0.0 0 5.3 12 310 M M 0 18 290
================================================================================
SM 2315 1789 24 134 3.52 0.0 197.8 M 133
================================================================================
AV 77.2 59.6 6.6 FASTST M M 4 MAX(MPH)
MISC ----> # 21 350 29 280
================================================================================
NOTES:
# LAST OF SEVERAL OCCURRENCES
COLUMN 17 PEAK WIND IN M.P.H.
PRELIMINARY LOCAL CLIMATOLOGICAL DATA (WS FORM: F-6) , PAGE 2
STATION: TAMPA
MONTH: NOVEMBER
YEAR: 2021
LATITUDE: 27 58 N
LONGITUDE: 82 32 W
[TEMPERATURE DATA] [PRECIPITATION DATA] SYMBOLS USED IN COLUMN 16
AVERAGE MONTHLY: 68.4 TOTAL FOR MONTH: 3.52 1 = FOG OR MIST
DPTR FM NORMAL: -1.4 DPTR FM NORMAL: 2.12 2 = FOG REDUCING VISIBILITY
HIGHEST: 86 ON 3 GRTST 24HR 3.32 ON 4- 5 TO 1/4 MILE OR LESS
LOWEST: 50 ON 24 3 = THUNDER
SNOW, ICE PELLETS, HAIL 4 = ICE PELLETS
TOTAL MONTH: 0.0 INCH 5 = HAIL
GRTST 24HR 0.0 6 = FREEZING RAIN OR DRIZZLE
GRTST DEPTH: 0 7 = DUSTSTORM OR SANDSTORM:
VSBY 1/2 MILE OR LESS
8 = SMOKE OR HAZE
[NO. OF DAYS WITH] [WEATHER - DAYS WITH] 9 = BLOWING SNOW
X = TORNADO
MAX 32 OR BELOW: 0 0.01 INCH OR MORE: 5
MAX 90 OR ABOVE: 0 0.10 INCH OR MORE: 2
MIN 32 OR BELOW: 0 0.50 INCH OR MORE: 1
MIN 0 OR BELOW: 0 1.00 INCH OR MORE: 1
[HDD (BASE 65) ]
TOTAL THIS MO. 24 CLEAR (SCALE 0-3) 11
DPTR FM NORMAL -10 PTCLDY (SCALE 4-7) 16
TOTAL FM JUL 1 24 CLOUDY (SCALE 8-10) 3
DPTR FM NORMAL -15
[CDD (BASE 65) ]
TOTAL THIS MO. 134
DPTR FM NORMAL -44 [PRESSURE DATA]
TOTAL FM JAN 1 4161 HIGHEST SLP 30.29 ON 24
DPTR FM NORMAL 335 LOWEST SLP 29.85 ON 5
[REMARKS]
#FINAL-11-21#