000
CXUS52 KTBW 040230
CF6TPA
PRELIMINARY LOCAL CLIMATOLOGICAL DATA (WS FORM: F-6)
STATION: TAMPA
MONTH: FEBRUARY
YEAR: 2024
LATITUDE: 27 58 N
LONGITUDE: 82 32 W
TEMPERATURE IN F: :PCPN: SNOW: WIND :SUNSHINE: SKY :PK WND
================================================================================
1 2 3 4 5 6A 6B 7 8 9 10 11 12 13 14 15 16 17 18
12Z AVG MX 2MIN
DY MAX MIN AVG DEP HDD CDD WTR SNW DPTH SPD SPD DIR MIN PSBL S-S WX SPD DR
================================================================================
1 67 48 58 -5 7 0 0.00 0.0 0 5.5 12 290 M M 5 20 290
2 68 50 59 -4 6 0 0.00 0.0 0 5.4 12 290 M M 4 23 270
3 74 48 61 -2 4 0 0.00 0.0 0 2.7 16 260 M M 4 12 19 260
4 71 59 65 2 0 0 0.48 0.0 0 10.1 25 260 M M 7 1 38 240
5 67 57 62 -1 3 0 0.26 0.0 0 7.9 24 120 M M 7 1 37 110
6 68 51 60 -4 5 0 T 0.0 0 13.3 21 340 M M 4 31 300
7 71 48 60 -4 5 0 0.00 0.0 0 7.4 13 30 M M 0 20 50
8 74 50 62 -2 3 0 0.00 0.0 0 5.7 10 250 M M 3 17 100
9 75 53 64 0 1 0 0.00 0.0 0 3.8 13 140 M M 5 21 130
10 78 59 69 5 0 4 0.00 0.0 0 6.6 15 200 M M 6 23 180
11 80 64 72 8 0 7 0.00 0.0 0 8.2 17 200 M M 4 24 200
12 77 67 72 8 0 7 0.12 0.0 0 12.0 22 230 M M 8 13 32 240
13 69 54 62 -3 3 0 0.00 0.0 0 10.6 20 300 M M 7 30 280
14 74 50 62 -3 3 0 0.00 0.0 0 5.0 12 40 M M 3 8 17 30
15 75 54 65 0 0 0 0.00 0.0 0 4.9 12 130 M M 5 22 310
16 74 58 66 1 0 1 0.00 0.0 0 4.0 10 290 M M 8 18 240
17 68 58 63 -2 2 0 1.42 0.0 0 6.1 14 40 M M 9 18 22 20
18 59 55 57 -8 8 0 0.91 0.0 0 8.7 15 360 M M 10 1 24 40
19 68 50 59 -6 6 0 0.07 0.0 0 8.6 16 330 M M 5 1 31 280
20 69 47 58 -8 7 0 0.00 0.0 0 6.0 16 270 M M 0 29 270
21 72 46 59 -7 6 0 0.00 0.0 0 5.6 15 280 M M 0 29 260
22 71 49 60 -6 5 0 0.00 0.0 0 4.6 12 190 M M 3 14 180
23 74 57 66 0 0 1 0.06 0.0 0 12.1 24 210 M M 5 1 36 200
24 73 57 65 -1 0 0 0.00 0.0 0 9.3 18 300 M M 2 28 260
25 73 53 63 -3 2 0 0.00 0.0 0 5.5 14 260 M M 0 24 280
26 74 49 62 -4 3 0 0.00 0.0 0 3.7 10 210 M M 0 15 270
27 77 53 65 -1 0 0 0.00 0.0 0 6.2 16 180 M M 2 25 140
28 78 64 71 5 0 6 0.00 0.0 0 8.2 20 180 M M 6 26 180
29 79 64 72 5 0 7 0.00 0.0 0 5.0 14 50 M M 8 128 23 50
================================================================================
SM 2097 1572 79 33 3.32 0.0 202.7 M 130
================================================================================
AV 72.3 54.2 7.0 FASTST M M 4 MAX(MPH)
MISC ----> 25 260 38 240
================================================================================
NOTES:
# LAST OF SEVERAL OCCURRENCES
COLUMN 17 PEAK WIND IN M.P.H.
PRELIMINARY LOCAL CLIMATOLOGICAL DATA (WS FORM: F-6) , PAGE 2
STATION: TAMPA
MONTH: FEBRUARY
YEAR: 2024
LATITUDE: 27 58 N
LONGITUDE: 82 32 W
[TEMPERATURE DATA] [PRECIPITATION DATA] SYMBOLS USED IN COLUMN 16
AVERAGE MONTHLY: 63.3 TOTAL FOR MONTH: 3.32 1 = FOG OR MIST
DPTR FM NORMAL: -1.4 DPTR FM NORMAL: 0.70 2 = FOG REDUCING VISIBILITY
HIGHEST: 80 ON 11 GRTST 24HR 2.08 ON 17-18 TO 1/4 MILE OR LESS
LOWEST: 46 ON 21 3 = THUNDER
SNOW, ICE PELLETS, HAIL 4 = ICE PELLETS
TOTAL MONTH: 0.0 INCH 5 = HAIL
GRTST 24HR 0.0 6 = FREEZING RAIN OR DRIZZLE
GRTST DEPTH: 0 7 = DUSTSTORM OR SANDSTORM:
VSBY 1/2 MILE OR LESS
8 = SMOKE OR HAZE
[NO. OF DAYS WITH] [WEATHER - DAYS WITH] 9 = BLOWING SNOW
X = TORNADO
MAX 32 OR BELOW: 0 0.01 INCH OR MORE: 7
MAX 90 OR ABOVE: 0 0.10 INCH OR MORE: 5
MIN 32 OR BELOW: 0 0.50 INCH OR MORE: 2
MIN 0 OR BELOW: 0 1.00 INCH OR MORE: 1
[HDD (BASE 65) ]
TOTAL THIS MO. 79 CLEAR (SCALE 0-3) 9
DPTR FM NORMAL -9 PTCLDY (SCALE 4-7) 17
TOTAL FM JUL 1 329 CLOUDY (SCALE 8-10) 3
DPTR FM NORMAL -57
[CDD (BASE 65) ]
TOTAL THIS MO. 33
DPTR FM NORMAL -48 [PRESSURE DATA]
TOTAL FM JAN 1 84 HIGHEST SLP 30.31 ON 21
DPTR FM NORMAL -58 LOWEST SLP 29.48 ON 5
[REMARKS]
#FINAL-02-24#