000
CXUS54 KFWD 010731
CF6TRL
PRELIMINARY LOCAL CLIMATOLOGICAL DATA (WS FORM: F-6)
STATION: TERRELL
MONTH: SEPTEMBER
YEAR: 2021
LATITUDE: 32 42 N
LONGITUDE: 96 16 W
TEMPERATURE IN F: :PCPN: SNOW: WIND :SUNSHINE: SKY :PK WND
================================================================================
1 2 3 4 5 6A 6B 7 8 9 10 11 12 13 14 15 16 17 18
12Z AVG MX 2MIN
DY MAX MIN AVG DEP HDD CDD WTR SNW DPTH SPD SPD DIR MIN PSBL S-S WX SPD DR
================================================================================
1 97 75 86 4 0 21 0.00 M M 4.7 13 160 M M 0 8 19 180
2 95 74 85 3 0 20 0.00 M M 6.1 15 150 M M 0 1 21 170
3 95 76 86 4 0 21 0.00 M M 7.4 14 150 M M 1 20 160
4 95 74 85 3 0 20 0.00 M M 6.0 14 220 M M 0 19 200
5 92 74 83 2 0 18 0.02 M M 4.4 12 350 M M 2 16 230
6 94 67 81 0 0 16 0.00 M M 5.6 14 120 M M 1 19 140
7 93 62 78 -3 0 13 0.00 M M 2.8 12 170 M M 0 17 180
8 93 63 78 -3 0 13 0.00 M M 3.5 17 20 M M 2 23 350
9 92 63 78 -2 0 13 0.00 M M 6.3 15 70 M M 0 21 90
10 91 63 77 -3 0 12 0.00 M M 5.2 16 160 M M 0 22 170
11 90 62 76 -4 0 11 0.00 M M 4.6 13 120 M M 0 16 110
12 90 63 77 -2 0 12 0.00 M M 5.0 14 130 M M 0 19 130
13 88 73 81 2 0 16 0.00 M M 7.3 16 170 M M 5 21 210
14 83 69 76 -3 0 11 0.00 M M 8.7 21 90 M M 7 33 130
15 90 67 79 1 0 14 0.00 M M 7.2 20 60 M M 3 26 40
16 91 67 79 1 0 14 0.00 M M 5.4 15 60 M M 0 20 70
17 92 67 80 2 0 15 0.00 M M 3.0 13 60 M M 2 16 40
18 94 69 82 4 0 17 0.00 M M 4.0 16 50 M M 2 22 60
19 95 70 83 6 0 18 0.00 M M 3.3 16 100 M M 1 1 22 100
20 98 73 86 9 0 21 0.00 M M 9.2 20 190 M M 0 1 26 190
21 88 66 77 0 0 12 T M M 9.8 20 360 M M 1 38 30 340
22 83 55 69 -7 0 4 0.00 M M 7.5 18 30 M M 0 27 10
23 85 50 68 -8 0 3 0.00 M M 2.7 10 70 M M 0 17 80
24 86 50 68 -8 0 3 0.00 M M 3.7 13 180 M M 0 18 180
25 90 55 73 -2 0 8 0.00 M M 2.3 12 140 M M 0 17 160
26 89 57 73 -2 0 8 0.00 M M 4.2 15 180 M M 0 23 150
27 86 61 74 -1 0 9 0.00 M M 5.7 14 230 M M 0 24 170
28 93 64 79 5 0 14 0.00 M M 5.5 16 140 M M 1 18 24 140
29 89 70 80 6 0 15 0.00 M M 7.1 16 110 M M 0 22 130
30 89 67 78 4 0 13 0.00 M M 7.2 25 30 M M 3 3 35 360
================================================================================
SM 2726 1966 0 405 0.02 M 165.4 M 31
================================================================================
AV 90.9 65.5 5.5 FASTST M M 1 MAX(MPH)
MISC ----> 25 30 35 360
================================================================================
NOTES:
# LAST OF SEVERAL OCCURRENCES
COLUMN 17 PEAK WIND IN M.P.H.
PRELIMINARY LOCAL CLIMATOLOGICAL DATA (WS FORM: F-6) , PAGE 2
STATION: TERRELL
MONTH: SEPTEMBER
YEAR: 2021
LATITUDE: 32 42 N
LONGITUDE: 96 16 W
[TEMPERATURE DATA] [PRECIPITATION DATA] SYMBOLS USED IN COLUMN 16
AVERAGE MONTHLY: 78.2 TOTAL FOR MONTH: 0.02 1 = FOG OR MIST
DPTR FM NORMAL: 0.0 DPTR FM NORMAL: -2.72 2 = FOG REDUCING VISIBILITY
HIGHEST: 98 ON 20 GRTST 24HR 0.02 ON 5- 5 TO 1/4 MILE OR LESS
LOWEST: 50 ON 24,23 3 = THUNDER
SNOW, ICE PELLETS, HAIL 4 = ICE PELLETS
TOTAL MONTH: M 5 = HAIL
GRTST 24HR M ON M 6 = FREEZING RAIN OR DRIZZLE
GRTST DEPTH: M ON M 7 = DUSTSTORM OR SANDSTORM:
VSBY 1/2 MILE OR LESS
8 = SMOKE OR HAZE
[NO. OF DAYS WITH] [WEATHER - DAYS WITH] 9 = BLOWING SNOW
X = TORNADO
MAX 32 OR BELOW: 0 0.01 INCH OR MORE: 1
MAX 90 OR ABOVE: 20 0.10 INCH OR MORE: 0
MIN 32 OR BELOW: 0 0.50 INCH OR MORE: 0
MIN 0 OR BELOW: 0 1.00 INCH OR MORE: 0
[HDD (BASE 65) ]
TOTAL THIS MO. 0 CLEAR (SCALE 0-3) 27
DPTR FM NORMAL -2 PTCLDY (SCALE 4-7) 3
TOTAL FM JUL 1 0 CLOUDY (SCALE 8-10) 0
DPTR FM NORMAL 0
[CDD (BASE 65) ]
TOTAL THIS MO. 405
DPTR FM NORMAL 5 [PRESSURE DATA]
TOTAL FM JAN 1 2179 HIGHEST SLP M ON M
DPTR FM NORMAL -376 LOWEST SLP 29.75 ON 1
[REMARKS]
#FINAL-09-21#