000
CXUS54 KFWD 010833
CF6TRL
PRELIMINARY LOCAL CLIMATOLOGICAL DATA (WS FORM: F-6)
STATION: TERRELL
MONTH: DECEMBER
YEAR: 2023
LATITUDE: 32 42 N
LONGITUDE: 96 16 W
TEMPERATURE IN F: :PCPN: SNOW: WIND :SUNSHINE: SKY :PK WND
================================================================================
1 2 3 4 5 6A 6B 7 8 9 10 11 12 13 14 15 16 17 18
12Z AVG MX 2MIN
DY MAX MIN AVG DEP HDD CDD WTR SNW DPTH SPD SPD DIR MIN PSBL S-S WX SPD DR
================================================================================
1 64 42 53 1 12 0 0.00 M M 6.7 15 300 M M 0 22 300
2 64 39 52 1 13 0 0.00 M M 4.1 9 160 M M 0 1 13 300
3 71 31 51 0 14 0 0.00 M M 6.2 18 200 M M 0 1 26 200
4 63 38 51 0 14 0 0.00 M M 4.7 12 360 M M 0 19 340
5 70 34 52 2 13 0 0.00 M M 3.4 12 330 M M 0 16 310
6 63 37 50 0 15 0 0.00 M M 4.5 10 170 M M 0 15 140
7 70 41 56 6 9 0 0.00 M M 11.1 22 170 M M 2 32 200
8 77 58 68 18 0 3 0.00 M M 11.8 25 210 M M 5 36 210
9 67 46 57 7 8 0 0.00 M M 11.7 23 190 M M 1 1 33 180
10 53 30 42 -7 23 0 0.00 M M 6.2 15 320 M M 0 21 320
11 63 29 46 -3 19 0 0.00 M M 4.6 14 220 M M 0 18 190
12 65 33 49 0 16 0 0.00 M M 3.9 12 130 M M 0 17 140
13 60 41 51 2 14 0 0.00 M M 7.2 14 90 M M 4 20 100
14 66 45 56 8 9 0 0.00 M M 8.5 13 120 M M 4 19 120
15 57 47 52 4 13 0 0.47 M M 6.9 15 140 M M 9 1 20 150
16 58 37 48 0 17 0 0.00 M M 5.2 15 320 M M 0 22 350
17 67 30 49 1 16 0 0.00 M M 3.1 13 210 M M 0 1 17 200
18 63 38 51 3 14 0 0.00 M M 8.1 20 10 M M 0 26 340
19 59 32 46 -2 19 0 0.00 M M 6.8 15 140 M M 0 20 130
20 67 44 56 9 9 0 0.00 M M 7.9 15 160 M M 3 20 150
21 61 55 58 11 7 0 0.04 M M 5.7 10 150 M M 10 1 13 170
22 67 55 61 14 4 0 0.11 M M 6.0 13 170 M M 10 18 17 160
23 66 58 62 15 3 0 0.09 M M 7.7 16 130 M M 10 123 24 130
24 64 48 56 9 9 0 0.85 M M 9.9 23 290 M M 7 1 34 310
25 50 33 42 -5 23 0 0.00 M M 9.2 25 320 M M 4 38 310
26 55 27 41 -5 24 0 0.00 M M 5.5 20 170 M M 1 23 180
27 51 32 42 -4 23 0 0.00 M M 6.6 18 290 M M 0 27 280
28 48 32 40 -6 25 0 T M M 7.7 17 300 M M 6 26 320
29 55 30 43 -3 22 0 0.00 M M 7.9 18 280 M M 0 26 270
30 62 26 44 -2 21 0 0.00 M M 3.3 12 220 M M 0 16 220
31 64 36 50 4 15 0 0.00 M M 5.2 14 10 M M 0 19 10
================================================================================
SM 1930 1204 443 3 1.56 M 207.3 M 76
================================================================================
AV 62.3 38.8 6.7 FASTST M M 2 MAX(MPH)
MISC ----> # 25 210 38 310
================================================================================
NOTES:
# LAST OF SEVERAL OCCURRENCES
COLUMN 17 PEAK WIND IN M.P.H.
PRELIMINARY LOCAL CLIMATOLOGICAL DATA (WS FORM: F-6) , PAGE 2
STATION: TERRELL
MONTH: DECEMBER
YEAR: 2023
LATITUDE: 32 42 N
LONGITUDE: 96 16 W
[TEMPERATURE DATA] [PRECIPITATION DATA] SYMBOLS USED IN COLUMN 16
AVERAGE MONTHLY: 50.5 TOTAL FOR MONTH: 1.56 1 = FOG OR MIST
DPTR FM NORMAL: 2.2 DPTR FM NORMAL: -2.00 2 = FOG REDUCING VISIBILITY
HIGHEST: 77 ON 8 GRTST 24HR 0.85 ON 24-24 TO 1/4 MILE OR LESS
LOWEST: 26 ON 30 3 = THUNDER
SNOW, ICE PELLETS, HAIL 4 = ICE PELLETS
TOTAL MONTH: M 5 = HAIL
GRTST 24HR M ON M 6 = FREEZING RAIN OR DRIZZLE
GRTST DEPTH: M ON M 7 = DUSTSTORM OR SANDSTORM:
VSBY 1/2 MILE OR LESS
8 = SMOKE OR HAZE
[NO. OF DAYS WITH] [WEATHER - DAYS WITH] 9 = BLOWING SNOW
X = TORNADO
MAX 32 OR BELOW: 0 0.01 INCH OR MORE: 5
MAX 90 OR ABOVE: 0 0.10 INCH OR MORE: 3
MIN 32 OR BELOW: 10 0.50 INCH OR MORE: 1
MIN 0 OR BELOW: 0 1.00 INCH OR MORE: 0
[HDD (BASE 65) ]
TOTAL THIS MO. 443 CLEAR (SCALE 0-3) 21
DPTR FM NORMAL -81 PTCLDY (SCALE 4-7) 6
TOTAL FM JUL 1 806 CLOUDY (SCALE 8-10) 4
DPTR FM NORMAL -72
[CDD (BASE 65) ]
TOTAL THIS MO. 3
DPTR FM NORMAL -3 [PRESSURE DATA]
TOTAL FM JAN 1 3008 HIGHEST SLP 30.54 ON 13
DPTR FM NORMAL 271 LOWEST SLP 29.68 ON 24
[REMARKS]
#FINAL-12-23#