000
CXUS51 KPHI 010915
CF6TTN
PRELIMINARY LOCAL CLIMATOLOGICAL DATA (WS FORM: F-6)
STATION: TRENTON NJ
MONTH: FEBRUARY
YEAR: 2023
LATITUDE: 40 16 N
LONGITUDE: 74 49 W
TEMPERATURE IN F: :PCPN: SNOW: WIND :SUNSHINE: SKY :PK WND
================================================================================
1 2 3 4 5 6A 6B 7 8 9 10 11 12 13 14 15 16 17 18
12Z AVG MX 2MIN
DY MAX MIN AVG DEP HDD CDD WTR SNW DPTH SPD SPD DIR MIN PSBL S-S WX SPD DR
================================================================================
1 37 25 31 -1 34 0 0.01 0.1 T 5.0 18 290 M M 5 13 280
2 39 21 30 -2 35 0 0.00 0.0 0 M M M M M 0 M M
3 33 12 23 -9 42 0 T T 0 15.2 26 320 M M 3 40 300
4 25 7 16 -16 49 0 0.00 0.0 0 8.5 21 310 M M 0 34 310
5 47 20 34 1 31 0 0.00 0.0 0 4.7 17 210 M M 0 21 210
6 51 27 39 6 26 0 0.00 0.0 0 9.4 26 340 M M 4 33 340
7 45 21 33 0 32 0 T 0.0 0 3.6 13 190 M M 1 17 210
8 54 31 43 10 22 0 T T 0 4.6 16 350 M M 1 148 22 330
9 59 26 43 10 22 0 T T 0 5.8 16 220 M M 4 48 23 190
10 61 42 52 19 13 0 0.00 0.0 0 12.6 22 300 M M 0 37 290
11 46 30 38 4 27 0 0.00 0.0 0 8.2 23 330 M M 1 33 300
12 46 28 37 3 28 0 0.15 T 0 4.7 15 10 M M 3 4 20 360
13 57 38 48 14 17 0 0.00 0.0 0 8.5 16 270 M M 3 24 270
14 54 36 45 11 20 0 0.00 0.0 0 6.1 21 320 M M 0 31 330
15 67 38 53 19 12 0 0.00 0.0 0 10.0 26 210 M M 1 32 200
16 64 45 55 21 10 0 0.09 0.0 0 1.8 9 180 M M 4 12 11 170
17 60 31 46 11 19 0 0.43 0.0 0 11.7 25 340 M M 10 12 33 300
18 42 25 34 -1 31 0 0.00 0.0 0 7.9 23 350 M M 2 34 350
19 54 28 41 6 24 0 0.00 0.0 0 7.0 21 190 M M 0 27 170
20 62 37 50 15 15 0 0.00 0.0 0 4.3 17 250 M M 4 12 24 260
21 52 33 43 7 22 0 0.20 T 0 5.2 23 320 M M 6 135 34 310
22 41 28 35 -1 30 0 0.17 T 0 4.7 14 90 M M 6 14 17 70
23 53 38 46 10 19 0 T 0.0 0 7.0 15 90 M M 8 128 19 110
24 48 27 38 2 27 0 0.00 0.0 0 11.1 26 310 M M 4 1 36 320
25 34 22 28 -8 37 0 0.00 0.0 0 4.8 14 350 M M 6 16 350
26 49 20 35 -2 30 0 0.00 0.0 0 5.4 18 250 M M 3 18 27 280
27 46 27 37 0 28 0 0.30 1.0 0 7.2 21 130 M M 3 14 26 130
28 39 29 34 -3 31 0 0.22 T T 8.1 20 60 M M 7 14 26 60
================================================================================
SM 1365 792 733 0 1.57 1.1 193.1 M 89
================================================================================
AV 48.8 28.3 7.2 FASTST M M 3 MAX(MPH)
MISC ----> # 26 320 40 300
================================================================================
NOTES:
# LAST OF SEVERAL OCCURRENCES
COLUMN 17 PEAK WIND IN M.P.H.
PRELIMINARY LOCAL CLIMATOLOGICAL DATA (WS FORM: F-6) , PAGE 2
STATION: TRENTON NJ
MONTH: FEBRUARY
YEAR: 2023
LATITUDE: 40 16 N
LONGITUDE: 74 49 W
[TEMPERATURE DATA] [PRECIPITATION DATA] SYMBOLS USED IN COLUMN 16
AVERAGE MONTHLY: 38.5 TOTAL FOR MONTH: 1.57 1 = FOG OR MIST
DPTR FM NORMAL: 4.2 DPTR FM NORMAL: -1.06 2 = FOG REDUCING VISIBILITY
HIGHEST: 67 ON 15 GRTST 24HR 0.49 ON 16-17 TO 1/4 MILE OR LESS
LOWEST: 7 ON 4 3 = THUNDER
SNOW, ICE PELLETS, HAIL 4 = ICE PELLETS
TOTAL MONTH: 1.1 INCHES 5 = HAIL
GRTST 24HR 1.0 ON 27-27 6 = FREEZING RAIN OR DRIZZLE
GRTST DEPTH: T 7 = DUSTSTORM OR SANDSTORM:
VSBY 1/2 MILE OR LESS
8 = SMOKE OR HAZE
[NO. OF DAYS WITH] [WEATHER - DAYS WITH] 9 = BLOWING SNOW
X = TORNADO
MAX 32 OR BELOW: 1 0.01 INCH OR MORE: 8
MAX 90 OR ABOVE: 0 0.10 INCH OR MORE: 6
MIN 32 OR BELOW: 20 0.50 INCH OR MORE: 0
MIN 0 OR BELOW: 0 1.00 INCH OR MORE: 0
[HDD (BASE 65) ]
TOTAL THIS MO. 733 CLEAR (SCALE 0-3) 14
DPTR FM NORMAL -125 PTCLDY (SCALE 4-7) 13
TOTAL FM JUL 1 3339 CLOUDY (SCALE 8-10) 1
DPTR FM NORMAL -360
[CDD (BASE 65) ]
TOTAL THIS MO. 0
DPTR FM NORMAL 0 [PRESSURE DATA]
TOTAL FM JAN 1 0 HIGHEST SLP 30.66 ON 4
DPTR FM NORMAL 0 LOWEST SLP 29.47 ON 17
[REMARKS]
#FINAL-02-23#