000
CXUS54 KTSA 010950
CF6TUL
PRELIMINARY LOCAL CLIMATOLOGICAL DATA (WS FORM: F-6)
STATION: TULSA OKLAHOMA
MONTH: JANUARY
YEAR: 2024
LATITUDE: 36 12 N
LONGITUDE: 95 54 W
TEMPERATURE IN F: :PCPN: SNOW: WIND :SUNSHINE: SKY :PK WND
================================================================================
1 2 3 4 5 6A 6B 7 8 9 10 11 12 13 14 15 16 17 18
12Z AVG MX 2MIN
DY MAX MIN AVG DEP HDD CDD WTR SNW DPTH SPD SPD DIR MIN PSBL S-S WX SPD DR
================================================================================
1 40 26 33 -5 32 0 0.00 0.0 0 5.4 14 360 M M 7 19 20
2 45 23 34 -4 31 0 0.00 0.0 0 4.7 16 190 M M 8 20 190
3 52 24 38 0 27 0 0.00 0.0 0 3.1 9 340 M M 2 13 330
4 52 24 38 0 27 0 0.00 0.0 0 6.1 14 130 M M 7 1 21 150
5 40 33 37 -1 28 0 0.31 T 0 7.7 18 100 M M 10 1 26 110
6 41 34 38 0 27 0 0.00 0.0 0 7.7 15 310 M M 10 1 19 310
7 53 24 39 1 26 0 0.00 0.0 0 8.6 22 140 M M 6 30 130
8 47 40 44 6 21 0 0.96 0.0 0 13.4 25 110 M M 10 1 36 110
9 42 25 34 -4 31 0 T 0.1 T 16.0 31 300 M M 8 1 41 310
10 55 23 39 1 26 0 0.00 0.0 0 8.6 22 170 M M 1 30 160
11 60 24 42 4 23 0 0.08 T 0 10.9 28 150 M M 4 13 42 160
12 52 18 35 -3 30 0 0.00 T 0 17.2 31 310 M M 6 8 40 300
13 24 2 13 -25 52 0 0.00 0.0 0 13.7 23 340 M M 2 30 350
14 6 -2 2 -36 63 0 0.13 1.4 0 9.6 21 360 M M 6 8 27 360
15 14 -3 6 -32 59 0 0.00 0.0 1 11.3 21 330 M M 6 8 26 340
16 20 -2 9 -29 56 0 0.00 0.0 1 6.7 14 320 M M 1 20 320
17 41 12 27 -11 38 0 0.00 0.0 0 12.7 23 170 M M 3 31 160
18 47 24 36 -2 29 0 0.00 0.0 0 7.8 30 330 M M 3 42 330
19 27 10 19 -19 46 0 0.00 0.0 0 14.5 32 330 M M 7 44 350
20 26 7 17 -21 48 0 0.00 0.0 0 5.5 12 10 M M 5 17 10
21 30 17 24 -14 41 0 0.07 0.0 0 13.3 22 160 M M 9 6 30 160
22 34 29 32 -6 33 0 0.65 0.0 0 5.1 16 170 M M 10 16 21 170
23 41 33 37 -2 28 0 0.02 0.0 0 3.2 9 320 M M 10 12 10 340
24 44 38 41 2 24 0 T 0.0 0 4.8 10 340 M M 10 12 13 340
25 50 40 45 6 20 0 0.03 0.0 0 4.2 12 280 M M 10 12 14 280
26 46 40 43 4 22 0 0.31 0.0 0 5.8 15 10 M M 10 1 20 10
27 40 35 38 -1 27 0 0.44 0.0 0 11.1 20 350 M M 10 1 26 350
28 58 31 45 6 20 0 0.00 0.0 0 4.0 9 330 M M 5 12 12 300
29 70 35 53 14 12 0 0.00 0.0 0 3.0 10 150 M M 2 15 160
30 69 37 53 13 12 0 0.00 0.0 0 4.8 14 280 M M 1 18 18 300
31 71 33 52 12 13 0 0.00 0.0 0 5.2 12 160 M M 2 15 180
================================================================================
SM 1337 734 972 0 3.00 1.5 255.7 M 191
================================================================================
AV 43.1 23.7 8.2 FASTST M M 6 MAX(MPH)
MISC ----> 32 330 44 350
================================================================================
NOTES:
# LAST OF SEVERAL OCCURRENCES
COLUMN 17 PEAK WIND IN M.P.H.
PRELIMINARY LOCAL CLIMATOLOGICAL DATA (WS FORM: F-6) , PAGE 2
STATION: TULSA OKLAHOMA
MONTH: JANUARY
YEAR: 2024
LATITUDE: 36 12 N
LONGITUDE: 95 54 W
[TEMPERATURE DATA] [PRECIPITATION DATA] SYMBOLS USED IN COLUMN 16
AVERAGE MONTHLY: 33.4 TOTAL FOR MONTH: 3.00 1 = FOG OR MIST
DPTR FM NORMAL: -5.1 DPTR FM NORMAL: 1.37 2 = FOG REDUCING VISIBILITY
HIGHEST: 71 ON 31 GRTST 24HR 1.06 ON 8- 9 TO 1/4 MILE OR LESS
LOWEST: -3 ON 15 3 = THUNDER
SNOW, ICE PELLETS, HAIL 4 = ICE PELLETS
TOTAL MONTH: 1.5 INCHES 5 = HAIL
GRTST 24HR 1.4 ON 14-14 6 = FREEZING RAIN OR DRIZZLE
GRTST DEPTH: 1 ON 16,15 7 = DUSTSTORM OR SANDSTORM:
VSBY 1/2 MILE OR LESS
8 = SMOKE OR HAZE
[NO. OF DAYS WITH] [WEATHER - DAYS WITH] 9 = BLOWING SNOW
X = TORNADO
MAX 32 OR BELOW: 7 0.01 INCH OR MORE: 10
MAX 90 OR ABOVE: 0 0.10 INCH OR MORE: 6
MIN 32 OR BELOW: 20 0.50 INCH OR MORE: 2
MIN 0 OR BELOW: 3 1.00 INCH OR MORE: 0
[HDD (BASE 65) ]
TOTAL THIS MO. 972 CLEAR (SCALE 0-3) 7
DPTR FM NORMAL 149 PTCLDY (SCALE 4-7) 13
TOTAL FM JUL 1 2142 CLOUDY (SCALE 8-10) 11
DPTR FM NORMAL -50
[CDD (BASE 65) ]
TOTAL THIS MO. 0
DPTR FM NORMAL 0 [PRESSURE DATA]
TOTAL FM JAN 1 0 HIGHEST SLP 30.74 ON 20
DPTR FM NORMAL 0 LOWEST SLP 29.36 ON 9
[REMARKS]
#FINAL-01-24#