000
CXUS54 KTSA 011147
CF6TUL
PRELIMINARY LOCAL CLIMATOLOGICAL DATA (WS FORM: F-6)
STATION: TULSA OKLAHOMA
MONTH: AUGUST
YEAR: 2021
LATITUDE: 36 12 N
LONGITUDE: 95 54 W
TEMPERATURE IN F: :PCPN: SNOW: WIND :SUNSHINE: SKY :PK WND
================================================================================
1 2 3 4 5 6A 6B 7 8 9 10 11 12 13 14 15 16 17 18
12Z AVG MX 2MIN
DY MAX MIN AVG DEP HDD CDD WTR SNW DPTH SPD SPD DIR MIN PSBL S-S WX SPD DR
================================================================================
1 88 70 79 -5 0 14 T 0.0 0 9.7 21 350 M M 7 18 27 340
2 89 63 76 -8 0 11 0.00 0.0 0 7.2 15 350 M M 3 18 21 340
3 89 65 77 -7 0 12 0.00 0.0 0 6.0 13 50 M M 1 18 19 10
4 90 63 77 -7 0 12 0.00 0.0 0 3.9 12 330 M M 5 18 16 350
5 88 66 77 -7 0 12 0.09 0.0 0 6.9 26 170 M M 7 138 35 200
6 93 66 80 -4 0 15 0.00 0.0 0 8.9 16 160 M M 1 1 23 140
7 97 76 87 3 0 22 0.00 0.0 0 13.1 22 170 M M 2 29 160
8 94 75 85 1 0 20 0.01 0.0 0 12.2 22 170 M M 6 3 27 200
9 96 81 89 5 0 24 0.00 0.0 0 15.7 23 170 M M 4 33 200
10 98 81 90 7 0 25 0.00 0.0 0 17.3 25 190 M M 1 37 190
11 98 80 89 6 0 24 0.00 0.0 0 15.1 24 170 M M 4 33 180
12 100 80 90 7 0 25 0.00 0.0 0 12.0 20 190 M M 5 31 200
13 94 72 83 0 0 18 0.35 0.0 0 7.1 28 340 M M 8 13 37 340
14 91 71 81 -2 0 16 0.00 0.0 0 4.2 13 60 M M 7 1 17 80
15 92 71 82 -1 0 17 0.00 0.0 0 4.9 24 120 M M 5 34 120
16 91 70 81 -2 0 16 T 0.0 0 6.5 15 120 M M 6 21 150
17 90 72 81 -1 0 16 T 0.0 0 7.8 17 170 M M 7 3 22 200
18 91 70 81 -1 0 16 T 0.0 0 7.8 22 190 M M 6 30 200
19 90 75 83 1 0 18 T 0.0 0 9.5 20 170 M M 7 25 170
20 98 77 88 6 0 23 0.00 0.0 0 13.5 20 170 M M 6 29 180
21 93 73 83 1 0 18 0.30 0.0 0 7.6 28 240 M M 8 13 32 240
22 97 73 85 3 0 20 0.03 0.0 0 7.9 28 170 M M 5 13 35 170
23 100 78 89 8 0 24 0.00 0.0 0 11.2 21 170 M M 2 29 180
24 100 77 89 8 0 24 0.00 0.0 0 12.8 22 180 M M 1 30 160
25 99 78 89 8 0 24 0.00 0.0 0 10.1 17 180 M M 1 26 170
26 99 76 88 8 0 23 0.00 0.0 0 6.4 15 180 M M 2 20 180
27 95 78 87 7 0 22 0.00 0.0 0 10.6 17 160 M M 2 26 110
28 94 74 84 4 0 19 0.00 0.0 0 9.2 18 140 M M 2 25 140
29 95 72 84 4 0 19 T 0.0 0 5.1 16 100 M M 4 24 110
30 95 74 85 6 0 20 0.00 0.0 0 3.5 13 100 M M 4 19 100
31 97 76 87 8 0 22 0.00 0.0 0 6.7 13 190 M M 1 16 190
================================================================================
SM 2921 2273 0 591 0.78 0.0 280.4 M 130
================================================================================
AV 94.2 73.3 9.0 FASTST M M 4 MAX(MPH)
MISC ----> # 28 340 # 37 190
================================================================================
NOTES:
# LAST OF SEVERAL OCCURRENCES
COLUMN 17 PEAK WIND IN M.P.H.
PRELIMINARY LOCAL CLIMATOLOGICAL DATA (WS FORM: F-6) , PAGE 2
STATION: TULSA OKLAHOMA
MONTH: AUGUST
YEAR: 2021
LATITUDE: 36 12 N
LONGITUDE: 95 54 W
[TEMPERATURE DATA] [PRECIPITATION DATA] SYMBOLS USED IN COLUMN 16
AVERAGE MONTHLY: 83.8 TOTAL FOR MONTH: 0.78 1 = FOG OR MIST
DPTR FM NORMAL: 1.6 DPTR FM NORMAL: -2.60 2 = FOG REDUCING VISIBILITY
HIGHEST: 100 ON 24,23 GRTST 24HR 0.35 ON 13-13 TO 1/4 MILE OR LESS
LOWEST: 63 ON 4, 2 3 = THUNDER
SNOW, ICE PELLETS, HAIL 4 = ICE PELLETS
TOTAL MONTH: 0.0 INCH 5 = HAIL
GRTST 24HR 0.0 6 = FREEZING RAIN OR DRIZZLE
GRTST DEPTH: 0 7 = DUSTSTORM OR SANDSTORM:
VSBY 1/2 MILE OR LESS
8 = SMOKE OR HAZE
[NO. OF DAYS WITH] [WEATHER - DAYS WITH] 9 = BLOWING SNOW
X = TORNADO
MAX 32 OR BELOW: 0 0.01 INCH OR MORE: 5
MAX 90 OR ABOVE: 27 0.10 INCH OR MORE: 2
MIN 32 OR BELOW: 0 0.50 INCH OR MORE: 0
MIN 0 OR BELOW: 0 1.00 INCH OR MORE: 0
[HDD (BASE 65) ]
TOTAL THIS MO. 0 CLEAR (SCALE 0-3) 12
DPTR FM NORMAL 0 PTCLDY (SCALE 4-7) 19
TOTAL FM JUL 1 0 CLOUDY (SCALE 8-10) 0
DPTR FM NORMAL 0
[CDD (BASE 65) ]
TOTAL THIS MO. 591
DPTR FM NORMAL 56 [PRESSURE DATA]
TOTAL FM JAN 1 1708 HIGHEST SLP 30.18 ON 14
DPTR FM NORMAL -56 LOWEST SLP 29.65 ON 31
[REMARKS]
#FINAL-08-21#