000
CXUS54 KMEG 131002
CF6TUP
PRELIMINARY LOCAL CLIMATOLOGICAL DATA (WS FORM: F-6)
STATION: TUPELO
MONTH: FEBRUARY
YEAR: 2023
LATITUDE: 34 16 N
LONGITUDE: 88 46 W
TEMPERATURE IN F: :PCPN: SNOW: WIND :SUNSHINE: SKY :PK WND
================================================================================
1 2 3 4 5 6A 6B 7 8 9 10 11 12 13 14 15 16 17 18
12Z AVG MX 2MIN
DY MAX MIN AVG DEP HDD CDD WTR SNW DPTH SPD SPD DIR MIN PSBL S-S WX SPD DR
================================================================================
1 37 33 35 -9 30 0 0.09 T 0 10.1 15 30 M M 10 148 18 360
2 38 35 37 -7 28 0 1.22 T 0 7.9 15 10 M M 10 148 17 10
3 45 29 37 -8 28 0 0.00 0.0 0 9.6 20 10 M M 0 18 26 360
4 51 26 39 -6 26 0 0.00 0.0 0 3.5 13 180 M M 0 15 170
5 64 33 49 4 16 0 0.00 0.0 0 5.5 14 260 M M 1 1 21 220
6 68 35 52 7 13 0 0.00 0.0 0 5.4 14 180 M M 3 12 18 150
7 70 45 58 12 7 0 0.01 0.0 0 4.1 17 120 M M 7 20 120
8 73 58 66 20 0 1 0.53 0.0 0 9.5 21 190 M M 9 18 28 190
9 67 45 56 10 9 0 0.58 0.0 0 8.4 26 250 M M 3 1 36 170
10 59 36 48 2 17 0 0.00 0.0 0 10.4 18 20 M M 0 25 20
11 52 38 45 -1 20 0 0.33 0.0 0 12.0 22 20 M M 5 29 20
12 62 39 51 4 14 0 0.03 0.0 0 6.4 17 350 M M 3 22 360
13 71 32 52 5 13 0 0.00 0.0 0 2.7 14 210 M M 0 19 250
14 70 43 57 10 8 0 0.18 0.0 0 9.6 26 170 M M 3 1 35 170
15 74 62 68 21 0 3 0.03 0.0 0 9.9 17 170 M M 9 3 24 180
16 76 47 62 14 3 0 0.86 0.0 0 11.6 23 180 M M 9 13 31 320
17 49 32 41 -7 24 0 0.00 0.0 0 11.1 22 330 M M 5 30 350
18 58 26 42 -6 23 0 0.00 0.0 0 2.7 12 120 M M 0 15 50
19 68 38 53 5 12 0 0.00 0.0 0 8.2 20 190 M M 0 25 200
20 74 50 62 13 3 0 0.01 0.0 0 8.2 22 230 M M 4 32 240
21 75 59 67 18 0 2 0.00 0.0 0 4.9 10 170 M M 4 15 240
22 84 64 74 25 0 9 0.08 0.0 0 13.1 28 190 M M 7 8 38 190
23 87 65 76 27 0 11 0.02 0.0 0 8.5 17 20 M M 6 8 22 20
24 65 48 57 7 8 0 0.61 0.0 0 11.0 23 40 M M 9 1 30 30
25 56 50 53 3 12 0 0.01 0.0 0 3.4 13 340 M M 9 18 16 340
26 73 54 64 14 1 0 0.00 0.0 0 3.7 12 180 M M 8 12 17 140
27 82 56 69 19 0 4 0.03 0.0 0 10.3 29 250 M M 3 42 240
28 81 47 64 13 1 0 0.00 0.0 0 4.2 15 180 M M 0 17 170
================================================================================
SM 1829 1225 316 30 4.62 T 215.9 M 127
================================================================================
AV 65.3 43.8 7.7 FASTST M M 5 MAX(MPH)
MISC ----> 29 250 42 240
================================================================================
NOTES:
# LAST OF SEVERAL OCCURRENCES
COLUMN 17 PEAK WIND IN M.P.H.
PRELIMINARY LOCAL CLIMATOLOGICAL DATA (WS FORM: F-6) , PAGE 2
STATION: TUPELO
MONTH: FEBRUARY
YEAR: 2023
LATITUDE: 34 16 N
LONGITUDE: 88 46 W
[TEMPERATURE DATA] [PRECIPITATION DATA] SYMBOLS USED IN COLUMN 16
AVERAGE MONTHLY: 54.5 TOTAL FOR MONTH: 4.62 1 = FOG OR MIST
DPTR FM NORMAL: 7.2 DPTR FM NORMAL: -0.67 2 = FOG REDUCING VISIBILITY
HIGHEST: 87 ON 23 GRTST 24HR 1.29 ON 1- 2 TO 1/4 MILE OR LESS
LOWEST: 26 ON 18, 4 3 = THUNDER
SNOW, ICE PELLETS, HAIL 4 = ICE PELLETS
TOTAL MONTH: T 5 = HAIL
GRTST 24HR T ON 1- 1 6 = FREEZING RAIN OR DRIZZLE
GRTST DEPTH: 0 7 = DUSTSTORM OR SANDSTORM:
VSBY 1/2 MILE OR LESS
8 = SMOKE OR HAZE
[NO. OF DAYS WITH] [WEATHER - DAYS WITH] 9 = BLOWING SNOW
X = TORNADO
MAX 32 OR BELOW: 0 0.01 INCH OR MORE: 16
MAX 90 OR ABOVE: 0 0.10 INCH OR MORE: 7
MIN 32 OR BELOW: 5 0.50 INCH OR MORE: 5
MIN 0 OR BELOW: 0 1.00 INCH OR MORE: 1
[HDD (BASE 65) ]
TOTAL THIS MO. 316 CLEAR (SCALE 0-3) 12
DPTR FM NORMAL -182 PTCLDY (SCALE 4-7) 9
TOTAL FM JUL 1 1769 CLOUDY (SCALE 8-10) 7
DPTR FM NORMAL -485
[CDD (BASE 65) ]
TOTAL THIS MO. 30
DPTR FM NORMAL 27 [PRESSURE DATA]
TOTAL FM JAN 1 37 HIGHEST SLP 30.56 ON 4
DPTR FM NORMAL 36 LOWEST SLP 29.63 ON 27
[REMARKS]
#FINAL-02-23#