000
CXUS54 KMEG 020054
CF6TUP
PRELIMINARY LOCAL CLIMATOLOGICAL DATA (WS FORM: F-6)
STATION: TUPELO
MONTH: MARCH
YEAR: 2020
LATITUDE: 34 16 N
LONGITUDE: 88 46 W
TEMPERATURE IN F: :PCPN: SNOW: WIND :SUNSHINE: SKY :PK WND
================================================================================
1 2 3 4 5 6A 6B 7 8 9 10 11 12 13 14 15 16 17 18
12Z AVG MX 2MIN
DY MAX MIN AVG DEP HDD CDD WTR SNW DPTH SPD SPD DIR MIN PSBL S-S WX SPD DR
================================================================================
1 70 41 56 6 9 0 T 0.0 0 9.0 23 180 M M 2 27 170
2 71 54 63 13 2 0 0.40 0.0 0 8.4 20 180 M M 8 1 25 180
3 70 57 64 14 1 0 0.01 0.0 0 5.6 14 330 M M 6 3 20 300
4 58 52 55 4 10 0 0.15 0.0 0 5.0 20 200 M M 9 1 25 190
5 69 50 60 9 5 0 0.01 0.0 0 6.2 15 350 M M 3 19 290
6 60 39 50 -1 15 0 0.00 0.0 0 11.5 26 340 M M 0 36 350
7 61 31 46 -6 19 0 0.00 0.0 0 4.0 13 50 M M 0 16 40
8 69 34 52 0 13 0 0.00 0.0 0 7.7 18 190 M M 0 23 180
9 69 52 61 9 4 0 0.05 0.0 0 11.3 28 190 M M 4 18 35 190
10 77 52 65 13 0 0 0.28 0.0 0 6.5 15 180 M M 5 1 23 250
11 67 49 58 5 7 0 0.69 0.0 0 6.1 17 360 M M 7 123 22 350
12 80 61 71 18 0 6 0.22 0.0 0 7.7 18 200 M M 6 138 25 200
13 68 54 61 8 4 0 0.23 0.0 0 9.4 21 10 M M 10 1 26 360
14 75 54 65 11 0 0 0.02 0.0 0 6.9 17 10 M M 9 1 19 360
15 63 47 55 1 10 0 0.71 0.0 0 12.4 20 30 M M 10 1 23 360
16 66 46 56 2 9 0 T 0.0 0 4.8 13 20 M M 10 15 20
17 74 54 64 10 1 0 0.00 0.0 0 5.8 14 30 M M 4 16 350
18 81 56 69 14 0 4 0.00 0.0 0 6.8 21 190 M M 7 1 28 170
19 82 67 75 20 0 10 0.01 0.0 0 12.1 22 190 M M 5 26 200
20 75 55 65 10 0 0 0.66 0.0 0 8.3 21 180 M M 9 138 27 190
21 56 46 51 -4 14 0 0.00 0.0 0 9.7 17 10 M M 7 20 360
22 66 46 56 0 9 0 0.06 0.0 0 6.3 13 180 M M 6 13 16 170
23 65 58 62 6 3 0 1.43 0.0 0 4.6 18 180 M M 9 13 27 170
24 78 60 69 13 0 4 0.23 0.0 0 6.6 21 360 M M 9 1238 26 270
25 66 51 59 3 6 0 0.00 0.0 0 4.7 15 350 M M 6 18 360
26 89 49 69 12 0 4 0.00 0.0 0 7.8 21 200 M M 0 1 27 200
27 86 65 76 19 0 11 0.00 0.0 0 8.9 17 190 M M 1 18 23 210
28 87 67 77 20 0 12 0.31 0.0 0 11.6 21 300 M M 5 13 34 300
29 77 59 68 11 0 3 0.24 0.0 0 5.7 20 230 M M 1 13 31 220
30 68 54 61 3 4 0 0.42 0.0 0 4.9 15 30 M M 4 1 19 30
31 61 45 53 -5 12 0 1.23 0.0 0 10.3 24 360 M M 7 18 31 340
================================================================================
SM 2204 1605 157 54 7.36 0.0 236.6 M 169
================================================================================
AV 71.1 51.8 7.6 FASTST M M 5 MAX(MPH)
MISC ----> # 28 190 # 36 350
================================================================================
NOTES:
# LAST OF SEVERAL OCCURRENCES
COLUMN 17 PEAK WIND IN M.P.H.
PRELIMINARY LOCAL CLIMATOLOGICAL DATA (WS FORM: F-6) , PAGE 2
STATION: TUPELO
MONTH: MARCH
YEAR: 2020
LATITUDE: 34 16 N
LONGITUDE: 88 46 W
[TEMPERATURE DATA] [PRECIPITATION DATA] SYMBOLS USED IN COLUMN 16
AVERAGE MONTHLY: 61.4 TOTAL FOR MONTH: 7.36 1 = FOG OR MIST
DPTR FM NORMAL: 7.4 DPTR FM NORMAL: 2.54 2 = FOG REDUCING VISIBILITY
HIGHEST: 89 ON 26 GRTST 24HR 1.43 ON 23-23 TO 1/4 MILE OR LESS
LOWEST: 31 ON 7 3 = THUNDER
SNOW, ICE PELLETS, HAIL 4 = ICE PELLETS
TOTAL MONTH: 0.0 INCH 5 = HAIL
GRTST 24HR 0.0 6 = FREEZING RAIN OR DRIZZLE
GRTST DEPTH: 0 7 = DUSTSTORM OR SANDSTORM:
VSBY 1/2 MILE OR LESS
8 = SMOKE OR HAZE
[NO. OF DAYS WITH] [WEATHER - DAYS WITH] 9 = BLOWING SNOW
X = TORNADO
MAX 32 OR BELOW: 0 0.01 INCH OR MORE: 20
MAX 90 OR ABOVE: 0 0.10 INCH OR MORE: 14
MIN 32 OR BELOW: 1 0.50 INCH OR MORE: 5
MIN 0 OR BELOW: 0 1.00 INCH OR MORE: 2
[HDD (BASE 65) ]
TOTAL THIS MO. 157 CLEAR (SCALE 0-3) 8
DPTR FM NORMAL -198 PTCLDY (SCALE 4-7) 15
TOTAL FM JUL 1 2211 CLOUDY (SCALE 8-10) 8
DPTR FM NORMAL -575
[CDD (BASE 65) ]
TOTAL THIS MO. 54
DPTR FM NORMAL 40 [PRESSURE DATA]
TOTAL FM JAN 1 56 HIGHEST SLP 30.57 ON 7
DPTR FM NORMAL 40 LOWEST SLP 29.69 ON 3
[REMARKS]
#FINAL-03-20#