000
CXUS55 KTWC 040208
CF6TUS
PRELIMINARY LOCAL CLIMATOLOGICAL DATA (WS FORM: F-6)
STATION: TUCSON AZ
MONTH: FEBRUARY
YEAR: 2020
LATITUDE: 32 7 N
LONGITUDE: 110 56 W
TEMPERATURE IN F: :PCPN: SNOW: WIND :SUNSHINE: SKY :PK WND
================================================================================
1 2 3 4 5 6A 6B 7 8 9 10 11 12 13 14 15 16 17 18
12Z AVG MX 2MIN
DY MAX MIN AVG DEP HDD CDD WTR SNW DPTH SPD SPD DIR MIN PSBL S-S WX SPD DR
================================================================================
1 75 38 57 3 8 0 0.00 0.0 M 5.7 14 140 M M 0 18 140
2 77 44 61 7 4 0 0.00 0.0 M 9.3 22 220 M M 0 31 220
3 69 47 58 4 7 0 0.00 0.0 M 12.8 26 210 M M M 37 210
4 48 33 41 -13 24 0 0.00 0.0 M 8.6 16 270 M M M 22 290
5 49 24 37 -17 28 0 0.00 0.0 M 6.3 15 290 M M M 24 300
6 58 27 43 -11 22 0 0.00 0.0 M 5.5 13 280 M M M 16 270
7 67 34 51 -3 14 0 0.00 0.0 M 5.6 12 250 M M M 18 10
8 75 38 57 3 8 0 0.00 0.0 M 6.4 14 300 M M M 18 280
9 73 46 60 5 5 0 0.00 0.0 M 8.9 24 170 M M M 32 190
10 68 47 58 3 7 0 0.32 0.0 M 6.7 22 230 M M 6 13 31 210
11 55 41 48 -7 17 0 0.05 0.0 M 5.9 17 330 M M 7 22 320
12 60 41 51 -4 14 0 0.00 0.0 M 3.1 13 340 M M 2 18 340
13 66 37 52 -3 13 0 0.00 0.0 M 4.3 10 340 M M 0 15 310
14 72 42 57 2 8 0 0.00 0.0 M 6.5 14 350 M M 0 22 10
15 70 40 55 0 10 0 0.00 0.0 M 4.9 10 190 M M 0 15 330
16 74 41 58 3 7 0 0.00 0.0 M 6.5 13 350 M M 0 8 17 340
17 75 43 59 3 6 0 0.00 0.0 M 6.5 13 350 M M 0 21 180
18 77 44 61 5 4 0 0.00 0.0 M 5.8 14 140 M M 0 21 140
19 76 50 63 7 2 0 0.00 0.0 M 5.6 12 340 M M 0 20 330
20 81 45 63 7 2 0 0.00 0.0 M 6.1 15 120 M M 0 22 130
21 69 59 64 8 1 0 T 0.0 M 17.5 29 130 M M 3 40 120
22 68 51 60 4 5 0 0.30 0.0 M 9.2 30 200 M M 8 1 39 200
23 59 44 52 -4 13 0 0.00 0.0 M 6.0 15 280 M M 5 21 320
24 67 39 53 -4 12 0 0.00 0.0 M 5.9 17 330 M M 0 24 310
25 64 41 53 -4 12 0 0.00 0.0 M 9.1 28 330 M M 0 38 320
26 64 38 51 -6 14 0 0.00 0.0 M 8.6 21 130 M M 0 32 140
27 73 40 57 0 8 0 0.00 0.0 M 6.9 17 130 M M 0 24 130
28 78 48 63 6 2 0 0.00 0.0 M 9.2 24 130 M M 0 35 140
29 77 45 61 4 4 0 0.00 0.0 M 4.7 10 240 M M 2 21 270
================================================================================
SM 1984 1207 281 0 0.67 0.0 208.1 M 33
================================================================================
AV 68.4 41.6 7.2 FASTST M M 2 MAX(MPH)
MISC ----> 30 200 40 120
================================================================================
NOTES:
# LAST OF SEVERAL OCCURRENCES
COLUMN 17 PEAK WIND IN M.P.H.
PRELIMINARY LOCAL CLIMATOLOGICAL DATA (WS FORM: F-6) , PAGE 2
STATION: TUCSON AZ
MONTH: FEBRUARY
YEAR: 2020
LATITUDE: 32 7 N
LONGITUDE: 110 56 W
[TEMPERATURE DATA] [PRECIPITATION DATA] SYMBOLS USED IN COLUMN 16
AVERAGE MONTHLY: 55.0 TOTAL FOR MONTH: 0.67 1 = FOG OR MIST
DPTR FM NORMAL: -0.3 DPTR FM NORMAL: -0.19 2 = FOG REDUCING VISIBILITY
HIGHEST: 81 ON 20 GRTST 24HR 0.37 ON 10-11 TO 1/4 MILE OR LESS
LOWEST: 24 ON 5 3 = THUNDER
SNOW, ICE PELLETS, HAIL 4 = ICE PELLETS
TOTAL MONTH: 0.0 INCH 5 = HAIL
GRTST 24HR 0.0 6 = FREEZING RAIN OR DRIZZLE
GRTST DEPTH: M ON M 7 = DUSTSTORM OR SANDSTORM:
VSBY 1/2 MILE OR LESS
8 = SMOKE OR HAZE
[NO. OF DAYS WITH] [WEATHER - DAYS WITH] 9 = BLOWING SNOW
X = TORNADO
MAX 32 OR BELOW: 0 0.01 INCH OR MORE: 3
MAX 90 OR ABOVE: 0 0.10 INCH OR MORE: 2
MIN 32 OR BELOW: 2 0.50 INCH OR MORE: 0
MIN 0 OR BELOW: 0 1.00 INCH OR MORE: 0
[HDD (BASE 65) ]
TOTAL THIS MO. 281 CLEAR (SCALE 0-3) 18
DPTR FM NORMAL 8 PTCLDY (SCALE 4-7) 4
TOTAL FM JUL 1 1103 CLOUDY (SCALE 8-10) 7
DPTR FM NORMAL -181
[CDD (BASE 65) ]
TOTAL THIS MO. 0
DPTR FM NORMAL -3 [PRESSURE DATA]
TOTAL FM JAN 1 0 HIGHEST SLP 30.34 ON 26
DPTR FM NORMAL -4 LOWEST SLP 29.59 ON 3
[REMARKS]
#FINAL-02-20#