000
CXUS55 KREV 010921
CF6TVL
PRELIMINARY LOCAL CLIMATOLOGICAL DATA (WS FORM: F-6)
STATION: SOUTH LAKE TAHOE CA
MONTH: DECEMBER
YEAR: 2022
LATITUDE: 38 53 N
LONGITUDE: 119 60 W
TEMPERATURE IN F: :PCPN: SNOW: WIND :SUNSHINE: SKY :PK WND
================================================================================
1 2 3 4 5 6A 6B 7 8 9 10 11 12 13 14 15 16 17 18
12Z AVG MX 2MIN
DY MAX MIN AVG DEP HDD CDD WTR SNW DPTH SPD SPD DIR MIN PSBL S-S WX SPD DR
================================================================================
1 37 14 26 -6 39 0 0.44 M M 13.9 32 190 M M 8 12 50 180
2 34 -7 14 -18 51 0 T M M 3.4 12 180 M M 0 12 16 190
3 44 7 26 -6 39 0 0.34 M M 6.8 22 190 M M 7 1 35 190
4 40 27 34 2 31 0 0.65 M M 9.6 21 190 M M 8 12 33 190
5 33 16 25 -7 40 0 0.06 M M 8.3 23 190 M M 8 128 31 180
6 34 6 20 -11 45 0 0.00 M M 1.7 6 170 M M 2 12 8 160
7 35 -1 17 -14 48 0 0.00 M M 2.8 13 190 M M 3 18 21 220
8 35 0 18 -13 47 0 0.02 M M 9.2 28 190 M M 4 18 38 190
9 37 26 32 1 33 0 T M M 11.8 28 200 M M 5 8 39 190
10 37 28 33 2 32 0 1.99 M M 14.6 37 190 M M 9 128 51 190
11 31 24 28 -2 37 0 0.75 M M 6.5 14 180 M M 0 12 25 180
12 M M M M M M M M M M M M M M M M M
13 M M M M M M 0.00 M M M M M M M M M M
14 37 2 20 -10 45 0 0.00 M M 3.4 17 180 M M 4 12 26 180
15 36 1 19 -11 46 0 0.00 M M 2.2 6 30 M M 0 12 7 20
16 36 -1 18 -12 47 0 0.00 M M 2.9 8 20 M M 1 128 9 20
17 36 0 18 -12 47 0 0.00 M M 3.2 9 30 M M 2 12 11 20
18 38 -2 18 -12 47 0 0.00 M M 2.6 9 20 M M 0 12 10 20
19 37 0 19 -11 46 0 0.00 M M 2.5 8 190 M M 2 1 10 210
20 40 18 29 -1 36 0 T M M 3.9 16 200 M M 8 12 22 190
21 47 17 32 2 33 0 0.00 M M 1.5 8 200 M M 4 12 13 220
22 41 17 29 -1 36 0 0.00 M M 2.8 13 190 M M 4 1 16 190
23 46 20 33 3 32 0 T M M 3.1 12 200 M M 3 1 15 190
24 48 14 31 1 34 0 0.00 M M 2.2 12 20 M M 0 1 12 20
25 47 17 32 2 33 0 0.00 M M 2.4 9 20 M M 0 1 10 20
26 55 23 39 9 26 0 0.37 M M 6.9 35 180 M M 3 1 54 170
27 40 31 36 6 29 0 2.84 M M 13.8 26 200 M M 9 18 42 180
28 38 20 29 -1 36 0 0.00 M M 5.4 18 190 M M 1 27 190
29 39 27 33 3 32 0 0.12 M M 8.9 20 170 M M 10 18 27 190
30 44 38 41 11 24 0 2.39 M M 15.3 30 190 M M 10 1 47 190
31 43 29 36 6 29 0 3.65 M M 2.1 17 200 M M 8 12 29 180
================================================================================
SM 1145 411 1100 0 13.62 M 173.7 M 123
================================================================================
AV 39.5 14.2 6.0 FASTST M M 4 MAX(MPH)
MISC ----> 37 190 54 170
================================================================================
NOTES:
# LAST OF SEVERAL OCCURRENCES
COLUMN 17 PEAK WIND IN M.P.H.
PRELIMINARY LOCAL CLIMATOLOGICAL DATA (WS FORM: F-6) , PAGE 2
STATION: SOUTH LAKE TAHOE CA
MONTH: DECEMBER
YEAR: 2022
LATITUDE: 38 53 N
LONGITUDE: 119 60 W
[TEMPERATURE DATA] [PRECIPITATION DATA] SYMBOLS USED IN COLUMN 16
AVERAGE MONTHLY: 26.8 TOTAL FOR MONTH: 13.62 1 = FOG OR MIST
DPTR FM NORMAL: -3.6 DPTR FM NORMAL: 10.13 2 = FOG REDUCING VISIBILITY
HIGHEST: 55 ON 26 GRTST 24HR 3.65 ON 31-31 TO 1/4 MILE OR LESS
LOWEST: -7 ON 2 3 = THUNDER
SNOW, ICE PELLETS, HAIL 4 = ICE PELLETS
TOTAL MONTH: M 5 = HAIL
GRTST 24HR M ON M 6 = FREEZING RAIN OR DRIZZLE
GRTST DEPTH: M ON M 7 = DUSTSTORM OR SANDSTORM:
VSBY 1/2 MILE OR LESS
8 = SMOKE OR HAZE
[NO. OF DAYS WITH] [WEATHER - DAYS WITH] 9 = BLOWING SNOW
X = TORNADO
MAX 32 OR BELOW: 1 0.01 INCH OR MORE: 12
MAX 90 OR ABOVE: 0 0.10 INCH OR MORE: 10
MIN 32 OR BELOW: 28 0.50 INCH OR MORE: 6
MIN 0 OR BELOW: 7 1.00 INCH OR MORE: 4
[HDD (BASE 65) ]
TOTAL THIS MO. 1100 CLEAR (SCALE 0-3) 14
DPTR FM NORMAL 28 PTCLDY (SCALE 4-7) 11
TOTAL FM JUL 1 3018 CLOUDY (SCALE 8-10) 6
DPTR FM NORMAL -85
[CDD (BASE 65) ]
TOTAL THIS MO. 0
DPTR FM NORMAL 0 [PRESSURE DATA]
TOTAL FM JAN 1 100 HIGHEST SLP M ON M
DPTR FM NORMAL 72 LOWEST SLP 29.47 ON 10
[REMARKS]
#FINAL-12-22#