567
CXUS55 KREV 010852
CF6TVL
PRELIMINARY LOCAL CLIMATOLOGICAL DATA (WS FORM: F-6)
STATION: SOUTH LAKE TAHOE CA
MONTH: JUNE
YEAR: 2020
LATITUDE: 38 53 N
LONGITUDE: 119 60 W
TEMPERATURE IN F: :PCPN: SNOW: WIND :SUNSHINE: SKY :PK WND
================================================================================
1 2 3 4 5 6A 6B 7 8 9 10 11 12 13 14 15 16 17 18
12Z AVG MX 2MIN
DY MAX MIN AVG DEP HDD CDD WTR SNW DPTH SPD SPD DIR MIN PSBL S-S WX SPD DR
================================================================================
1 62 43 53 2 12 0 T M M 3.4 10 20 M M 7 14 20
2 75 37 56 4 9 0 0.00 M M 4.0 13 20 M M 0 8 18 20
3 80 39 60 8 5 0 0.00 M M 4.5 22 190 M M 0 29 190
4 80 38 59 7 6 0 0.00 M M 3.7 10 200 M M 0 22 99
5 76 39 58 6 7 0 0.00 M M 9.0 22 180 M M 0 33 190
6 57 39 48 -4 17 0 0.00 M M 13.5 28 190 M M 1 39 180
7 48 31 40 -13 25 0 0.01 M M 7.0 22 180 M M 7 1 29 210
8 60 27 44 -9 21 0 0.00 M M 3.9 13 40 M M 1 1 18 30
9 72 30 51 -2 14 0 0.00 M M 3.9 15 20 M M 1 20 20
10 73 37 55 2 10 0 0.00 M M 4.2 18 180 M M 1 23 190
11 76 35 56 2 9 0 0.00 M M 5.5 18 190 M M 0 26 220
12 68 37 53 -1 12 0 0.14 M M 7.0 22 190 M M 5 13 32 180
13 54 34 44 -10 21 0 0.00 M M 8.4 20 190 M M 4 30 170
14 68 30 49 -5 16 0 0.00 M M 3.5 12 30 M M 0 18 40
15 68 35 52 -2 13 0 0.00 M M 10.3 28 180 M M 3 35 180
16 63 34 49 -6 16 0 0.00 M M 9.3 26 180 M M 1 43 190
17 65 30 48 -7 17 0 0.00 M M 3.4 13 80 M M 0 20 90
18 71 30 51 -4 14 0 0.00 M M 4.6 12 30 M M 0 17 20
19 77 35 56 0 9 0 0.00 M M 3.9 13 30 M M 0 18 20
20 79 40 60 4 5 0 0.00 M M 5.8 20 190 M M 0 27 190
21 80 37 59 3 6 0 0.00 M M 3.9 14 190 M M 0 19 190
22 84 43 64 8 1 0 0.00 M M 3.0 12 20 M M 1 16 20
23 85 49 67 11 0 2 0.03 M M 3.3 17 190 M M 1 3 30 90
24 84 46 65 8 0 0 0.00 M M 5.2 18 180 M M 0 29 180
25 83 44 64 7 1 0 0.00 M M 3.8 16 180 M M 1 3 20 170
26 86 46 66 9 0 1 0.00 M M 3.0 14 20 M M 0 20 30
27 82 49 66 8 0 1 0.00 M M 9.5 26 190 M M 0 41 180
28 68 47 58 0 7 0 0.00 M M 10.8 31 180 M M 1 43 170
29 65 35 50 -8 15 0 0.00 M M 4.4 16 20 M M 1 22 30
30 73 34 54 -4 11 0 0.00 M M 5.0 17 190 M M 0 25 180
================================================================================
SM 2162 1130 299 4 0.18 M 170.7 M 36
================================================================================
AV 72.1 37.7 5.7 FASTST M M 1 MAX(MPH)
MISC ----> 31 180 # 43 190
================================================================================
NOTES:
# LAST OF SEVERAL OCCURRENCES
COLUMN 17 PEAK WIND IN M.P.H.
PRELIMINARY LOCAL CLIMATOLOGICAL DATA (WS FORM: F-6) , PAGE 2
STATION: SOUTH LAKE TAHOE CA
MONTH: JUNE
YEAR: 2020
LATITUDE: 38 53 N
LONGITUDE: 119 60 W
[TEMPERATURE DATA] [PRECIPITATION DATA] SYMBOLS USED IN COLUMN 16
AVERAGE MONTHLY: 54.9 TOTAL FOR MONTH: 0.18 1 = FOG OR MIST
DPTR FM NORMAL: 0.2 DPTR FM NORMAL: -0.41 2 = FOG REDUCING VISIBILITY
HIGHEST: 86 ON 26 GRTST 24HR 0.14 ON 12-12 TO 1/4 MILE OR LESS
LOWEST: 27 ON 8 3 = THUNDER
SNOW, ICE PELLETS, HAIL 4 = ICE PELLETS
TOTAL MONTH: M 5 = HAIL
GRTST 24HR M ON M 6 = FREEZING RAIN OR DRIZZLE
GRTST DEPTH: M ON M 7 = DUSTSTORM OR SANDSTORM:
VSBY 1/2 MILE OR LESS
8 = SMOKE OR HAZE
[NO. OF DAYS WITH] [WEATHER - DAYS WITH] 9 = BLOWING SNOW
X = TORNADO
MAX 32 OR BELOW: 0 0.01 INCH OR MORE: 3
MAX 90 OR ABOVE: 0 0.10 INCH OR MORE: 1
MIN 32 OR BELOW: 6 0.50 INCH OR MORE: 0
MIN 0 OR BELOW: 0 1.00 INCH OR MORE: 0
[HDD (BASE 65) ]
TOTAL THIS MO. 299 CLEAR (SCALE 0-3) 26
DPTR FM NORMAL -11 PTCLDY (SCALE 4-7) 4
TOTAL FM JUL 1 7457 CLOUDY (SCALE 8-10) 0
DPTR FM NORMAL -276
[CDD (BASE 65) ]
TOTAL THIS MO. 4
DPTR FM NORMAL 3 [PRESSURE DATA]
TOTAL FM JAN 1 4 HIGHEST SLP M ON M
DPTR FM NORMAL 3 LOWEST SLP 29.57 ON 28
[REMARKS]
THE AVERAGE TEMPERATURE FOR JUNE 2020 AT THE SOUTH LAKE TAHOE
AIRPORT WAS 54.9 DEGREES WHICH IS 0.2 DEGREES ABOVE NORMAL. THE
HIGHEST TEMPERATURE FOR JUNE WAS 86 DEGREES WHICH OCCURRED ON THE
26TH. THE LOWEST TEMPERATURE FOR THE MONTH WAS 27 DEGREES WHICH
OCCURRED ON THE 8TH.
FOR JUNE 2020, 0.18 INCHES OF PRECIPITATION WAS RECORDED AT THE
SOUTH LAKE TAHOE AIRPORT. THIS IS 0.41 INCHES ABOVE NORMAL.
THE AVERAGE WIND SPEED FOR JUNE 2020 WAS 5.7 MPH. THE PEAK WIND GUST
FOR THE MONTH WAS 43 MPH FROM THE SOUTH ON BOTH THE 16TH AND 28TH.
#FINAL-06-20#