000
CXUS54 KJAN 190956
CF6TVR
PRELIMINARY LOCAL CLIMATOLOGICAL DATA (WS FORM: F-6)
STATION: VICKSBURG
MONTH: JANUARY
YEAR: 2023
LATITUDE: 32 20 N
LONGITUDE: 91 2 W
TEMPERATURE IN F: :PCPN: SNOW: WIND :SUNSHINE: SKY :PK WND
================================================================================
1 2 3 4 5 6A 6B 7 8 9 10 11 12 13 14 15 16 17 18
12Z AVG MX 2MIN
DY MAX MIN AVG DEP HDD CDD WTR SNW DPTH SPD SPD DIR MIN PSBL S-S WX SPD DR
================================================================================
1 74 48 61 13 4 0 0.00 0.0 0 6.6 14 160 M M 4 12 18 160
2 80 68 74 26 0 9 0.00 0.0 0 12.0 24 170 M M 6 32 170
3 77 62 70 23 0 5 0.35 0.0 0 7.4 23 170 M M 5 13 40 170
4 71 46 59 12 6 0 0.00 0.0 0 3.1 10 280 M M 1 17 290
5 66 38 52 5 13 0 0.00 0.0 0 2.3 12 290 M M 0 19 290
6 68 33 51 4 14 0 0.00 0.0 0 4.6 13 170 M M 0 1 17 170
7 78 46 62 15 3 0 0.04 0.0 0 5.9 15 180 M M 2 13 21 180
8 64 40 52 5 13 0 0.68 0.0 0 4.4 14 10 M M 8 123 20 360
9 59 39 49 2 16 0 0.00 0.0 0 1.6 9 120 M M 4 12 14 100
10 64 37 51 4 14 0 0.00 0.0 0 3.6 12 170 M M 4 16 170
11 78 64 71 24 0 6 0.00 0.0 0 6.7 13 190 M M 4 25 260
12 71 45 58 11 7 0 1.28 0.0 0 9.9 17 310 M M 5 123 43 270
13 49 34 42 -5 23 0 0.00 0.0 0 8.3 15 360 M M 6 26 320
14 51 29 40 -7 25 0 0.00 0.0 0 2.2 9 360 M M 0 14 20
15 64 32 48 1 17 0 0.00 0.0 0 7.8 17 170 M M 1 22 170
16 71 52 62 15 3 0 0.04 0.0 0 10.4 23 180 M M 8 1 33 180
17 78 60 69 22 0 4 T 0.0 0 4.1 15 170 M M 5 18 20 170
18 78 58 68 21 0 3 0.48 0.0 0 9.9 28 170 M M 6 13 41 180
19 69 48 59 12 6 0 0.00 0.0 0 4.1 14 290 M M 0 1 22 270
20 59 38 49 2 16 0 0.03 0.0 0 4.9 12 20 M M 3 18 50
21 53 45 49 1 16 0 0.71 0.0 0 6.2 14 100 M M 9 1 17 90
22 57 40 49 1 16 0 0.01 0.0 0 5.7 15 280 M M 7 1 27 280
23 56 35 46 -2 19 0 0.00 0.0 0 5.0 10 10 M M 2 16 300
24 50 39 45 -3 20 0 1.04 0.0 0 10.1 22 110 M M 5 13 41 290
25 54 44 49 1 16 0 T 0.0 0 7.2 14 280 M M 10 28 240
26 53 33 43 -5 22 0 0.00 0.0 0 3.3 13 290 M M 1 1 22 290
27 59 31 45 -3 20 0 0.00 0.0 0 3.3 15 170 M M 0 1 20 170
28 71 38 55 7 10 0 T 0.0 0 10.9 22 160 M M 4 30 170
29 66 58 62 14 3 0 1.60 0.0 0 6.9 17 170 M M 7 1 24 170
30 61 44 53 4 12 0 T 0.0 0 7.6 15 360 M M 9 12 22 350
31 44 34 39 -10 26 0 0.16 0.0 0 8.9 18 10 M M 10 1 26 10
================================================================================
SM 1993 1358 360 27 6.42 0.0 194.9 M 136
================================================================================
AV 64.3 43.8 6.3 FASTST M M 4 MAX(MPH)
MISC ----> 28 170 43 270
================================================================================
NOTES:
# LAST OF SEVERAL OCCURRENCES
COLUMN 17 PEAK WIND IN M.P.H.
PRELIMINARY LOCAL CLIMATOLOGICAL DATA (WS FORM: F-6) , PAGE 2
STATION: VICKSBURG
MONTH: JANUARY
YEAR: 2023
LATITUDE: 32 20 N
LONGITUDE: 91 2 W
[TEMPERATURE DATA] [PRECIPITATION DATA] SYMBOLS USED IN COLUMN 16
AVERAGE MONTHLY: 54.0 TOTAL FOR MONTH: 6.42 1 = FOG OR MIST
DPTR FM NORMAL: 6.4 DPTR FM NORMAL: 0.98 2 = FOG REDUCING VISIBILITY
HIGHEST: 80 ON 2 GRTST 24HR 1.63 ON 24-25 TO 1/4 MILE OR LESS
LOWEST: 29 ON 14 3 = THUNDER
SNOW, ICE PELLETS, HAIL 4 = ICE PELLETS
TOTAL MONTH: 0.0 INCH 5 = HAIL
GRTST 24HR 0.0 6 = FREEZING RAIN OR DRIZZLE
GRTST DEPTH: 0 7 = DUSTSTORM OR SANDSTORM:
VSBY 1/2 MILE OR LESS
8 = SMOKE OR HAZE
[NO. OF DAYS WITH] [WEATHER - DAYS WITH] 9 = BLOWING SNOW
X = TORNADO
MAX 32 OR BELOW: 0 0.01 INCH OR MORE: 12
MAX 90 OR ABOVE: 0 0.10 INCH OR MORE: 8
MIN 32 OR BELOW: 3 0.50 INCH OR MORE: 5
MIN 0 OR BELOW: 0 1.00 INCH OR MORE: 3
[HDD (BASE 65) ]
TOTAL THIS MO. 360 CLEAR (SCALE 0-3) 10
DPTR FM NORMAL -186 PTCLDY (SCALE 4-7) 16
TOTAL FM JUL 1 1157 CLOUDY (SCALE 8-10) 5
DPTR FM NORMAL -259
[CDD (BASE 65) ]
TOTAL THIS MO. 27
DPTR FM NORMAL 22 [PRESSURE DATA]
TOTAL FM JAN 1 27 HIGHEST SLP 30.44 ON 14
DPTR FM NORMAL 22 LOWEST SLP 29.67 ON 24
[REMARKS]
#FINAL-01-23#