000
CXUS54 KSHV 011300
CF6TXK
PRELIMINARY LOCAL CLIMATOLOGICAL DATA (WS FORM: F-6)
STATION: TEXARKANA
MONTH: OCTOBER
YEAR: 2022
LATITUDE: 33 27 N
LONGITUDE: 94 0 W
TEMPERATURE IN F: :PCPN: SNOW: WIND :SUNSHINE: SKY :PK WND
================================================================================
1 2 3 4 5 6A 6B 7 8 9 10 11 12 13 14 15 16 17 18
12Z AVG MX 2MIN
DY MAX MIN AVG DEP HDD CDD WTR SNW DPTH SPD SPD DIR MIN PSBL S-S WX SPD DR
================================================================================
1 82 49 66 -4 0 1 0.00 0.0 0 2.5 10 50 M M 0 17 280
2 84 53 69 -1 0 4 0.00 0.0 0 2.9 10 40 M M 0 14 40
3 85 55 70 0 0 5 0.00 0.0 0 3.9 12 80 M M 0 19 40
4 83 55 69 0 0 4 0.00 0.0 0 3.8 10 70 M M 0 16 60
5 86 53 70 1 0 5 0.00 0.0 0 1.9 9 350 M M 0 15 310
6 91 60 76 7 0 11 0.00 0.0 0 4.5 15 270 M M 1 19 260
7 87 60 74 6 0 9 0.00 0.0 0 4.1 10 70 M M 0 15 50
8 78 61 70 2 0 5 0.00 0.0 0 5.0 14 60 M M 4 20 60
9 82 54 68 0 0 3 0.00 0.0 0 4.2 12 260 M M 1 21 310
10 86 60 73 6 0 8 0.00 0.0 0 4.9 12 150 M M 2 19 140
11 87 60 74 7 0 9 T 0.0 0 7.3 16 200 M M 0 24 140
12 91 66 79 13 0 14 0.00 0.0 0 8.8 18 210 M M 2 138 25 220
13 84 55 70 4 0 5 0.00 0.0 0 5.6 17 290 M M 0 24 280
14 87 53 70 4 0 5 0.00 0.0 0 7.6 20 220 M M 0 8 26 250
15 91 65 78 13 0 13 0.00 0.0 0 9.8 20 220 M M 0 24 240
16 76 65 71 6 0 6 0.24 0.0 0 5.4 14 340 M M 5 1 19 160
17 73 51 62 -2 3 0 0.00 0.0 0 8.1 17 320 M M 0 25 320
18 62 40 51 -13 14 0 0.00 0.0 0 7.5 17 340 M M 0 26 300
19 62 36 49 -15 16 0 0.00 0.0 0 3.3 12 270 M M 0 19 310
20 80 42 61 -2 4 0 0.00 0.0 0 5.4 14 200 M M 0 20 170
21 87 55 71 8 0 6 0.00 0.0 0 7.9 15 190 M M 0 23 180
22 85 64 75 13 0 10 0.00 0.0 0 14.9 28 210 M M 0 8 39 220
23 86 66 76 14 0 11 0.00 0.0 0 11.9 21 200 M M 3 31 160
24 82 64 73 11 0 8 0.19 0.0 0 12.1 25 160 M M 9 1 39 180
25 73 49 61 0 4 0 0.04 0.0 0 13.9 32 230 M M 5 43 230
26 73 45 59 -2 6 0 0.00 0.0 0 4.9 12 60 M M 0 18 50
27 73 41 57 -4 8 0 0.00 0.0 0 4.7 14 150 M M 0 8 24 170
28 65 53 59 -1 6 0 0.19 0.0 0 6.5 15 40 M M 6 1 20 40
29 66 59 63 3 2 0 0.82 0.0 0 8.1 22 70 M M 9 138 32 60
30 69 57 63 3 2 0 T 0.0 0 6.4 14 300 M M 9 1 16 270
31 78 54 66 7 0 1 0.00 0.0 0 3.7 10 280 M M 0 1 13 330
================================================================================
SM 2474 1700 65 143 1.48 0.0 201.5 M 56
================================================================================
AV 79.8 54.8 6.5 FASTST M M 2 MAX(MPH)
MISC ----> 32 230 43 230
================================================================================
NOTES:
# LAST OF SEVERAL OCCURRENCES
COLUMN 17 PEAK WIND IN M.P.H.
PRELIMINARY LOCAL CLIMATOLOGICAL DATA (WS FORM: F-6) , PAGE 2
STATION: TEXARKANA
MONTH: OCTOBER
YEAR: 2022
LATITUDE: 33 27 N
LONGITUDE: 94 0 W
[TEMPERATURE DATA] [PRECIPITATION DATA] SYMBOLS USED IN COLUMN 16
AVERAGE MONTHLY: 67.3 TOTAL FOR MONTH: 1.48 1 = FOG OR MIST
DPTR FM NORMAL: 2.4 DPTR FM NORMAL: -3.03 2 = FOG REDUCING VISIBILITY
HIGHEST: 91 ON 15,12 GRTST 24HR 0.99 ON 28-29 TO 1/4 MILE OR LESS
LOWEST: 36 ON 19 3 = THUNDER
SNOW, ICE PELLETS, HAIL 4 = ICE PELLETS
TOTAL MONTH: 0.0 INCH 5 = HAIL
GRTST 24HR 0.0 6 = FREEZING RAIN OR DRIZZLE
GRTST DEPTH: 0 7 = DUSTSTORM OR SANDSTORM:
VSBY 1/2 MILE OR LESS
8 = SMOKE OR HAZE
[NO. OF DAYS WITH] [WEATHER - DAYS WITH] 9 = BLOWING SNOW
X = TORNADO
MAX 32 OR BELOW: 0 0.01 INCH OR MORE: 5
MAX 90 OR ABOVE: 3 0.10 INCH OR MORE: 4
MIN 32 OR BELOW: 0 0.50 INCH OR MORE: 1
MIN 0 OR BELOW: 0 1.00 INCH OR MORE: 0
[HDD (BASE 65) ]
TOTAL THIS MO. 65 CLEAR (SCALE 0-3) 24
DPTR FM NORMAL -42 PTCLDY (SCALE 4-7) 4
TOTAL FM JUL 1 65 CLOUDY (SCALE 8-10) 3
DPTR FM NORMAL -49
[CDD (BASE 65) ]
TOTAL THIS MO. 143
DPTR FM NORMAL 41 [PRESSURE DATA]
TOTAL FM JAN 1 2967 HIGHEST SLP 30.40 ON 8
DPTR FM NORMAL 737 LOWEST SLP 29.61 ON 25
[REMARKS]
#FINAL-10-22#