000
CXUS54 KSHV 011300
CF6TXK
PRELIMINARY LOCAL CLIMATOLOGICAL DATA (WS FORM: F-6)
STATION: TEXARKANA
MONTH: MARCH
YEAR: 2024
LATITUDE: 33 27 N
LONGITUDE: 94 0 W
TEMPERATURE IN F: :PCPN: SNOW: WIND :SUNSHINE: SKY :PK WND
================================================================================
1 2 3 4 5 6A 6B 7 8 9 10 11 12 13 14 15 16 17 18
12Z AVG MX 2MIN
DY MAX MIN AVG DEP HDD CDD WTR SNW DPTH SPD SPD DIR MIN PSBL S-S WX SPD DR
================================================================================
1 55 40 48 -4 17 0 T 0.0 0 3.5 8 140 M M 7 1 11 130
2 79 41 60 8 5 0 0.00 0.0 0 8.5 16 150 M M 2 128 26 150
3 78 60 69 17 0 4 0.00 0.0 0 9.5 18 190 M M 5 25 210
4 83 65 74 22 0 9 0.00 0.0 0 9.2 17 140 M M 6 13 24 130
5 78 60 69 16 0 4 0.48 0.0 0 6.2 23 170 M M 5 13 32 180
6 81 55 68 15 0 3 0.00 0.0 0 5.5 12 110 M M 0 1 18 100
7 75 60 68 15 0 3 0.11 0.0 0 7.4 20 110 M M 6 13 29 270
8 68 58 63 9 2 0 0.81 0.0 0 4.0 16 320 M M 7 13 22 310
9 61 45 53 -1 12 0 0.11 0.0 0 9.6 17 300 M M 7 1 24 290
10 66 39 53 -1 12 0 0.00 0.0 0 2.3 8 330 M M 0 12 330
11 68 41 55 0 10 0 T 0.0 0 4.9 14 140 M M 1 18 180
12 78 50 64 9 1 0 0.00 0.0 0 9.2 18 210 M M 2 8 23 220
13 80 63 72 17 0 7 T 0.0 0 10.0 17 170 M M 5 25 160
14 85 69 77 22 0 12 T 0.0 0 9.6 20 210 M M 6 27 190
15 75 59 67 11 0 2 1.47 0.0 0 6.8 21 20 M M 9 138 28 40
16 70 53 62 6 3 0 0.40 0.0 0 5.3 15 240 M M 8 13 19 250
17 70 55 63 7 2 0 T 0.0 0 6.6 15 360 M M 8 1 22 340
18 62 40 51 -6 14 0 0.00 0.0 0 8.9 21 10 M M 0 32 10
19 67 33 50 -7 15 0 0.00 0.0 0 4.5 13 230 M M 0 8 20 220
20 74 45 60 3 5 0 0.00 0.0 0 4.8 12 180 M M 3 15 170
21 73 53 63 6 2 0 0.30 0.0 0 4.9 15 160 M M 8 1 20 140
22 62 53 58 0 7 0 0.79 0.0 0 5.8 13 20 M M 8 128 17 20
23 68 51 60 2 5 0 0.00 0.0 0 6.7 13 90 M M 1 1 19 110
24 68 49 59 1 6 0 0.00 0.0 0 10.1 21 160 M M 3 31 130
25 65 53 59 1 6 0 1.06 0.0 0 10.4 29 340 M M 7 138 37 340
26 62 41 52 -7 13 0 0.00 0.0 0 8.2 22 270 M M 0 32 270
27 66 38 52 -7 13 0 T 0.0 0 3.5 13 50 M M 1 19 50
28 73 42 58 -1 7 0 0.00 0.0 0 5.1 13 250 M M 0 17 260
29 80 54 67 7 0 2 0.00 0.0 0 11.5 21 190 M M 0 29 180
30 78 57 68 8 0 3 0.00 0.0 0 8.9 15 200 M M 4 21 230
31 75 63 69 9 0 4 T 0.0 0 9.2 16 190 M M 6 24 170
================================================================================
SM 2223 1585 157 53 5.53 0.0 220.6 M 125
================================================================================
AV 71.7 51.1 7.1 FASTST M M 4 MAX(MPH)
MISC ----> 29 340 37 340
================================================================================
NOTES:
# LAST OF SEVERAL OCCURRENCES
COLUMN 17 PEAK WIND IN M.P.H.
PRELIMINARY LOCAL CLIMATOLOGICAL DATA (WS FORM: F-6) , PAGE 2
STATION: TEXARKANA
MONTH: MARCH
YEAR: 2024
LATITUDE: 33 27 N
LONGITUDE: 94 0 W
[TEMPERATURE DATA] [PRECIPITATION DATA] SYMBOLS USED IN COLUMN 16
AVERAGE MONTHLY: 61.4 TOTAL FOR MONTH: 5.53 1 = FOG OR MIST
DPTR FM NORMAL: 5.4 DPTR FM NORMAL: 1.08 2 = FOG REDUCING VISIBILITY
HIGHEST: 85 ON 14 GRTST 24HR 1.47 ON 15-15 TO 1/4 MILE OR LESS
LOWEST: 33 ON 19 3 = THUNDER
SNOW, ICE PELLETS, HAIL 4 = ICE PELLETS
TOTAL MONTH: 0.0 INCH 5 = HAIL
GRTST 24HR 0.0 6 = FREEZING RAIN OR DRIZZLE
GRTST DEPTH: 0 7 = DUSTSTORM OR SANDSTORM:
VSBY 1/2 MILE OR LESS
8 = SMOKE OR HAZE
[NO. OF DAYS WITH] [WEATHER - DAYS WITH] 9 = BLOWING SNOW
X = TORNADO
MAX 32 OR BELOW: 0 0.01 INCH OR MORE: 9
MAX 90 OR ABOVE: 0 0.10 INCH OR MORE: 9
MIN 32 OR BELOW: 0 0.50 INCH OR MORE: 4
MIN 0 OR BELOW: 0 1.00 INCH OR MORE: 2
[HDD (BASE 65) ]
TOTAL THIS MO. 157 CLEAR (SCALE 0-3) 14
DPTR FM NORMAL -144 PTCLDY (SCALE 4-7) 15
TOTAL FM JUL 1 2030 CLOUDY (SCALE 8-10) 2
DPTR FM NORMAL -417
[CDD (BASE 65) ]
TOTAL THIS MO. 53
DPTR FM NORMAL 32 [PRESSURE DATA]
TOTAL FM JAN 1 96 HIGHEST SLP 30.33 ON 18
DPTR FM NORMAL 69 LOWEST SLP 29.45 ON 25
[REMARKS]
#FINAL-03-24#