000
CXUS54 KSHV 011500
CF6TYR
PRELIMINARY LOCAL CLIMATOLOGICAL DATA (WS FORM: F-6)
STATION: TYLER
MONTH: JULY
YEAR: 2020
LATITUDE: 32 22 N
LONGITUDE: 95 24 W
TEMPERATURE IN F: :PCPN: SNOW: WIND :SUNSHINE: SKY :PK WND
================================================================================
1 2 3 4 5 6A 6B 7 8 9 10 11 12 13 14 15 16 17 18
12Z AVG MX 2MIN
DY MAX MIN AVG DEP HDD CDD WTR SNW DPTH SPD SPD DIR MIN PSBL S-S WX SPD DR
================================================================================
1 93 79 86 4 0 21 0.00 0.0 0 12.0 22 210 M M 5 18 29 220
2 95 79 87 5 0 22 0.00 0.0 0 7.5 16 200 M M 3 18 20 190
3 98 75 87 5 0 22 0.02 0.0 0 7.0 22 110 M M 1 28 110
4 96 72 84 2 0 19 0.00 0.0 0 4.4 10 190 M M 0 38 12 220
5 93 75 84 2 0 19 0.70 0.0 0 6.5 22 60 M M 5 13 26 40
6 88 73 81 -1 0 16 1.38 0.0 0 6.9 23 260 M M 5 13 34 250
7 82 73 78 -4 0 13 2.04 0.0 0 7.2 18 200 M M 6 13 28 180
8 93 74 84 2 0 19 0.02 0.0 0 7.0 14 200 M M 6 8 20 170
9 93 78 86 4 0 21 0.00 0.0 0 9.3 18 210 M M 3 25 210
10 94 76 85 3 0 20 0.00 0.0 0 6.3 16 210 M M 1 21 210
11 95 78 87 4 0 22 0.00 0.0 0 6.7 13 250 M M 0 16 240
12 96 76 86 3 0 21 0.00 0.0 0 5.0 28 350 M M 0 38 360
13 97 79 88 5 0 23 0.00 0.0 0 7.1 15 180 M M 0 19 180
14 95 78 87 4 0 22 0.00 0.0 0 11.9 17 180 M M 0 22 190
15 93 79 86 3 0 21 0.00 0.0 0 10.9 21 200 M M 2 29 210
16 95 79 87 4 0 22 0.00 0.0 0 8.2 15 230 M M 0 20 220
17 96 76 86 3 0 21 0.00 0.0 0 7.2 15 110 M M 1 17 130
18 94 75 85 2 0 20 0.00 0.0 0 7.9 15 140 M M 1 19 150
19 95 75 85 2 0 20 0.00 0.0 0 5.8 14 150 M M 1 3 18 150
20 96 75 86 3 0 21 0.00 0.0 0 7.9 23 110 M M 1 3 29 110
21 90 74 82 -1 0 17 0.43 0.0 0 6.7 22 120 M M 2 13 26 140
22 93 75 84 0 0 19 0.00 0.0 0 6.3 20 100 M M 4 24 110
23 95 76 86 2 0 21 0.00 0.0 0 5.5 15 80 M M 2 1 20 80
24 93 76 85 1 0 20 0.00 0.0 0 8.6 20 110 M M 2 24 110
25 92 75 84 0 0 19 0.00 0.0 0 8.6 22 160 M M 6 27 170
26 92 75 84 0 0 19 0.00 0.0 0 7.0 21 140 M M 6 27 130
27 91 74 83 -1 0 18 0.00 0.0 0 4.9 10 80 M M 5 13 120
28 94 74 84 0 0 19 0.00 0.0 0 4.8 22 310 M M 1 27 300
29 94 77 86 2 0 21 T 0.0 0 10.5 21 190 M M 1 25 200
30 96 77 87 3 0 22 0.00 0.0 0 11.6 21 350 M M 2 29 200
31 93 71 82 -2 0 17 0.02 0.0 0 8.5 17 320 M M 4 3 23 220
================================================================================
SM 2900 2348 0 617 4.61 0.0 235.7 M 76
================================================================================
AV 93.6 75.7 7.6 FASTST M M 2 MAX(MPH)
MISC ----> # 28 350 # 38 360
================================================================================
NOTES:
# LAST OF SEVERAL OCCURRENCES
COLUMN 17 PEAK WIND IN M.P.H.
PRELIMINARY LOCAL CLIMATOLOGICAL DATA (WS FORM: F-6) , PAGE 2
STATION: TYLER
MONTH: JULY
YEAR: 2020
LATITUDE: 32 22 N
LONGITUDE: 95 24 W
[TEMPERATURE DATA] [PRECIPITATION DATA] SYMBOLS USED IN COLUMN 16
AVERAGE MONTHLY: 84.7 TOTAL FOR MONTH: 4.61 1 = FOG OR MIST
DPTR FM NORMAL: 1.7 DPTR FM NORMAL: 1.97 2 = FOG REDUCING VISIBILITY
HIGHEST: 98 ON 3 GRTST 24HR 2.04 ON 7- 7 TO 1/4 MILE OR LESS
LOWEST: 71 ON 31 3 = THUNDER
SNOW, ICE PELLETS, HAIL 4 = ICE PELLETS
TOTAL MONTH: 0.0 INCH 5 = HAIL
GRTST 24HR 0.0 6 = FREEZING RAIN OR DRIZZLE
GRTST DEPTH: 0 7 = DUSTSTORM OR SANDSTORM:
VSBY 1/2 MILE OR LESS
8 = SMOKE OR HAZE
[NO. OF DAYS WITH] [WEATHER - DAYS WITH] 9 = BLOWING SNOW
X = TORNADO
MAX 32 OR BELOW: 0 0.01 INCH OR MORE: 7
MAX 90 OR ABOVE: 29 0.10 INCH OR MORE: 4
MIN 32 OR BELOW: 0 0.50 INCH OR MORE: 3
MIN 0 OR BELOW: 0 1.00 INCH OR MORE: 2
[HDD (BASE 65) ]
TOTAL THIS MO. 0 CLEAR (SCALE 0-3) 20
DPTR FM NORMAL 0 PTCLDY (SCALE 4-7) 11
TOTAL FM JUL 1 0 CLOUDY (SCALE 8-10) 0
DPTR FM NORMAL 0
[CDD (BASE 65) ]
TOTAL THIS MO. 617
DPTR FM NORMAL 61 [PRESSURE DATA]
TOTAL FM JAN 1 1585 HIGHEST SLP 30.08 ON 26
DPTR FM NORMAL 227 LOWEST SLP 29.76 ON 5
[REMARKS]
#FINAL-07-20#