000
CXUS54 KSHV 011300
CF6TYR
PRELIMINARY LOCAL CLIMATOLOGICAL DATA (WS FORM: F-6)
STATION: TYLER
MONTH: SEPTEMBER
YEAR: 2023
LATITUDE: 32 22 N
LONGITUDE: 95 24 W
TEMPERATURE IN F: :PCPN: SNOW: WIND :SUNSHINE: SKY :PK WND
================================================================================
1 2 3 4 5 6A 6B 7 8 9 10 11 12 13 14 15 16 17 18
12Z AVG MX 2MIN
DY MAX MIN AVG DEP HDD CDD WTR SNW DPTH SPD SPD DIR MIN PSBL S-S WX SPD DR
================================================================================
1 97 72 85 3 0 20 0.00 0.0 0 6.6 16 40 M M 1 22 70
2 99 68 84 2 0 19 0.00 0.0 0 3.4 14 230 M M 0 19 210
3 101 75 88 7 0 23 0.00 0.0 0 7.2 17 350 M M 1 3 24 360
4 97 77 87 6 0 22 0.00 0.0 0 11.0 30 130 M M 1 39 140
5 102 78 90 9 0 25 0.00 0.0 0 10.7 16 190 M M 2 25 200
6 103 80 92 11 0 27 0.00 0.0 0 7.7 15 210 M M 0 21 200
7 107 81 94 14 0 29 0.00 0.0 0 5.8 13 200 M M 0 20 220
8 101 79 90 10 0 25 0.02 0.0 0 10.6 22 120 M M 1 3 31 120
9 94 72 83 3 0 18 0.12 0.0 0 7.3 26 330 M M 1 3 39 330
10 92 68 80 0 0 15 0.00 0.0 0 6.6 15 70 M M 0 23 70
11 90 66 78 -1 0 13 0.00 0.0 0 4.2 13 110 M M 1 19 100
12 93 75 84 5 0 19 T 0.0 0 5.4 17 20 M M 5 23 20
13 77 70 74 -5 0 9 0.76 0.0 0 7.3 12 60 M M 9 18 16 50
14 75 71 73 -6 0 8 0.40 0.0 0 6.0 13 90 M M 9 18 18 70
15 84 70 77 -1 0 12 0.00 0.0 0 4.6 12 50 M M 5 15 110
16 87 70 79 1 0 14 0.00 0.0 0 2.5 9 360 M M 4 12 50
17 92 67 80 2 0 15 0.00 0.0 0 3.5 14 10 M M 0 19 360
18 93 65 79 2 0 14 0.00 0.0 0 3.5 12 220 M M 0 15 250
19 94 64 79 2 0 14 T 0.0 0 9.2 18 200 M M 0 29 170
20 94 74 84 7 0 19 T 0.0 0 10.3 20 170 M M 3 27 190
21 96 71 84 8 0 19 0.00 0.0 0 7.9 15 180 M M 2 20 120
22 97 75 86 10 0 21 0.00 0.0 0 8.9 20 190 M M 2 25 220
23 97 75 86 10 0 21 0.00 0.0 0 9.6 16 200 M M 1 24 170
24 93 71 82 6 0 17 1.66 0.0 0 12.1 38 320 M M 3 13 54 310
25 92 72 82 7 0 17 0.19 0.0 0 5.1 32 330 M M 4 138 45 360
26 93 71 82 7 0 17 0.00 0.0 0 4.0 12 30 M M 1 1 17 30
27 95 70 83 9 0 18 0.00 0.0 0 1.4 8 150 M M 0 12 50
28 96 71 84 10 0 19 0.00 0.0 0 3.3 9 150 M M 0 13 220
29 93 71 82 8 0 17 0.00 0.0 0 6.4 14 130 M M 0 18 140
30 94 70 82 8 0 17 0.00 0.0 0 6.0 14 140 M M 1 18 140
================================================================================
SM 2818 2159 0 543 3.15 0.0 198.1 M 57
================================================================================
AV 93.9 72.0 6.6 FASTST M M 2 MAX(MPH)
MISC ----> 38 320 54 310
================================================================================
NOTES:
# LAST OF SEVERAL OCCURRENCES
COLUMN 17 PEAK WIND IN M.P.H.
PRELIMINARY LOCAL CLIMATOLOGICAL DATA (WS FORM: F-6) , PAGE 2
STATION: TYLER
MONTH: SEPTEMBER
YEAR: 2023
LATITUDE: 32 22 N
LONGITUDE: 95 24 W
[TEMPERATURE DATA] [PRECIPITATION DATA] SYMBOLS USED IN COLUMN 16
AVERAGE MONTHLY: 83.0 TOTAL FOR MONTH: 3.15 1 = FOG OR MIST
DPTR FM NORMAL: 4.9 DPTR FM NORMAL: 0.08 2 = FOG REDUCING VISIBILITY
HIGHEST: 107 ON 7 GRTST 24HR 1.85 ON 24-25 TO 1/4 MILE OR LESS
LOWEST: 64 ON 19 3 = THUNDER
SNOW, ICE PELLETS, HAIL 4 = ICE PELLETS
TOTAL MONTH: 0.0 INCH 5 = HAIL
GRTST 24HR 0.0 6 = FREEZING RAIN OR DRIZZLE
GRTST DEPTH: 0 7 = DUSTSTORM OR SANDSTORM:
VSBY 1/2 MILE OR LESS
8 = SMOKE OR HAZE
[NO. OF DAYS WITH] [WEATHER - DAYS WITH] 9 = BLOWING SNOW
X = TORNADO
MAX 32 OR BELOW: 0 0.01 INCH OR MORE: 6
MAX 90 OR ABOVE: 26 0.10 INCH OR MORE: 5
MIN 32 OR BELOW: 0 0.50 INCH OR MORE: 2
MIN 0 OR BELOW: 0 1.00 INCH OR MORE: 1
[HDD (BASE 65) ]
TOTAL THIS MO. 0 CLEAR (SCALE 0-3) 23
DPTR FM NORMAL -2 PTCLDY (SCALE 4-7) 5
TOTAL FM JUL 1 0 CLOUDY (SCALE 8-10) 2
DPTR FM NORMAL 0
[CDD (BASE 65) ]
TOTAL THIS MO. 543
DPTR FM NORMAL 151 [PRESSURE DATA]
TOTAL FM JAN 1 3119 HIGHEST SLP 30.14 ON 10
DPTR FM NORMAL 621 LOWEST SLP 29.77 ON 24
[REMARKS]
#FINAL-09-23#