000
CXUS54 KMRX 011130
CF6TYS
PRELIMINARY LOCAL CLIMATOLOGICAL DATA (WS FORM: F-6)
STATION: KNOXVILLE MCGHEE TYSON AIRPORT
MONTH: JANUARY
YEAR: 2023
LATITUDE: 35 49 N
LONGITUDE: 83 59 W
TEMPERATURE IN F: :PCPN: SNOW: WIND :SUNSHINE: SKY :PK WND
================================================================================
1 2 3 4 5 6A 6B 7 8 9 10 11 12 13 14 15 16 17 18
12Z AVG MX 2MIN
DY MAX MIN AVG DEP HDD CDD WTR SNW DPTH SPD SPD DIR MIN PSBL S-S WX SPD DR
================================================================================
1 67 47 57 17 8 0 T 0.0 0 3.3 17 230 M M 6 1 22 220
2 66 40 53 14 12 0 0.01 0.0 0 2.2 7 60 M M 7 1 9 320
3 75 50 63 24 2 0 0.70 0.0 0 9.5 31 200 M M 10 1238 50 180
4 66 47 57 18 8 0 0.66 0.0 0 9.9 26 230 M M 6 13 34 230
5 57 39 48 9 17 0 0.00 0.0 0 11.1 24 240 M M 2 33 220
6 51 34 43 4 22 0 0.00 0.0 0 6.9 15 240 M M 3 19 250
7 45 34 40 1 25 0 0.02 0.0 0 1.8 7 20 M M 9 9 40
8 47 41 44 5 21 0 0.86 0.0 0 4.4 10 110 M M 8 1 13 220
9 48 31 40 1 25 0 0.00 0.0 0 3.8 9 10 M M 7 14 20
10 54 27 41 2 24 0 0.00 0.0 0 2.4 16 200 M M 6 12 19 200
11 51 34 43 4 22 0 T 0.0 0 2.9 8 10 M M 10 10 310
12 66 46 56 17 9 0 0.80 0.0 0 10.4 53 220 M M 10 13 69 210
13 47 33 40 1 25 0 0.05 T 0 9.5 20 320 M M 10 1 27 330
14 37 25 31 -8 34 0 T T 0 8.2 15 340 M M 8 21 340
15 47 23 35 -4 30 0 0.00 0.0 0 6.0 15 40 M M 2 18 50
16 49 26 38 -1 27 0 T 0.0 0 2.4 7 310 M M 8 9 310
17 60 40 50 11 15 0 0.76 0.0 0 5.3 15 220 M M 9 1 18 230
18 57 47 52 13 13 0 T 0.0 0 3.1 10 60 M M 9 12 12 70
19 67 49 58 19 7 0 0.15 0.0 0 18.3 36 230 M M 6 18 44 220
20 50 35 43 4 22 0 0.00 0.0 0 9.1 18 260 M M 5 26 250
21 50 28 39 0 26 0 0.00 0.0 0 4.0 12 30 M M 4 14 40
22 46 38 42 3 23 0 0.31 0.0 0 4.3 13 270 M M 10 1 16 260
23 44 30 37 -2 28 0 0.00 0.0 0 8.2 20 270 M M 7 26 250
24 50 24 37 -2 28 0 0.00 0.0 0 5.0 12 40 M M 4 16 40
25 62 38 50 11 15 0 0.68 0.0 0 13.7 33 230 M M 9 1 44 260
26 41 37 39 0 26 0 T T 0 10.2 21 240 M M 10 27 240
27 47 26 37 -2 28 0 0.00 0.0 0 10.5 22 220 M M 2 28 260
28 56 34 45 5 20 0 0.00 0.0 0 6.9 18 220 M M 2 22 220
29 48 41 45 5 20 0 0.47 0.0 0 4.5 15 240 M M 10 1 18 240
30 53 43 48 8 17 0 0.22 0.0 0 3.2 10 300 M M 10 12 14 300
31 50 40 45 5 20 0 0.54 0.0 0 4.2 14 360 M M 10 12 19 360
================================================================================
SM 1654 1127 619 0 6.23 T 205.2 M 219
================================================================================
AV 53.4 36.4 6.6 FASTST M M 7 MAX(MPH)
MISC ----> 53 220 69 210
================================================================================
NOTES:
# LAST OF SEVERAL OCCURRENCES
COLUMN 17 PEAK WIND IN M.P.H.
PRELIMINARY LOCAL CLIMATOLOGICAL DATA (WS FORM: F-6) , PAGE 2
STATION: KNOXVILLE MCGHEE TYSON AIRPORT
MONTH: JANUARY
YEAR: 2023
LATITUDE: 35 49 N
LONGITUDE: 83 59 W
[TEMPERATURE DATA] [PRECIPITATION DATA] SYMBOLS USED IN COLUMN 16
AVERAGE MONTHLY: 44.9 TOTAL FOR MONTH: 6.23 1 = FOG OR MIST
DPTR FM NORMAL: 5.8 DPTR FM NORMAL: 1.47 2 = FOG REDUCING VISIBILITY
HIGHEST: 75 ON 3 GRTST 24HR 0.86 ON 8- 8 TO 1/4 MILE OR LESS
LOWEST: 23 ON 15 3 = THUNDER
SNOW, ICE PELLETS, HAIL 4 = ICE PELLETS
TOTAL MONTH: T 5 = HAIL
GRTST 24HR T ON 13-13 6 = FREEZING RAIN OR DRIZZLE
GRTST DEPTH: 0 7 = DUSTSTORM OR SANDSTORM:
VSBY 1/2 MILE OR LESS
8 = SMOKE OR HAZE
[NO. OF DAYS WITH] [WEATHER - DAYS WITH] 9 = BLOWING SNOW
X = TORNADO
MAX 32 OR BELOW: 0 0.01 INCH OR MORE: 14
MAX 90 OR ABOVE: 0 0.10 INCH OR MORE: 11
MIN 32 OR BELOW: 9 0.50 INCH OR MORE: 7
MIN 0 OR BELOW: 0 1.00 INCH OR MORE: 0
[HDD (BASE 65) ]
TOTAL THIS MO. 619 CLEAR (SCALE 0-3) 5
DPTR FM NORMAL -184 PTCLDY (SCALE 4-7) 13
TOTAL FM JUL 1 2034 CLOUDY (SCALE 8-10) 13
DPTR FM NORMAL -172
[CDD (BASE 65) ]
TOTAL THIS MO. 0
DPTR FM NORMAL 0 [PRESSURE DATA]
TOTAL FM JAN 1 0 HIGHEST SLP 30.41 ON 28
DPTR FM NORMAL 0 LOWEST SLP 29.60 ON 25
[REMARKS]
#FINAL-01-23#