000
CXUS54 KMRX 011130
CF6TYS
PRELIMINARY LOCAL CLIMATOLOGICAL DATA (WS FORM: F-6)
STATION: KNOXVILLE MCGHEE TYSON AIRPORT
MONTH: DECEMBER
YEAR: 2022
LATITUDE: 35 49 N
LONGITUDE: 83 59 W
TEMPERATURE IN F: :PCPN: SNOW: WIND :SUNSHINE: SKY :PK WND
================================================================================
1 2 3 4 5 6A 6B 7 8 9 10 11 12 13 14 15 16 17 18
12Z AVG MX 2MIN
DY MAX MIN AVG DEP HDD CDD WTR SNW DPTH SPD SPD DIR MIN PSBL S-S WX SPD DR
================================================================================
1 49 27 38 -7 27 0 0.00 0.0 0 6.7 14 40 M M 3 18 60
2 56 28 42 -2 23 0 0.02 0.0 0 2.7 13 120 M M 8 16 120
3 59 42 51 7 14 0 0.25 0.0 0 8.5 21 230 M M 8 1 28 240
4 44 34 39 -5 26 0 0.00 0.0 0 3.6 9 10 M M 5 11 10
5 43 29 36 -8 29 0 0.54 0.0 0 1.7 8 60 M M 8 1 10 50
6 52 43 48 4 17 0 0.33 0.0 0 1.1 8 310 M M 10 1 12 340
7 65 51 58 15 7 0 1.07 0.0 0 5.7 15 240 M M 10 12 19 220
8 63 55 59 16 6 0 1.60 0.0 0 6.1 17 350 M M 10 12 23 350
9 58 52 55 12 10 0 0.05 0.0 0 2.2 8 280 M M 10 12 12 360
10 60 50 55 12 10 0 T 0.0 0 4.0 13 240 M M 9 12 15 240
11 54 48 51 8 14 0 0.08 0.0 0 3.4 10 360 M M 10 1 14 360
12 50 38 44 2 21 0 0.00 0.0 0 6.2 13 30 M M 7 1 17 40
13 58 31 45 3 20 0 0.00 0.0 0 2.2 8 20 M M 5 11 20
14 51 46 49 7 16 0 0.93 0.0 0 5.9 12 30 M M 10 1 14 10
15 54 39 47 5 18 0 0.43 0.0 0 12.4 22 210 M M 7 1 29 220
16 47 33 40 -2 25 0 0.00 0.0 0 13.0 24 230 M M 3 31 220
17 46 33 40 -2 25 0 0.00 0.0 0 11.5 28 220 M M 3 33 220
18 40 26 33 -8 32 0 0.00 0.0 0 5.9 16 250 M M 2 21 250
19 45 21 33 -8 32 0 0.00 0.0 0 5.2 10 30 M M 7 17 10
20 49 32 41 0 24 0 0.00 0.0 0 1.6 8 10 M M 10 10 310
21 53 30 42 1 23 0 T 0.0 0 1.8 9 10 M M 7 11 10
22 51 41 46 5 19 0 0.05 0.0 0 6.7 22 210 M M 10 30 210
23 47 4 26 -15 39 0 0.13 T 0 18.2 35 290 M M 7 1 50 280
24 22 4 13 -27 52 0 T T 0 13.6 20 220 M M 6 8 26 250
25 30 12 21 -19 44 0 T 0.0 0 8.1 16 240 M M 0 22 240
26 29 14 22 -18 43 0 0.17 1.6 2 2.4 14 240 M M 7 1 16 240
27 42 25 34 -6 31 0 T T 2 1.9 8 70 M M 6 1 9 70
28 52 20 36 -4 29 0 0.00 0.0 0 2.0 9 80 M M 1 10 80
29 63 29 46 6 19 0 0.00 0.0 0 2.2 8 60 M M 4 10 130
30 68 32 50 10 15 0 T 0.0 0 3.8 18 190 M M 5 24 190
31 62 50 56 16 9 0 0.01 0.0 0 4.1 14 150 M M 8 1 17 150
================================================================================
SM 1562 1019 719 0 5.66 1.6 174.4 M 206
================================================================================
AV 50.4 32.9 5.6 FASTST M M 7 MAX(MPH)
MISC ----> 35 290 50 280
================================================================================
NOTES:
# LAST OF SEVERAL OCCURRENCES
COLUMN 17 PEAK WIND IN M.P.H.
PRELIMINARY LOCAL CLIMATOLOGICAL DATA (WS FORM: F-6) , PAGE 2
STATION: KNOXVILLE MCGHEE TYSON AIRPORT
MONTH: DECEMBER
YEAR: 2022
LATITUDE: 35 49 N
LONGITUDE: 83 59 W
[TEMPERATURE DATA] [PRECIPITATION DATA] SYMBOLS USED IN COLUMN 16
AVERAGE MONTHLY: 41.6 TOTAL FOR MONTH: 5.66 1 = FOG OR MIST
DPTR FM NORMAL: -0.3 DPTR FM NORMAL: 0.66 2 = FOG REDUCING VISIBILITY
HIGHEST: 68 ON 30 GRTST 24HR 1.61 ON 8- 9 TO 1/4 MILE OR LESS
LOWEST: 4 ON 24,23 3 = THUNDER
SNOW, ICE PELLETS, HAIL 4 = ICE PELLETS
TOTAL MONTH: 1.6 INCHES 5 = HAIL
GRTST 24HR 1.6 ON 26-26 6 = FREEZING RAIN OR DRIZZLE
GRTST DEPTH: 2 ON 27,26 7 = DUSTSTORM OR SANDSTORM:
VSBY 1/2 MILE OR LESS
8 = SMOKE OR HAZE
[NO. OF DAYS WITH] [WEATHER - DAYS WITH] 9 = BLOWING SNOW
X = TORNADO
MAX 32 OR BELOW: 3 0.01 INCH OR MORE: 14
MAX 90 OR ABOVE: 0 0.10 INCH OR MORE: 9
MIN 32 OR BELOW: 16 0.50 INCH OR MORE: 4
MIN 0 OR BELOW: 0 1.00 INCH OR MORE: 2
[HDD (BASE 65) ]
TOTAL THIS MO. 719 CLEAR (SCALE 0-3) 5
DPTR FM NORMAL 3 PTCLDY (SCALE 4-7) 15
TOTAL FM JUL 1 1415 CLOUDY (SCALE 8-10) 11
DPTR FM NORMAL 14
[CDD (BASE 65) ]
TOTAL THIS MO. 0
DPTR FM NORMAL 0 [PRESSURE DATA]
TOTAL FM JAN 1 1726 HIGHEST SLP 30.54 ON 1
DPTR FM NORMAL 154 LOWEST SLP 29.54 ON 23
[REMARKS]
#FINAL-12-22#