000
CXUS53 KLSX 011558
CF6UIN
PRELIMINARY LOCAL CLIMATOLOGICAL DATA (WS FORM: F-6)
STATION: QUINCY IL
MONTH: OCTOBER
YEAR: 2021
LATITUDE: 39 57 N
LONGITUDE: 91 12 W
TEMPERATURE IN F: :PCPN: SNOW: WIND :SUNSHINE: SKY :PK WND
================================================================================
1 2 3 4 5 6A 6B 7 8 9 10 11 12 13 14 15 16 17 18
12Z AVG MX 2MIN
DY MAX MIN AVG DEP HDD CDD WTR SNW DPTH SPD SPD DIR MIN PSBL S-S WX SPD DR
================================================================================
1 80 62 71 10 0 6 0.03 0.0 0 7.5 18 140 M M 3 26 140
2 77 65 71 10 0 6 0.28 0.0 0 4.9 16 250 M M 7 138 24 280
3 73 59 66 6 0 1 0.39 0.0 0 7.5 17 300 M M 8 138 22 290
4 70 53 62 2 3 0 0.00 0.0 0 7.2 13 10 M M 4 19 360
5 73 58 66 6 0 1 T 0.0 0 8.0 16 60 M M 9 1 20 40
6 70 63 67 8 0 2 0.38 0.0 0 8.1 15 80 M M 10 18 19 80
7 76 61 69 10 0 4 0.87 0.0 0 3.5 17 130 M M 7 1238 28 140
8 80 59 70 12 0 5 0.00 0.0 0 5.2 10 190 M M 2 12 14 180
9 81 62 72 14 0 7 0.00 0.0 0 9.0 17 190 M M 0 25 210
10 83 69 76 18 0 11 0.00 0.0 0 10.7 18 210 M M 3 25 200
11 75 58 67 10 0 2 1.15 0.0 0 10.4 23 250 M M 8 13 31 260
12 76 50 63 6 2 0 0.00 0.0 0 6.0 13 250 M M 0 1 20 250
13 75 61 68 12 0 3 0.35 0.0 0 10.6 20 140 M M 6 138 32 140
14 70 56 63 7 2 0 0.13 0.0 0 3.8 13 320 M M 7 18 17 300
15 64 44 54 -2 11 0 0.04 0.0 0 9.1 21 340 M M 7 8 27 340
16 63 41 52 -3 13 0 0.00 0.0 0 9.3 22 310 M M 0 8 28 310
17 71 40 56 1 9 0 0.00 0.0 0 7.1 16 280 M M 0 8 22 290
18 74 45 60 6 5 0 0.00 0.0 0 6.5 13 210 M M 0 8 17 210
19 72 51 62 8 3 0 0.00 0.0 0 8.4 16 200 M M 0 8 22 170
20 73 53 63 10 2 0 0.00 0.0 0 11.1 20 280 M M 4 8 31 290
21 53 46 50 -3 15 0 0.00 0.0 0 12.0 20 280 M M 8 8 29 280
22 56 46 51 -2 14 0 0.00 0.0 0 6.0 12 320 M M 5 1 16 290
23 59 45 52 0 13 0 0.08 0.0 0 9.4 20 130 M M 9 13 26 120
24 68 49 59 7 6 0 4.69 0.0 0 12.9 31 250 M M 9 1238 48 260
25 51 39 45 -6 20 0 0.00 0.0 0 12.7 26 310 M M 8 1 36 290
26 59 37 48 -3 17 0 0.00 0.0 0 9.1 17 120 M M 0 23 120
27 63 45 54 4 11 0 0.01 0.0 0 13.9 26 130 M M 2 35 140
28 51 47 49 -1 16 0 0.68 0.0 0 13.9 20 70 M M 9 1 27 60
29 51 49 50 0 15 0 0.22 0.0 0 16.3 21 360 M M 10 1 31 360
30 58 42 50 1 15 0 0.00 0.0 0 7.6 17 340 M M 5 18 23 330
31 55 37 46 -3 19 0 0.00 0.0 0 11.5 22 330 M M 2 1 29 330
================================================================================
SM 2100 1592 211 48 9.30 0.0 279.2 M 152
================================================================================
AV 67.7 51.4 9.0 FASTST M M 5 MAX(MPH)
MISC ----> 31 250 48 260
================================================================================
NOTES:
# LAST OF SEVERAL OCCURRENCES
COLUMN 17 PEAK WIND IN M.P.H.
PRELIMINARY LOCAL CLIMATOLOGICAL DATA (WS FORM: F-6) , PAGE 2
STATION: QUINCY IL
MONTH: OCTOBER
YEAR: 2021
LATITUDE: 39 57 N
LONGITUDE: 91 12 W
[TEMPERATURE DATA] [PRECIPITATION DATA] SYMBOLS USED IN COLUMN 16
AVERAGE MONTHLY: 59.5 TOTAL FOR MONTH: 9.30 1 = FOG OR MIST
DPTR FM NORMAL: 4.4 DPTR FM NORMAL: 6.25 2 = FOG REDUCING VISIBILITY
HIGHEST: 83 ON 10 GRTST 24HR 4.77 ON 23-24 TO 1/4 MILE OR LESS
LOWEST: 37 ON 31,26 3 = THUNDER
SNOW, ICE PELLETS, HAIL 4 = ICE PELLETS
TOTAL MONTH: 0.0 INCH 5 = HAIL
GRTST 24HR 0.0 6 = FREEZING RAIN OR DRIZZLE
GRTST DEPTH: 0 7 = DUSTSTORM OR SANDSTORM:
VSBY 1/2 MILE OR LESS
8 = SMOKE OR HAZE
[NO. OF DAYS WITH] [WEATHER - DAYS WITH] 9 = BLOWING SNOW
X = TORNADO
MAX 32 OR BELOW: 0 0.01 INCH OR MORE: 14
MAX 90 OR ABOVE: 0 0.10 INCH OR MORE: 10
MIN 32 OR BELOW: 0 0.50 INCH OR MORE: 4
MIN 0 OR BELOW: 0 1.00 INCH OR MORE: 2
[HDD (BASE 65) ]
TOTAL THIS MO. 211 CLEAR (SCALE 0-3) 12
DPTR FM NORMAL -120 PTCLDY (SCALE 4-7) 9
TOTAL FM JUL 1 227 CLOUDY (SCALE 8-10) 10
DPTR FM NORMAL -183
[CDD (BASE 65) ]
TOTAL THIS MO. 48
DPTR FM NORMAL 25 [PRESSURE DATA]
TOTAL FM JAN 1 1359 HIGHEST SLP 30.30 ON 31
DPTR FM NORMAL 207 LOWEST SLP 29.42 ON 28
[REMARKS]
#FINAL-10-21#