000
CXUS56 KSTO 050421
CF6VCB
PRELIMINARY LOCAL CLIMATOLOGICAL DATA (WS FORM: F-6)
STATION: VACAVILLE
MONTH: JULY
YEAR: 2022
LATITUDE: 38 22 N
LONGITUDE: 121-58 E
TEMPERATURE IN F: :PCPN: SNOW: WIND :SUNSHINE: SKY :PK WND
================================================================================
1 2 3 4 5 6A 6B 7 8 9 10 11 12 13 14 15 16 17 18
12Z AVG MX 2MIN
DY MAX MIN AVG DEP HDD CDD WTR SNW DPTH SPD SPD DIR MIN PSBL S-S WX SPD DR
================================================================================
1 89 56 73 -3 0 8 0.00 M M 9.0 16 210 M M 0 23 220
2 80 56 68 -8 0 3 0.00 M M 13.3 25 210 M M 0 33 220
3 77 56 67 -9 0 2 0.00 0.0 M 10.4 22 220 M M 0 28 210
4 87 54 71 -6 0 6 0.00 0.0 M 6.8 16 240 M M 3 23 200
5 86 63 75 -2 0 10 0.00 0.0 M 11.2 21 250 M M 4 28 200
6 83 62 73 -4 0 8 0.00 0.0 M 11.3 20 240 M M 0 27 210
7 91 58 75 -2 0 10 0.00 0.0 M 6.8 15 220 M M 0 20 210
8 95 58 77 0 0 12 0.00 M M 5.8 16 220 M M 0 22 220
9 95 61 78 1 0 13 0.00 M M 8.2 15 220 M M 0 20 230
10 101 56 79 2 0 14 0.00 M M 4.2 14 230 M M 0 19 190
11 103 62 83 6 0 18 0.00 M M 5.8 15 220 M M 0 21 210
12 97 60 79 2 0 14 0.00 M M 9.2 18 240 M M 0 25 220
13 94 62 78 1 0 13 0.00 M M 9.8 17 220 M M 0 24 210
14 97 57 77 0 0 12 0.00 M M 5.7 15 220 M M 0 22 220
15 99 59 79 2 0 14 0.00 M M 6.0 16 220 M M 0 20 230
16 103 56 80 3 0 15 0.00 M M 5.0 13 220 M M 0 26 90
17 106 64 85 8 0 20 0.00 M M 6.1 18 220 M M 0 23 220
18 101 68 85 8 0 20 0.00 M M 7.9 16 230 M M 0 21 220
19 101 63 82 5 0 17 0.00 M M 7.7 17 220 M M 0 23 230
20 106 54 80 3 0 15 0.00 M M 6.2 16 230 M M 0 21 220
21 104 57 81 4 0 16 0.00 M M 5.9 16 240 M M 0 22 220
22 102 58 80 3 0 15 0.00 M M 6.6 16 220 M M 0 22 220
23 97 56 77 0 0 12 0.00 M M 6.0 14 240 M M 0 18 230
24 97 59 78 1 0 13 0.00 M M 6.5 13 230 M M 0 18 230
25 94 58 76 -1 0 11 0.00 M M 8.0 15 190 M M 0 22 210
26 98 63 81 4 0 16 0.00 M M 8.7 25 180 M M 0 32 180
27 99 60 80 3 0 15 0.00 M M 6.5 15 200 M M 0 23 180
28 99 60 80 3 0 15 0.00 M M 7.5 16 220 M M 0 21 200
29 96 61 79 2 0 14 0.00 M M 7.1 17 220 M M 0 24 220
30 89 63 76 -1 0 11 T M M 9.0 18 220 M M 0 26 220
31 88 64 76 -1 0 11 0.00 M M 8.7 17 210 M M 0 26 220
================================================================================
SM 2954 1844 0 393 T 0.0 236.9 M 7
================================================================================
AV 95.3 59.5 7.6 FASTST M M 0 MAX(MPH)
MISC ----> # 25 210 33 220
================================================================================
NOTES:
# LAST OF SEVERAL OCCURRENCES
COLUMN 17 PEAK WIND IN M.P.H.
PRELIMINARY LOCAL CLIMATOLOGICAL DATA (WS FORM: F-6) , PAGE 2
STATION: VACAVILLE
MONTH: JULY
YEAR: 2022
LATITUDE: 38 22 N
LONGITUDE: 121-58 E
[TEMPERATURE DATA] [PRECIPITATION DATA] SYMBOLS USED IN COLUMN 16
AVERAGE MONTHLY: 77.4 TOTAL FOR MONTH: T 1 = FOG OR MIST
DPTR FM NORMAL: 0.4 DPTR FM NORMAL: -0.01 2 = FOG REDUCING VISIBILITY
HIGHEST: 106 ON 17,20 GRTST 24HR T ON 30-30 TO 1/4 MILE OR LESS
LOWEST: 54 ON 20, 4 3 = THUNDER
SNOW, ICE PELLETS, HAIL 4 = ICE PELLETS
TOTAL MONTH: 0.0 INCH 5 = HAIL
GRTST 24HR 0.0 6 = FREEZING RAIN OR DRIZZLE
GRTST DEPTH: M ON M 7 = DUSTSTORM OR SANDSTORM:
VSBY 1/2 MILE OR LESS
8 = SMOKE OR HAZE
[NO. OF DAYS WITH] [WEATHER - DAYS WITH] 9 = BLOWING SNOW
X = TORNADO
MAX 32 OR BELOW: 0 0.01 INCH OR MORE: 0
MAX 90 OR ABOVE: 23 0.10 INCH OR MORE: 0
MIN 32 OR BELOW: 0 0.50 INCH OR MORE: 0
MIN 0 OR BELOW: 0 1.00 INCH OR MORE: 0
[HDD (BASE 65) ]
TOTAL THIS MO. 0 CLEAR (SCALE 0-3) 30
DPTR FM NORMAL 0 PTCLDY (SCALE 4-7) 1
TOTAL FM JUL 1 0 CLOUDY (SCALE 8-10) 0
DPTR FM NORMAL 0
[CDD (BASE 65) ]
TOTAL THIS MO. 393
DPTR FM NORMAL 21 [PRESSURE DATA]
TOTAL FM JAN 1 896 HIGHEST SLP 30.10 ON 9
DPTR FM NORMAL 159 LOWEST SLP 29.72 ON 17
[REMARKS]
#FINAL-07-22#