000
CXUS54 KCRP 021817
CF6VCT
PRELIMINARY LOCAL CLIMATOLOGICAL DATA (WS FORM: F-6)
STATION: VICTORIA
MONTH: JUNE
YEAR: 2021
LATITUDE: 28 51 N
LONGITUDE: 96 55 W
TEMPERATURE IN F: :PCPN: SNOW: WIND :SUNSHINE: SKY :PK WND
================================================================================
1 2 3 4 5 6A 6B 7 8 9 10 11 12 13 14 15 16 17 18
12Z AVG MX 2MIN
DY MAX MIN AVG DEP HDD CDD WTR SNW DPTH SPD SPD DIR MIN PSBL S-S WX SPD DR
================================================================================
1 86 69 78 -3 0 13 0.72 0.0 0 7.1 21 310 M M 5 13 26 310
2 89 71 80 -1 0 15 0.01 0.0 0 5.3 18 50 M M 4 123 22 70
3 87 69 78 -3 0 13 2.53 0.0 0 9.0 25 100 M M 5 13 33 100
4 85 70 78 -4 0 13 0.37 0.0 0 4.5 12 60 M M 7 18 14 60
5 87 69 78 -4 0 13 1.42 0.0 0 5.2 22 300 M M 4 13 27 180
6 90 72 81 -1 0 16 0.00 0.0 0 9.4 20 150 M M 3 1 26 140
7 89 79 84 2 0 19 0.00 0.0 0 15.3 28 160 M M 9 18 33 170
8 91 80 86 4 0 21 0.00 0.0 0 12.7 22 170 M M 9 8 27 150
9 92 78 85 3 0 20 0.00 0.0 0 10.3 22 160 M M 9 18 27 160
10 92 75 84 2 0 19 0.00 0.0 0 10.0 20 150 M M 6 1 25 150
11 93 77 85 3 0 20 0.00 0.0 0 10.2 20 180 M M 4 8 24 180
12 93 76 85 2 0 20 0.00 0.0 0 6.8 17 150 M M 3 1 20 140
13 96 75 86 3 0 21 0.00 0.0 0 4.9 15 150 M M 2 12 18 140
14 98 75 87 4 0 22 0.15 0.0 0 5.7 28 110 M M 3 13 35 80
15 96 72 84 1 0 19 0.72 0.0 0 7.1 35 60 M M 1 138 46 60
16 94 71 83 0 0 18 T 0.0 0 6.0 29 90 M M 1 3 36 100
17 95 74 85 2 0 20 T 0.0 0 6.2 18 130 M M 2 13 24 110
18 93 73 83 0 0 18 0.00 0.0 0 5.3 12 40 M M 2 17 30
19 93 73 83 0 0 18 0.00 0.0 0 6.5 17 170 M M 2 1 24 150
20 92 76 84 1 0 19 0.02 0.0 0 10.4 22 160 M M 3 18 27 150
21 91 78 85 2 0 20 0.03 0.0 0 11.9 24 150 M M 9 18 28 160
22 93 75 84 1 0 19 0.31 0.0 0 7.2 20 20 M M 4 13 26 10
23 94 77 86 3 0 21 0.00 0.0 0 8.2 18 160 M M 3 1 23 160
24 93 77 85 1 0 20 0.00 0.0 0 10.9 22 160 M M 4 1 25 170
25 94 78 86 2 0 21 0.00 0.0 0 11.7 21 150 M M 3 1 26 150
26 92 78 85 1 0 20 T 0.0 0 12.3 22 160 M M 3 1 26 150
27 87 74 81 -3 0 16 0.25 0.0 0 5.8 22 150 M M 2 13 28 140
28 82 74 78 -6 0 13 0.03 0.0 0 6.9 14 40 M M 4 1 17 40
29 87 74 81 -3 0 16 0.11 0.0 0 8.1 20 140 M M 4 1 24 130
30 91 75 83 -1 0 18 0.03 0.0 0 5.6 21 40 M M 3 13 27 40
================================================================================
SM 2735 2234 0 541 6.70 0.0 246.5 M 123
================================================================================
AV 91.2 74.5 8.2 FASTST M M 4 MAX(MPH)
MISC ----> 35 60 46 60
================================================================================
NOTES:
# LAST OF SEVERAL OCCURRENCES
COLUMN 17 PEAK WIND IN M.P.H.
PRELIMINARY LOCAL CLIMATOLOGICAL DATA (WS FORM: F-6) , PAGE 2
STATION: VICTORIA
MONTH: JUNE
YEAR: 2021
LATITUDE: 28 51 N
LONGITUDE: 96 55 W
[TEMPERATURE DATA] [PRECIPITATION DATA] SYMBOLS USED IN COLUMN 16
AVERAGE MONTHLY: 82.8 TOTAL FOR MONTH: 6.70 1 = FOG OR MIST
DPTR FM NORMAL: 0.1 DPTR FM NORMAL: 2.49 2 = FOG REDUCING VISIBILITY
HIGHEST: 98 ON 14 GRTST 24HR 2.72 ON 3- 4 TO 1/4 MILE OR LESS
LOWEST: 69 ON 5, 3 3 = THUNDER
SNOW, ICE PELLETS, HAIL 4 = ICE PELLETS
TOTAL MONTH: 0.0 INCH 5 = HAIL
GRTST 24HR 0.0 6 = FREEZING RAIN OR DRIZZLE
GRTST DEPTH: 0 7 = DUSTSTORM OR SANDSTORM:
VSBY 1/2 MILE OR LESS
8 = SMOKE OR HAZE
[NO. OF DAYS WITH] [WEATHER - DAYS WITH] 9 = BLOWING SNOW
X = TORNADO
MAX 32 OR BELOW: 0 0.01 INCH OR MORE: 14
MAX 90 OR ABOVE: 21 0.10 INCH OR MORE: 9
MIN 32 OR BELOW: 0 0.50 INCH OR MORE: 4
MIN 0 OR BELOW: 0 1.00 INCH OR MORE: 2
[HDD (BASE 65) ]
TOTAL THIS MO. 0 CLEAR (SCALE 0-3) 11
DPTR FM NORMAL 0 PTCLDY (SCALE 4-7) 15
TOTAL FM JUL 1 1230 CLOUDY (SCALE 8-10) 4
DPTR FM NORMAL 64
[CDD (BASE 65) ]
TOTAL THIS MO. 541
DPTR FM NORMAL 10 [PRESSURE DATA]
TOTAL FM JAN 1 1256 HIGHEST SLP 30.08 ON 1
DPTR FM NORMAL 14 LOWEST SLP 29.73 ON 6
[REMARKS]
#FINAL-06-21#