227
CXUS55 KVEF 010910
CF6VGT
PRELIMINARY LOCAL CLIMATOLOGICAL DATA (WS FORM: F-6)
STATION: NORTH_LAS_VEGAS NV
MONTH: FEBRUARY
YEAR: 2021
LATITUDE: 36 12 N
LONGITUDE: 115 12 W
TEMPERATURE IN F: :PCPN: SNOW: WIND :SUNSHINE: SKY :PK WND
================================================================================
1 2 3 4 5 6A 6B 7 8 9 10 11 12 13 14 15 16 17 18
12Z AVG MX 2MIN
DY MAX MIN AVG DEP HDD CDD WTR SNW DPTH SPD SPD DIR MIN PSBL S-S WX SPD DR
================================================================================
1 61 47 54 4 11 0 0.00 M M 4.8 13 100 M M 5 14 110
2 67 45 56 6 9 0 0.00 M M 4.1 10 70 M M 2 12 120
3 73 54 64 14 1 0 0.00 M M 16.3 31 190 M M 0 36 200
4 61 46 54 3 11 0 0.00 M M 12.7 25 330 M M 0 31 330
5 72 43 58 7 7 0 0.00 M M 6.9 21 80 M M 0 26 70
6 67 46 57 6 8 0 0.00 M M 5.7 20 310 M M 0 26 360
7 70 41 56 5 9 0 0.00 M M 3.0 9 290 M M 0 11 240
8 68 41 55 4 10 0 0.00 M M 4.1 8 340 M M 0 10 80
9 64 49 57 6 8 0 0.00 M M 3.3 8 340 M M 2 11 80
10 70 48 59 7 6 0 0.00 M M 4.0 9 290 M M 1 12 280
11 71 48 60 8 5 0 0.00 M M 5.5 18 170 M M 0 22 170
12 70 51 61 9 4 0 0.02 M M 8.4 26 330 M M 1 35 340
13 69 50 60 8 5 0 0.02 M M 14.2 55 320 M M 1 8 72 320
14 60 47 54 2 11 0 0.00 M M 15.7 32 320 M M 0 41 340
15 64 41 53 1 12 0 0.00 M M 2.7 12 350 M M 1 14 350
16 65 51 58 6 7 0 0.00 M M 15.9 30 310 M M 0 35 330
17 59 45 52 -1 13 0 0.00 M M 13.8 29 310 M M 0 36 310
18 57 42 50 -3 15 0 0.00 M M 7.6 18 340 M M 0 23 340
19 63 38 51 -2 14 0 0.00 M M 3.6 8 320 M M 0 11 90
20 64 37 51 -2 14 0 T M M 13.3 37 320 M M 0 8 45 340
21 63 44 54 0 11 0 0.00 M M 9.2 21 330 M M 0 27 330
22 68 44 56 2 9 0 0.00 M M 6.6 17 350 M M 0 23 350
23 76 48 62 8 3 0 0.00 M M 7.2 22 320 M M 0 29 310
24 75 47 61 7 4 0 0.00 M M 13.3 43 330 M M 0 57 320
25 60 42 51 -3 14 0 0.00 M M 15.1 30 330 M M 0 40 330
26 68 36 52 -2 13 0 0.00 M M 6.0 22 310 M M 0 25 310
27 62 46 54 -1 11 0 0.00 M M 14.7 32 340 M M 0 40 340
28 58 41 50 -5 15 0 0.00 M M 11.3 25 320 M M 0 32 320
================================================================================
SM 1845 1258 260 0 0.04 M 249.0 M 13
================================================================================
AV 65.9 44.9 8.9 FASTST M M 0 MAX(MPH)
MISC ----> 55 320 72 320
================================================================================
NOTES:
# LAST OF SEVERAL OCCURRENCES
COLUMN 17 PEAK WIND IN M.P.H.
PRELIMINARY LOCAL CLIMATOLOGICAL DATA (WS FORM: F-6) , PAGE 2
STATION: NORTH_LAS_VEGAS NV
MONTH: FEBRUARY
YEAR: 2021
LATITUDE: 36 12 N
LONGITUDE: 115 12 W
[TEMPERATURE DATA] [PRECIPITATION DATA] SYMBOLS USED IN COLUMN 16
AVERAGE MONTHLY: 55.4 TOTAL FOR MONTH: 0.04 1 = FOG OR MIST
DPTR FM NORMAL: 3.0 DPTR FM NORMAL: -0.84 2 = FOG REDUCING VISIBILITY
HIGHEST: 76 ON 23 GRTST 24HR 0.02 ON 12-12 TO 1/4 MILE OR LESS
LOWEST: 36 ON 26 3 = THUNDER
SNOW, ICE PELLETS, HAIL 4 = ICE PELLETS
TOTAL MONTH: M 5 = HAIL
GRTST 24HR M ON M 6 = FREEZING RAIN OR DRIZZLE
GRTST DEPTH: M ON M 7 = DUSTSTORM OR SANDSTORM:
VSBY 1/2 MILE OR LESS
8 = SMOKE OR HAZE
[NO. OF DAYS WITH] [WEATHER - DAYS WITH] 9 = BLOWING SNOW
X = TORNADO
MAX 32 OR BELOW: 0 0.01 INCH OR MORE: 2
MAX 90 OR ABOVE: 0 0.10 INCH OR MORE: 0
MIN 32 OR BELOW: 0 0.50 INCH OR MORE: 0
MIN 0 OR BELOW: 0 1.00 INCH OR MORE: 0
[HDD (BASE 65) ]
TOTAL THIS MO. 260 CLEAR (SCALE 0-3) 27
DPTR FM NORMAL -94 PTCLDY (SCALE 4-7) 1
TOTAL FM JUL 1 1428 CLOUDY (SCALE 8-10) 0
DPTR FM NORMAL -334
[CDD (BASE 65) ]
TOTAL THIS MO. 0
DPTR FM NORMAL 0 [PRESSURE DATA]
TOTAL FM JAN 1 0 HIGHEST SLP M ON M
DPTR FM NORMAL 0 LOWEST SLP 29.52 ON 13
[REMARKS]
#FINAL-02-21#