000
CXUS52 KTAE 010900
CF6VLD
PRELIMINARY LOCAL CLIMATOLOGICAL DATA (WS FORM: F-6)
STATION: VALDOSTA
MONTH: DECEMBER
YEAR: 2020
LATITUDE: 30 46 N
LONGITUDE: 83 17 W
TEMPERATURE IN F: :PCPN: SNOW: WIND :SUNSHINE: SKY :PK WND
================================================================================
1 2 3 4 5 6A 6B 7 8 9 10 11 12 13 14 15 16 17 18
12Z AVG MX 2MIN
DY MAX MIN AVG DEP HDD CDD WTR SNW DPTH SPD SPD DIR MIN PSBL S-S WX SPD DR
================================================================================
1 50 30 40 -16 25 0 0.00 0.0 0 3.0 10 360 M M 0 18 330
2 59 26 43 -13 22 0 0.00 0.0 0 2.0 17 10 M M 0 19 360
3 64 30 47 -9 18 0 0.00 0.0 M 2.5 9 90 M M 0 13 60
4 72 48 60 5 5 0 0.17 0.0 M 5.7 17 180 M M 7 1 24 180
5 63 37 50 -5 15 0 0.00 0.0 M 2.5 15 10 M M 0 20 360
6 71 43 57 2 8 0 0.00 0.0 M 1.3 8 180 M M 3 10 180
7 63 42 53 -2 12 0 0.02 0.0 M 2.1 9 290 M M 4 20 0
8 55 30 43 -11 22 0 0.00 0.0 M 1.2 8 360 M M 0 13 10
9 66 30 48 -6 17 0 0.00 0.0 M 1.1 7 210 M M 0 18 14 280
10 72 37 55 1 10 0 0.00 0.0 M 0.5 6 190 M M 1 12 8 200
11 71 40 56 2 9 0 0.00 0.0 M 1.0 8 180 M M 3 12 11 180
12 75 43 59 5 6 0 0.00 0.0 M 3.3 16 170 M M 2 12 20 180
13 79 54 67 14 0 2 0.00 M M 3.0 10 180 M M 6 12 14 200
14 75 47 61 8 4 0 0.09 M M 5.7 13 180 M M 4 1 21 180
15 63 48 56 3 9 0 0.00 M M 7.5 13 50 M M 6 18 60
16 54 47 51 -2 14 0 0.92 0.0 M 4.2 15 150 M M 10 1 18 150
17 49 34 42 -11 23 0 0.00 0.0 M 1.3 7 290 M M 10 1 13 10
18 56 29 43 -9 22 0 0.00 0.0 M 2.8 15 360 M M 0 1 20 360
19 63 32 48 -4 17 0 0.00 0.0 M 3.4 10 60 M M 2 1 14 70
20 57 50 54 2 11 0 0.55 0.0 0 3.5 12 130 M M 9 1 15 120
21 60 40 50 -2 15 0 0.00 0.0 0 0.9 7 350 M M 7 1 10 360
22 69 36 53 1 12 0 0.00 0.0 M 1.3 12 360 M M 0 1 13 360
23 72 34 53 1 12 0 0.00 0.0 M 2.5 13 170 M M 0 8 17 160
24 69 38 54 2 11 0 0.93 0.0 M 6.5 22 180 M M 4 123 36 210
25 48 28 38 -14 27 0 0.00 0.0 M 2.2 9 290 M M 0 29 0
26 50 25 38 -13 27 0 0.00 0.0 M 1.3 8 10 M M 0 14 10
27 60 27 44 -7 21 0 0.00 0.0 0 1.4 10 140 M M 0 18 14 130
28 71 34 53 2 12 0 0.00 0.0 0 0.3 6 190 M M 1 1 8 150
29 69 37 53 2 12 0 0.00 0.0 M 2.6 10 80 M M 1 1 13 80
30 75 51 63 12 2 0 0.00 0.0 M 4.3 13 140 M M 6 17 140
31 77 61 69 18 0 4 0.38 0.0 M 4.9 20 170 M M 7 1 29 150
================================================================================
SM 1997 1188 420 6 3.06 0.0 85.8 M 93
================================================================================
AV 64.4 38.3 2.8 FASTST M M 3 MAX(MPH)
MISC ----> 22 180 36 210
================================================================================
NOTES:
# LAST OF SEVERAL OCCURRENCES
COLUMN 17 PEAK WIND IN M.P.H.
PRELIMINARY LOCAL CLIMATOLOGICAL DATA (WS FORM: F-6) , PAGE 2
STATION: VALDOSTA
MONTH: DECEMBER
YEAR: 2020
LATITUDE: 30 46 N
LONGITUDE: 83 17 W
[TEMPERATURE DATA] [PRECIPITATION DATA] SYMBOLS USED IN COLUMN 16
AVERAGE MONTHLY: 51.4 TOTAL FOR MONTH: 3.06 1 = FOG OR MIST
DPTR FM NORMAL: -1.7 DPTR FM NORMAL: -0.11 2 = FOG REDUCING VISIBILITY
HIGHEST: 79 ON 13 GRTST 24HR 0.93 ON 24-24 TO 1/4 MILE OR LESS
LOWEST: 25 ON 26 3 = THUNDER
SNOW, ICE PELLETS, HAIL 4 = ICE PELLETS
TOTAL MONTH: 0.0 INCH 5 = HAIL
GRTST 24HR 0.0 6 = FREEZING RAIN OR DRIZZLE
GRTST DEPTH: 0 7 = DUSTSTORM OR SANDSTORM:
VSBY 1/2 MILE OR LESS
8 = SMOKE OR HAZE
[NO. OF DAYS WITH] [WEATHER - DAYS WITH] 9 = BLOWING SNOW
X = TORNADO
MAX 32 OR BELOW: 0 0.01 INCH OR MORE: 7
MAX 90 OR ABOVE: 0 0.10 INCH OR MORE: 5
MIN 32 OR BELOW: 10 0.50 INCH OR MORE: 3
MIN 0 OR BELOW: 0 1.00 INCH OR MORE: 0
[HDD (BASE 65) ]
TOTAL THIS MO. 420 CLEAR (SCALE 0-3) 18
DPTR FM NORMAL 38 PTCLDY (SCALE 4-7) 10
TOTAL FM JUL 1 508 CLOUDY (SCALE 8-10) 3
DPTR FM NORMAL -104
[CDD (BASE 65) ]
TOTAL THIS MO. 6
DPTR FM NORMAL -6 [PRESSURE DATA]
TOTAL FM JAN 1 3114 HIGHEST SLP 30.43 ON 29
DPTR FM NORMAL 686 LOWEST SLP 29.71 ON 24
[REMARKS]
#FINAL-12-20#