000
CXUS51 KBTV 010800
CF6VSF
PRELIMINARY LOCAL CLIMATOLOGICAL DATA (WS FORM: F-6)
STATION: SPRINGFIELD VT
MONTH: FEBRUARY
YEAR: 2022
LATITUDE: 43 19 N
LONGITUDE: 72 31 W
TEMPERATURE IN F: :PCPN: SNOW: WIND :SUNSHINE: SKY :PK WND
================================================================================
1 2 3 4 5 6A 6B 7 8 9 10 11 12 13 14 15 16 17 18
12Z AVG MX 2MIN
DY MAX MIN AVG DEP HDD CDD WTR SNW DPTH SPD SPD DIR MIN PSBL S-S WX SPD DR
================================================================================
1 31 -3 14 -6 51 0 0.00 M M 2.1 14 180 M M 3 18 19 190
2 41 28 35 15 30 0 T M M 3.8 14 150 M M 6 20 160
3 43 31 37 17 28 0 0.79 M M 2.2 12 20 M M 8 126 19 10
4 32 13 23 2 42 0 0.86 M M 5.4 14 10 M M 10 168 20 40
5 20 0 10 -11 55 0 T M M 6.4 17 310 M M 4 8 28 320
6 21 -5 8 -13 57 0 0.00 M M 1.8 13 170 M M 1 1 18 180
7 30 1 16 -5 49 0 0.10 M M 0.0 3 210 M M 7 1 4 340
8 40 29 35 14 30 0 T M M 3.8 18 290 M M 9 1 29 290
9 M 18 M M M M 0.00 M M 3.0 14 270 M M 1 8 19 270
10 M M M M M M 0.01 M M 2.3 16 270 M M 7 8 23 280
11 50 35 43 21 22 0 0.00 M M 3.9 20 180 M M 3 28 170
12 49 28 39 17 26 0 0.01 M M 7.1 26 260 M M 5 35 280
13 28 16 22 0 43 0 0.00 M M 5.4 14 310 M M 7 20 290
14 16 7 12 -11 53 0 T M M 7.7 18 270 M M 5 8 28 290
15 25 -1 12 -11 53 0 T M M 4.2 18 260 M M 2 25 240
16 40 3 22 -1 43 0 0.00 M M 5.7 21 170 M M 2 29 160
17 56 29 43 20 22 0 0.31 M M 3.5 16 180 M M 7 1 24 180
18 55 16 36 12 29 0 0.30 M M 7.9 29 290 M M 7 1 49 290
19 29 10 20 -4 45 0 0.05 M M 6.9 26 260 M M 6 18 34 250
20 29 4 17 -7 48 0 T M M 6.6 16 310 M M 1 8 24 310
21 51 17 34 10 31 0 0.00 M M 0.9 7 140 M M 4 1 8 140
22 40 22 31 6 34 0 0.94 M M 0.9 8 150 M M 5 128 12 140
23 57 22 40 15 25 0 0.01 M M 9.7 31 270 M M 6 12 51 260
24 31 14 23 -2 42 0 0.00 M M 3.5 13 280 M M 1 18 280
25 22 9 16 -10 49 0 0.47 M M 3.2 12 290 M M 10 12 20 280
26 29 0 15 -11 50 0 0.01 M M 4.0 14 250 M M 1 8 20 270
27 34 20 27 1 38 0 T M M 10.0 24 290 M M 8 35 290
28 22 4 13 -13 52 0 T M M 5.5 20 270 M M 1 8 25 280
================================================================================
SM 921 367 1047 0 3.86 M 127.4 M 137
================================================================================
AV 35.4 13.6 4.5 FASTST M M 5 MAX(MPH)
MISC ----> 31 270 51 260
================================================================================
NOTES:
# LAST OF SEVERAL OCCURRENCES
COLUMN 17 PEAK WIND IN M.P.H.
PRELIMINARY LOCAL CLIMATOLOGICAL DATA (WS FORM: F-6) , PAGE 2
STATION: SPRINGFIELD VT
MONTH: FEBRUARY
YEAR: 2022
LATITUDE: 43 19 N
LONGITUDE: 72 31 W
[TEMPERATURE DATA] [PRECIPITATION DATA] SYMBOLS USED IN COLUMN 16
AVERAGE MONTHLY: 24.5 TOTAL FOR MONTH: 3.86 1 = FOG OR MIST
DPTR FM NORMAL: 1.6 DPTR FM NORMAL: 1.63 2 = FOG REDUCING VISIBILITY
HIGHEST: 57 ON 23 GRTST 24HR 1.58 ON 3- 4 TO 1/4 MILE OR LESS
LOWEST: -5 ON 6 3 = THUNDER
SNOW, ICE PELLETS, HAIL 4 = ICE PELLETS
TOTAL MONTH: M 5 = HAIL
GRTST 24HR M ON M 6 = FREEZING RAIN OR DRIZZLE
GRTST DEPTH: M ON M 7 = DUSTSTORM OR SANDSTORM:
VSBY 1/2 MILE OR LESS
8 = SMOKE OR HAZE
[NO. OF DAYS WITH] [WEATHER - DAYS WITH] 9 = BLOWING SNOW
X = TORNADO
MAX 32 OR BELOW: 14 0.01 INCH OR MORE: 12
MAX 90 OR ABOVE: 0 0.10 INCH OR MORE: 7
MIN 32 OR BELOW: 26 0.50 INCH OR MORE: 3
MIN 0 OR BELOW: 5 1.00 INCH OR MORE: 0
[HDD (BASE 65) ]
TOTAL THIS MO. 1047 CLEAR (SCALE 0-3) 9
DPTR FM NORMAL -130 PTCLDY (SCALE 4-7) 14
TOTAL FM JUL 1 4901 CLOUDY (SCALE 8-10) 5
DPTR FM NORMAL -459
[CDD (BASE 65) ]
TOTAL THIS MO. 0
DPTR FM NORMAL 0 [PRESSURE DATA]
TOTAL FM JAN 1 0 HIGHEST SLP 30.75 ON 16
DPTR FM NORMAL 0 LOWEST SLP 29.10 ON 18
[REMARKS]
#FINAL-02-22#