000
CXUS55 KLBF 011410
CF6VTN
PRELIMINARY LOCAL CLIMATOLOGICAL DATA (WS FORM: F-6)
STATION: VALENTINE
MONTH: MARCH
YEAR: 2022
LATITUDE: 42 52 N
LONGITUDE: 100 33 W
TEMPERATURE IN F: :PCPN: SNOW: WIND :SUNSHINE: SKY :PK WND
================================================================================
1 2 3 4 5 6A 6B 7 8 9 10 11 12 13 14 15 16 17 18
12Z AVG MX 2MIN
DY MAX MIN AVG DEP HDD CDD WTR SNW DPTH SPD SPD DIR MIN PSBL S-S WX SPD DR
================================================================================
1 73 31 52 20 13 0 0.00 0.0 0 7.5 18 290 M M 2 26 300
2 72 31 52 20 13 0 0.00 0.0 0 9.9 24 50 M M 3 8 30 50
3 43 26 35 2 30 0 0.00 0.0 0 11.8 17 140 M M 7 128 22 140
4 57 28 43 10 22 0 0.00 0.0 0 10.1 21 150 M M 1 26 150
5 32 21 27 -6 38 0 0.09 0.9 0 15.0 28 330 M M 9 168 39 340
6 25 10 18 -16 47 0 T T 1 12.7 21 340 M M 7 34 300
7 38 10 24 -10 41 0 0.00 0.0 T 9.1 17 260 M M 1 24 280
8 35 13 24 -11 41 0 T T T 11.5 26 350 M M 5 36 360
9 22 6 14 -21 51 0 T T T 10.5 18 360 M M 8 8 26 360
10 31 -1 15 -20 50 0 0.00 0.0 0 11.1 24 250 M M 1 32 260
11 22 2 12 -24 53 0 0.01 0.2 0 9.8 23 340 M M 2 8 30 350
12 59 2 31 -5 34 0 0.00 0.0 T 10.6 24 270 M M 5 33 280
13 72 21 47 10 18 0 0.00 0.0 0 8.4 20 210 M M 1 29 250
14 53 27 40 3 25 0 0.00 0.0 0 8.9 18 340 M M 2 24 350
15 76 28 52 15 13 0 0.00 0.0 0 13.5 28 230 M M 0 8 36 230
16 67 35 51 13 14 0 0.00 0.0 0 12.0 23 320 M M 2 30 330
17 56 27 42 4 23 0 0.00 0.0 0 8.2 18 360 M M 4 27 10
18 61 19 40 2 25 0 0.00 0.0 0 6.2 14 290 M M 0 20 350
19 67 23 45 6 20 0 0.00 0.0 0 7.6 17 280 M M 0 28 270
20 77 32 55 16 10 0 0.00 0.0 0 8.1 24 170 M M 0 8 31 180
21 53 35 44 4 21 0 0.00 0.0 0 18.6 37 330 M M 1 51 340
22 56 31 44 4 21 0 0.00 0.0 0 17.5 35 360 M M 2 47 350
23 53 23 38 -2 27 0 0.00 0.0 0 18.3 32 330 M M 3 49 330
24 73 15 44 4 21 0 0.00 0.0 0 9.5 26 360 M M 2 35 360
25 56 27 42 1 23 0 0.00 0.0 0 12.4 29 320 M M 0 39 310
26 50 18 34 -7 31 0 0.00 0.0 0 7.4 16 60 M M 1 20 60
27 56 25 41 -1 24 0 0.00 0.0 0 13.1 22 160 M M 2 31 180
28 68 32 50 8 15 0 0.00 0.0 0 17.8 31 170 M M 0 8 40 170
29 54 31 43 1 22 0 0.12 1.5 0 14.0 33 330 M M 5 18 48 330
30 31 27 29 -13 36 0 0.03 0.6 1 20.9 32 320 M M 10 18 46 320
31 52 19 36 -7 29 0 0.00 0.0 1 5.8 18 360 M M 2 18 24 350
================================================================================
SM 1640 674 851 0 0.25 3.2 357.8 M 88
================================================================================
AV 52.9 21.7 11.5 FASTST M M 3 MAX(MPH)
MISC ----> 37 330 51 340
================================================================================
NOTES:
# LAST OF SEVERAL OCCURRENCES
COLUMN 17 PEAK WIND IN M.P.H.
PRELIMINARY LOCAL CLIMATOLOGICAL DATA (WS FORM: F-6) , PAGE 2
STATION: VALENTINE
MONTH: MARCH
YEAR: 2022
LATITUDE: 42 52 N
LONGITUDE: 100 33 W
[TEMPERATURE DATA] [PRECIPITATION DATA] SYMBOLS USED IN COLUMN 16
AVERAGE MONTHLY: 37.3 TOTAL FOR MONTH: 0.25 1 = FOG OR MIST
DPTR FM NORMAL: -0.3 DPTR FM NORMAL: -0.76 2 = FOG REDUCING VISIBILITY
HIGHEST: 77 ON 20 GRTST 24HR 0.14 ON 29-30 TO 1/4 MILE OR LESS
LOWEST: -1 ON 10 3 = THUNDER
SNOW, ICE PELLETS, HAIL 4 = ICE PELLETS
TOTAL MONTH: 3.2 INCHES 5 = HAIL
GRTST 24HR 1.5 ON 29-29 6 = FREEZING RAIN OR DRIZZLE
GRTST DEPTH: 1 ON 31,30 7 = DUSTSTORM OR SANDSTORM:
VSBY 1/2 MILE OR LESS
8 = SMOKE OR HAZE
[NO. OF DAYS WITH] [WEATHER - DAYS WITH] 9 = BLOWING SNOW
X = TORNADO
MAX 32 OR BELOW: 6 0.01 INCH OR MORE: 4
MAX 90 OR ABOVE: 0 0.10 INCH OR MORE: 1
MIN 32 OR BELOW: 29 0.50 INCH OR MORE: 0
MIN 0 OR BELOW: 1 1.00 INCH OR MORE: 0
[HDD (BASE 65) ]
TOTAL THIS MO. 851 CLEAR (SCALE 0-3) 21
DPTR FM NORMAL 0 PTCLDY (SCALE 4-7) 7
TOTAL FM JUL 1 5115 CLOUDY (SCALE 8-10) 3
DPTR FM NORMAL -741
[CDD (BASE 65) ]
TOTAL THIS MO. 0
DPTR FM NORMAL 0 [PRESSURE DATA]
TOTAL FM JAN 1 0 HIGHEST SLP 30.43 ON 11
DPTR FM NORMAL 0 LOWEST SLP 29.35 ON 29
[REMARKS]
#FINAL-03-22#