000
CXUS53 KLBF 011510
CF6VTN
PRELIMINARY LOCAL CLIMATOLOGICAL DATA (WS FORM: F-6)
STATION: VALENTINE
MONTH: DECEMBER
YEAR: 2023
LATITUDE: 42 52 N
LONGITUDE: 100 33 W
TEMPERATURE IN F: :PCPN: SNOW: WIND :SUNSHINE: SKY :PK WND
================================================================================
1 2 3 4 5 6A 6B 7 8 9 10 11 12 13 14 15 16 17 18
12Z AVG MX 2MIN
DY MAX MIN AVG DEP HDD CDD WTR SNW DPTH SPD SPD DIR MIN PSBL S-S WX SPD DR
================================================================================
1 35 11 23 -7 42 0 0.00 0.0 0 7.4 17 150 M M 3 23 150
2 49 16 33 3 32 0 0.00 0.0 0 5.8 14 270 M M 0 18 270
3 45 16 31 2 34 0 0.00 0.0 0 9.6 29 320 M M 2 37 340
4 46 18 32 3 33 0 0.00 0.0 0 12.9 29 320 M M 3 43 320
5 47 16 32 3 33 0 0.00 0.0 0 6.8 17 320 M M 3 24 320
6 70 30 50 22 15 0 0.00 0.0 0 6.9 18 260 M M 0 21 280
7 69 24 47 19 18 0 T 0.0 0 12.1 28 270 M M 1 40 250
8 48 30 39 11 26 0 T T T 15.6 29 310 M M 2 18 45 310
9 37 16 27 0 38 0 T T T 16.5 30 330 M M 2 18 45 330
10 41 15 28 1 37 0 0.00 0.0 0 3.7 13 300 M M 3 18 290
11 53 17 35 8 30 0 0.00 0.0 0 8.3 21 280 M M 3 28 340
12 33 14 24 -3 41 0 0.01 0.2 0 5.2 13 190 M M 6 1 17 200
13 47 12 30 4 35 0 0.00 0.0 T 6.2 16 170 M M 0 20 180
14 45 30 38 12 27 0 0.00 0.0 0 15.7 28 190 M M 7 1 37 190
15 43 30 37 11 28 0 0.00 0.0 0 11.2 23 210 M M 2 29 310
16 47 22 35 9 30 0 0.00 0.0 0 9.3 18 290 M M 5 1 28 290
17 54 24 39 13 26 0 0.00 0.0 0 10.6 25 320 M M 1 37 320
18 47 9 28 3 37 0 0.00 0.0 0 9.3 23 210 M M 0 33 210
19 56 22 39 14 26 0 0.00 0.0 0 6.4 13 210 M M 0 17 220
20 51 19 35 10 30 0 0.00 0.0 0 4.4 10 120 M M 0 12 140
21 63 21 42 17 23 0 0.00 0.0 0 5.3 13 280 M M 1 1 19 310
22 62 21 42 17 23 0 0.00 0.0 0 6.1 13 230 M M 0 16 200
23 47 27 37 12 28 0 0.19 0.0 0 6.1 22 170 M M 4 1 35 320
24 39 24 32 7 33 0 0.21 1.8 2 20.7 30 320 M M 10 128 43 330
25 24 22 23 -2 42 0 0.13 3.0 2 23.8 38 330 M M 10 128 55 330
26 30 24 27 3 38 0 0.06 0.6 4 20.0 32 340 M M 10 1289 49 330
27 32 30 31 7 34 0 0.04 0.6 5 11.6 21 320 M M 10 1 27 320
28 33 16 25 1 40 0 T T 5 7.8 13 300 M M 5 128 18 340
29 42 9 26 2 39 0 0.00 0.0 4 8.5 14 290 M M 0 19 290
30 39 21 30 6 35 0 0.00 0.0 3 8.9 18 330 M M 2 24 340
31 23 11 17 -7 48 0 0.00 0.0 3 6.3 14 330 M M 8 128 20 340
================================================================================
SM 1397 617 1001 0 0.64 6.2 309.0 M 103
================================================================================
AV 45.1 19.9 10.0 FASTST M M 3 MAX(MPH)
MISC ----> 38 330 55 330
================================================================================
NOTES:
# LAST OF SEVERAL OCCURRENCES
COLUMN 17 PEAK WIND IN M.P.H.
PRELIMINARY LOCAL CLIMATOLOGICAL DATA (WS FORM: F-6) , PAGE 2
STATION: VALENTINE
MONTH: DECEMBER
YEAR: 2023
LATITUDE: 42 52 N
LONGITUDE: 100 33 W
[TEMPERATURE DATA] [PRECIPITATION DATA] SYMBOLS USED IN COLUMN 16
AVERAGE MONTHLY: 32.5 TOTAL FOR MONTH: 0.64 1 = FOG OR MIST
DPTR FM NORMAL: 6.2 DPTR FM NORMAL: 0.21 2 = FOG REDUCING VISIBILITY
HIGHEST: 70 ON 6 GRTST 24HR 0.39 ON 23-24 TO 1/4 MILE OR LESS
LOWEST: 9 ON 29,18 3 = THUNDER
SNOW, ICE PELLETS, HAIL 4 = ICE PELLETS
TOTAL MONTH: 6.2 INCHES 5 = HAIL
GRTST 24HR 3.0 ON 25-25 6 = FREEZING RAIN OR DRIZZLE
GRTST DEPTH: 5 ON 28,27 7 = DUSTSTORM OR SANDSTORM:
VSBY 1/2 MILE OR LESS
8 = SMOKE OR HAZE
[NO. OF DAYS WITH] [WEATHER - DAYS WITH] 9 = BLOWING SNOW
X = TORNADO
MAX 32 OR BELOW: 4 0.01 INCH OR MORE: 6
MAX 90 OR ABOVE: 0 0.10 INCH OR MORE: 3
MIN 32 OR BELOW: 31 0.50 INCH OR MORE: 0
MIN 0 OR BELOW: 0 1.00 INCH OR MORE: 0
[HDD (BASE 65) ]
TOTAL THIS MO. 1001 CLEAR (SCALE 0-3) 19
DPTR FM NORMAL -200 PTCLDY (SCALE 4-7) 8
TOTAL FM JUL 1 2367 CLOUDY (SCALE 8-10) 4
DPTR FM NORMAL -334
[CDD (BASE 65) ]
TOTAL THIS MO. 0
DPTR FM NORMAL 0 [PRESSURE DATA]
TOTAL FM JAN 1 877 HIGHEST SLP 30.64 ON 13
DPTR FM NORMAL -49 LOWEST SLP 29.41 ON 7
[REMARKS]
#FINAL-12-23#