000
CXUS56 KPQR 011155
CF6VUO
PRELIMINARY LOCAL CLIMATOLOGICAL DATA (WS FORM: F-6)
STATION: VANCOUVER WA
MONTH: AUGUST
YEAR: 2022
LATITUDE: 45 37 N
LONGITUDE: 122 39 W
TEMPERATURE IN F: :PCPN: SNOW: WIND :SUNSHINE: SKY :PK WND
================================================================================
1 2 3 4 5 6A 6B 7 8 9 10 11 12 13 14 15 16 17 18
12Z AVG MX 2MIN
DY MAX MIN AVG DEP HDD CDD WTR SNW DPTH SPD SPD DIR MIN PSBL S-S WX SPD DR
================================================================================
1 88 65 77 7 0 12 T M M 5.3 10 330 M M 1 15 340
2 87 63 75 5 0 10 0.00 M M 5.0 9 310 M M 2 14 170
3 85 60 73 3 0 8 0.00 M M 5.9 17 300 M M 0 23 300
4 77 60 69 -1 0 4 0.00 M M 4.9 14 330 M M 5 19 300
5 83 56 70 0 0 5 0.00 M M 6.4 15 310 M M 0 21 320
6 92 54 73 3 0 8 0.00 M M 5.5 14 300 M M 0 21 290
7 99 58 79 9 0 14 0.00 M M 5.0 14 310 M M 0 19 290
8 87 63 75 5 0 10 0.00 M M 3.6 15 160 M M 0 26 150
9 85 63 74 4 0 9 0.01 M M 4.8 10 280 M M 3 14 250
10 78 63 71 1 0 6 0.00 M M 4.0 10 170 M M 7 14 150
11 87 57 72 2 0 7 0.00 M M 4.0 12 290 M M 0 17 200
12 81 59 70 0 0 5 0.00 M M 2.8 13 310 M M 1 18 310
13 79 58 69 -1 0 4 0.00 M M 5.4 14 290 M M 5 19 280
14 86 57 72 2 0 7 0.00 M M 4.0 12 290 M M 0 19 300
15 89 59 74 4 0 9 0.00 M M 4.4 13 280 M M 0 17 320
16 90 63 77 7 0 12 0.00 M M 5.9 15 310 M M 2 21 320
17 97 64 81 11 0 16 0.00 M M 4.6 13 280 M M 0 16 290
18 85 71 78 9 0 13 0.00 M M 2.7 12 110 M M 0 16 150
19 83 68 76 7 0 11 0.00 M M 4.5 12 330 M M 4 17 320
20 79 63 71 2 0 6 0.00 M M 3.2 8 320 M M 6 18 12 300
21 89 58 74 5 0 9 0.00 M M 3.6 9 70 M M 1 13 60
22 88 62 75 6 0 10 0.00 M M 4.0 9 310 M M 1 15 300
23 86 62 74 5 0 9 0.00 M M 5.7 15 300 M M 0 21 300
24 93 63 78 9 0 13 0.00 M M 5.7 14 310 M M 0 20 330
25 92 64 78 10 0 13 0.00 M M 5.1 13 300 M M 1 17 290
26 79 60 70 2 0 5 0.00 M M 4.6 14 310 M M 7 8 20 320
27 75 60 68 0 0 3 0.00 M M 7.3 15 320 M M 6 22 300
28 81 53 67 -1 0 2 0.00 M M 5.3 13 330 M M 1 22 290
29 93 57 75 7 0 10 0.00 M M 4.3 15 300 M M 0 19 300
30 98 60 79 11 0 14 0.00 M M 2.8 10 290 M M 0 15 310
31 92 63 78 10 0 13 0.00 M M 3.1 13 330 M M 0 16 320
================================================================================
SM 2683 1886 0 277 0.01 M 143.4 M 53
================================================================================
AV 86.5 60.8 4.6 FASTST M M 2 MAX(MPH)
MISC ----> 17 300 26 150
================================================================================
NOTES:
# LAST OF SEVERAL OCCURRENCES
COLUMN 17 PEAK WIND IN M.P.H.
PRELIMINARY LOCAL CLIMATOLOGICAL DATA (WS FORM: F-6) , PAGE 2
STATION: VANCOUVER WA
MONTH: AUGUST
YEAR: 2022
LATITUDE: 45 37 N
LONGITUDE: 122 39 W
[TEMPERATURE DATA] [PRECIPITATION DATA] SYMBOLS USED IN COLUMN 16
AVERAGE MONTHLY: 73.7 TOTAL FOR MONTH: 0.01 1 = FOG OR MIST
DPTR FM NORMAL: 4.3 DPTR FM NORMAL: -0.51 2 = FOG REDUCING VISIBILITY
HIGHEST: 99 ON 7 GRTST 24HR 0.01 ON 9- 9 TO 1/4 MILE OR LESS
LOWEST: 53 ON 28 3 = THUNDER
SNOW, ICE PELLETS, HAIL 4 = ICE PELLETS
TOTAL MONTH: M 5 = HAIL
GRTST 24HR M ON M 6 = FREEZING RAIN OR DRIZZLE
GRTST DEPTH: M ON M 7 = DUSTSTORM OR SANDSTORM:
VSBY 1/2 MILE OR LESS
8 = SMOKE OR HAZE
[NO. OF DAYS WITH] [WEATHER - DAYS WITH] 9 = BLOWING SNOW
X = TORNADO
MAX 32 OR BELOW: 0 0.01 INCH OR MORE: 1
MAX 90 OR ABOVE: 9 0.10 INCH OR MORE: 0
MIN 32 OR BELOW: 0 0.50 INCH OR MORE: 0
MIN 0 OR BELOW: 0 1.00 INCH OR MORE: 0
[HDD (BASE 65) ]
TOTAL THIS MO. 0 CLEAR (SCALE 0-3) 24
DPTR FM NORMAL -13 PTCLDY (SCALE 4-7) 7
TOTAL FM JUL 1 0 CLOUDY (SCALE 8-10) 0
DPTR FM NORMAL -22
[CDD (BASE 65) ]
TOTAL THIS MO. 277
DPTR FM NORMAL 128 [PRESSURE DATA]
TOTAL FM JAN 1 570 HIGHEST SLP 30.21 ON 13
DPTR FM NORMAL 224 LOWEST SLP 29.78 ON 24
[REMARKS]
#FINAL-08-22#