000
CXUS56 KPQR 011155
CF6VUO
PRELIMINARY LOCAL CLIMATOLOGICAL DATA (WS FORM: F-6)
STATION: VANCOUVER WA
MONTH: MAY
YEAR: 2021
LATITUDE: 45 37 N
LONGITUDE: 122 39 W
TEMPERATURE IN F: :PCPN: SNOW: WIND :SUNSHINE: SKY :PK WND
================================================================================
1 2 3 4 5 6A 6B 7 8 9 10 11 12 13 14 15 16 17 18
12Z AVG MX 2MIN
DY MAX MIN AVG DEP HDD CDD WTR SNW DPTH SPD SPD DIR MIN PSBL S-S WX SPD DR
================================================================================
1 62 51 57 2 8 0 0.00 M M 7.8 16 300 M M 9 23 320
2 67 50 59 4 6 0 0.00 M M 5.8 12 300 M M 5 19 300
3 64 49 57 1 8 0 0.08 M M 2.4 9 290 M M 9 12 320
4 69 52 61 5 4 0 0.00 M M 5.6 12 320 M M 4 8 20 310
5 82 43 63 7 2 0 0.00 M M 4.8 17 100 M M 0 23 80
6 67 50 59 3 6 0 0.01 M M 5.2 16 270 M M 5 8 25 260
7 61 43 52 -4 13 0 0.02 M M 6.2 18 320 M M 6 28 320
8 61 38 50 -7 15 0 0.00 M M 3.1 10 280 M M 8 14 290
9 66 52 59 2 6 0 T M M 6.9 15 260 M M 7 19 320
10 71 48 60 3 5 0 0.00 M M 6.8 16 290 M M 2 24 290
11 75 47 61 4 4 0 0.00 M M 6.9 15 310 M M 1 21 330
12 79 48 64 6 1 0 0.00 M M 6.4 14 310 M M 0 20 360
13 77 51 64 6 1 0 0.00 M M 7.3 16 320 M M 0 24 310
14 80 55 68 10 0 3 0.00 M M 8.5 23 310 M M 0 31 320
15 80 48 64 6 1 0 0.00 M M 7.4 16 330 M M 0 23 330
16 82 49 66 8 0 1 0.00 M M 4.9 13 320 M M 0 20 310
17 67 49 58 -1 7 0 T M M 4.3 16 260 M M 7 22 250
18 62 48 55 -4 10 0 0.22 M M 4.5 13 10 M M 6 8 18 320
19 61 40 51 -8 14 0 T M M 5.7 20 300 M M 3 26 300
20 62 41 52 -7 13 0 0.02 M M 3.6 14 310 M M 8 8 20 300
21 67 45 56 -3 9 0 0.00 M M 5.2 13 310 M M 6 21 320
22 63 49 56 -4 9 0 0.00 M M 4.8 8 320 M M 8 M M
23 65 50 58 -2 7 0 T M M 3.8 14 320 M M 8 8 16 300
24 62 51 57 -3 8 0 0.33 M M 2.8 9 120 M M 10 18 12 180
25 61 54 58 -2 7 0 0.22 M M 3.5 9 310 M M 10 18 14 300
26 72 46 59 -1 6 0 0.00 M M 1.7 10 200 M M 2 17 200
27 65 52 59 -1 6 0 0.14 M M 8.0 21 250 M M 8 8 30 260
28 69 52 61 1 4 0 0.00 M M 5.3 15 310 M M 5 22 310
29 82 46 64 4 1 0 0.00 M M 6.4 14 310 M M 0 19 290
30 83 51 67 6 0 2 0.00 M M 5.1 13 340 M M 0 20 330
31 88 56 72 11 0 7 0.00 M M 5.1 14 320 M M 0 22 300
================================================================================
SM 2172 1504 181 13 1.04 M 165.8 M 137
================================================================================
AV 70.1 48.5 5.3 FASTST M M 4 MAX(MPH)
MISC ----> 23 310 31 320
================================================================================
NOTES:
# LAST OF SEVERAL OCCURRENCES
COLUMN 17 PEAK WIND IN M.P.H.
PRELIMINARY LOCAL CLIMATOLOGICAL DATA (WS FORM: F-6) , PAGE 2
STATION: VANCOUVER WA
MONTH: MAY
YEAR: 2021
LATITUDE: 45 37 N
LONGITUDE: 122 39 W
[TEMPERATURE DATA] [PRECIPITATION DATA] SYMBOLS USED IN COLUMN 16
AVERAGE MONTHLY: 59.3 TOTAL FOR MONTH: 1.04 1 = FOG OR MIST
DPTR FM NORMAL: 1.0 DPTR FM NORMAL: -1.47 2 = FOG REDUCING VISIBILITY
HIGHEST: 88 ON 31 GRTST 24HR 0.44 ON 24-25 TO 1/4 MILE OR LESS
LOWEST: 38 ON 8 3 = THUNDER
SNOW, ICE PELLETS, HAIL 4 = ICE PELLETS
TOTAL MONTH: M 5 = HAIL
GRTST 24HR M ON M 6 = FREEZING RAIN OR DRIZZLE
GRTST DEPTH: M ON M 7 = DUSTSTORM OR SANDSTORM:
VSBY 1/2 MILE OR LESS
8 = SMOKE OR HAZE
[NO. OF DAYS WITH] [WEATHER - DAYS WITH] 9 = BLOWING SNOW
X = TORNADO
MAX 32 OR BELOW: 0 0.01 INCH OR MORE: 8
MAX 90 OR ABOVE: 0 0.10 INCH OR MORE: 4
MIN 32 OR BELOW: 0 0.50 INCH OR MORE: 0
MIN 0 OR BELOW: 0 1.00 INCH OR MORE: 0
[HDD (BASE 65) ]
TOTAL THIS MO. 181 CLEAR (SCALE 0-3) 12
DPTR FM NORMAL -42 PTCLDY (SCALE 4-7) 14
TOTAL FM JUL 1 3980 CLOUDY (SCALE 8-10) 5
DPTR FM NORMAL -325
[CDD (BASE 65) ]
TOTAL THIS MO. 13
DPTR FM NORMAL -1 [PRESSURE DATA]
TOTAL FM JAN 1 13 HIGHEST SLP 30.43 ON 8
DPTR FM NORMAL -2 LOWEST SLP 29.78 ON 5
[REMARKS]
#FINAL-05-21#