000
CXUS56 KPQR 011200
CF6VUO
PRELIMINARY LOCAL CLIMATOLOGICAL DATA (WS FORM: F-6)
STATION: VANCOUVER WA
MONTH: MARCH
YEAR: 2020
LATITUDE: 45 37 N
LONGITUDE: 122 39 W
TEMPERATURE IN F: :PCPN: SNOW: WIND :SUNSHINE: SKY :PK WND
================================================================================
1 2 3 4 5 6A 6B 7 8 9 10 11 12 13 14 15 16 17 18
12Z AVG MX 2MIN
DY MAX MIN AVG DEP HDD CDD WTR SNW DPTH SPD SPD DIR MIN PSBL S-S WX SPD DR
================================================================================
1 47 33 40 -5 25 0 T M M 6.3 15 220 M M 8 1 17 220
2 50 42 46 0 19 0 0.01 M M 7.1 14 210 M M 10 8 26 190
3 60 47 54 8 11 0 0.00 M M 7.6 16 220 M M 9 22 220
4 57 39 48 2 17 0 0.01 M M 5.1 14 220 M M 4 18 220
5 59 34 47 1 18 0 0.00 M M 6.1 15 130 M M 3 8 19 230
6 50 42 46 0 19 0 0.36 M M 6.9 13 300 M M 10 1 19 300
7 48 38 43 -3 22 0 0.06 M M 5.7 14 220 M M 10 19 210
8 50 31 41 -6 24 0 0.00 M M 5.5 14 250 M M 5 17 230
9 56 29 43 -4 22 0 0.00 M M 4.0 12 230 M M 3 12 15 220
10 63 28 46 -1 19 0 0.00 M M 3.1 12 220 M M 0 15 360
11 57 37 47 0 18 0 T M M 6.3 14 270 M M 4 8 23 320
12 57 30 44 -3 21 0 0.00 M M 5.4 14 280 M M 0 21 290
13 42 37 40 -8 25 0 0.11 M M 4.7 13 140 M M 8 1 16 130
14 42 33 38 -10 27 0 0.71 M M 11.3 22 90 M M 8 18 32 120
15 46 35 41 -7 24 0 0.00 M M 16.8 28 90 M M 2 39 110
16 62 34 48 0 17 0 0.00 M M 8.8 21 110 M M 1 29 80
17 61 28 45 -3 20 0 0.00 M M 4.0 12 220 M M 0 16 210
18 59 37 48 0 17 0 0.00 M M 3.6 10 230 M M 2 17 290
19 65 32 49 0 16 0 0.00 M M 3.1 9 230 M M 1 14 210
20 68 36 52 3 13 0 0.00 M M 5.7 15 340 M M 0 25 320
21 61 37 49 0 16 0 0.00 M M 4.8 13 230 M M 2 20 250
22 63 33 48 -1 17 0 0.00 M M 3.2 15 270 M M 2 1 21 270
23 53 45 49 0 16 0 0.06 M M 8.8 17 260 M M 9 27 220
24 51 40 46 -3 19 0 0.34 M M 7.3 16 290 M M 8 1 23 220
25 51 37 44 -6 21 0 0.06 M M 6.3 13 260 M M 7 20 310
26 50 31 41 -9 24 0 0.00 M M 5.2 13 240 M M 7 17 220
27 50 42 46 -4 19 0 0.10 M M 6.5 10 150 M M 10 19 120
28 53 47 50 0 15 0 0.07 M M 6.7 14 120 M M 10 1 19 140
29 58 48 53 3 12 0 0.25 M M 9.1 22 290 M M 9 8 30 300
30 52 45 49 -1 16 0 0.26 M M 8.7 22 190 M M 9 34 190
31 53 41 47 -3 18 0 0.15 M M 7.4 16 280 M M 8 1 22 240
================================================================================
SM 1694 1148 587 0 2.55 M 201.1 M 169
================================================================================
AV 54.7 37.0 6.5 FASTST M M 5 MAX(MPH)
MISC ----> # 28 90 # 39 110
================================================================================
NOTES:
# LAST OF SEVERAL OCCURRENCES
COLUMN 17 PEAK WIND IN M.P.H.
PRELIMINARY LOCAL CLIMATOLOGICAL DATA (WS FORM: F-6) , PAGE 2
STATION: VANCOUVER WA
MONTH: MARCH
YEAR: 2020
LATITUDE: 45 37 N
LONGITUDE: 122 39 W
[TEMPERATURE DATA] [PRECIPITATION DATA] SYMBOLS USED IN COLUMN 16
AVERAGE MONTHLY: 45.8 TOTAL FOR MONTH: 2.55 1 = FOG OR MIST
DPTR FM NORMAL: -2.2 DPTR FM NORMAL: -1.02 2 = FOG REDUCING VISIBILITY
HIGHEST: 68 ON 20 GRTST 24HR 0.71 ON 14-14 TO 1/4 MILE OR LESS
LOWEST: 28 ON 17,10 3 = THUNDER
SNOW, ICE PELLETS, HAIL 4 = ICE PELLETS
TOTAL MONTH: M 5 = HAIL
GRTST 24HR M ON M 6 = FREEZING RAIN OR DRIZZLE
GRTST DEPTH: M ON M 7 = DUSTSTORM OR SANDSTORM:
VSBY 1/2 MILE OR LESS
8 = SMOKE OR HAZE
[NO. OF DAYS WITH] [WEATHER - DAYS WITH] 9 = BLOWING SNOW
X = TORNADO
MAX 32 OR BELOW: 0 0.01 INCH OR MORE: 14
MAX 90 OR ABOVE: 0 0.10 INCH OR MORE: 8
MIN 32 OR BELOW: 7 0.50 INCH OR MORE: 1
MIN 0 OR BELOW: 0 1.00 INCH OR MORE: 0
[HDD (BASE 65) ]
TOTAL THIS MO. 587 CLEAR (SCALE 0-3) 12
DPTR FM NORMAL 60 PTCLDY (SCALE 4-7) 9
TOTAL FM JUL 1 3554 CLOUDY (SCALE 8-10) 10
DPTR FM NORMAL -87
[CDD (BASE 65) ]
TOTAL THIS MO. 0
DPTR FM NORMAL 0 [PRESSURE DATA]
TOTAL FM JAN 1 0 HIGHEST SLP 30.46 ON 1
DPTR FM NORMAL 0 LOWEST SLP 29.59 ON 14
[REMARKS]
#FINAL-03-20#