000
CXUS51 KAKQ 010710
CF6WAL
PRELIMINARY LOCAL CLIMATOLOGICAL DATA (WS FORM: F-6)
STATION: WALLOPS ISLAND VA
MONTH: JUNE
YEAR: 2023
LATITUDE: 37 55 N
LONGITUDE: 75 28 W
TEMPERATURE IN F: :PCPN: SNOW: WIND :SUNSHINE: SKY :PK WND
================================================================================
1 2 3 4 5 6A 6B 7 8 9 10 11 12 13 14 15 16 17 18
12Z AVG MX 2MIN
DY MAX MIN AVG DEP HDD CDD WTR SNW DPTH SPD SPD DIR MIN PSBL S-S WX SPD DR
================================================================================
1 74 62 68 -1 0 3 0.21 0.0 0 10.3 23 50 M M 7 18 29 40
2 80 60 70 1 0 5 0.00 0.0 0 6.4 13 60 M M 0 15 60
3 71 57 64 -5 1 0 T 0.0 0 16.2 30 60 M M 7 18 37 40
4 65 56 61 -9 4 0 0.00 0.0 0 12.3 26 50 M M 5 33 50
5 75 52 64 -6 1 0 0.00 0.0 0 5.9 15 290 M M 5 19 290
6 77 62 70 0 0 5 0.00 0.0 0 8.6 16 270 M M 1 8 24 270
7 74 61 68 -3 0 3 0.00 0.0 0 7.5 15 190 M M 7 8 20 180
8 72 56 64 -7 1 0 0.20 0.0 0 4.2 23 320 M M 4 138 31 340
9 76 53 65 -6 0 0 0.00 0.0 0 5.8 16 310 M M 2 138 22 300
10 81 58 70 -2 0 5 0.00 0.0 0 9.0 17 190 M M 1 22 190
11 82 62 72 0 0 7 T 0.0 0 11.4 21 180 M M 0 18 32 310
12 80 67 74 2 0 9 0.08 0.0 0 12.2 29 200 M M 5 13 40 190
13 80 64 72 -1 0 7 0.00 0.0 0 10.9 20 180 M M 2 24 170
14 86 67 77 4 0 12 0.00 0.0 0 10.3 22 240 M M 3 29 270
15 82 60 71 -2 0 6 0.00 0.0 0 7.3 16 250 M M 1 22 260
16 81 63 72 -2 0 7 0.81 0.0 0 10.4 28 190 M M 5 138 33 190
17 81 64 73 -1 0 8 0.00 0.0 0 8.1 17 300 M M 2 18 23 250
18 83 62 73 -1 0 8 0.00 0.0 0 6.4 15 190 M M 0 8 19 200
19 82 67 75 1 0 10 0.00 0.0 0 8.3 18 180 M M 0 18 22 180
20 77 69 73 -2 0 8 0.02 0.0 0 15.6 25 60 M M 4 18 32 60
21 70 65 68 -7 0 3 1.74 0.0 0 28.8 39 60 M M 10 1 51 60
22 71 66 69 -6 0 4 0.01 0.0 0 14.4 25 50 M M 10 1 31 40
23 79 68 74 -2 0 9 0.55 0.0 0 11.8 21 180 M M 7 18 25 180
24 81 71 76 0 0 11 0.04 0.0 0 7.5 16 180 M M 6 18 21 190
25 88 72 80 4 0 15 0.00 0.0 0 7.1 18 200 M M 0 1 24 190
26 83 68 76 0 0 11 0.13 0.0 0 13.7 23 190 M M 1 138 32 250
27 82 68 75 -1 0 10 0.40 0.0 0 10.6 22 190 M M 3 13 28 290
28 84 68 76 -1 0 11 0.00 0.0 0 6.0 14 270 M M 2 18 20 270
29 81 66 74 -3 0 9 0.00 0.0 0 6.3 13 150 M M 0 18 17 140
30 82 65 74 -3 0 9 0.00 0.0 M 6.4 14 130 M M 0 18 17 130
================================================================================
SM 2360 1899 7 195 4.19 0.0 299.7 M 100
================================================================================
AV 78.7 63.3 10.0 FASTST M M 3 MAX(MPH)
MISC ----> 39 60 51 60
================================================================================
NOTES:
# LAST OF SEVERAL OCCURRENCES
COLUMN 17 PEAK WIND IN M.P.H.
PRELIMINARY LOCAL CLIMATOLOGICAL DATA (WS FORM: F-6) , PAGE 2
STATION: WALLOPS ISLAND VA
MONTH: JUNE
YEAR: 2023
LATITUDE: 37 55 N
LONGITUDE: 75 28 W
[TEMPERATURE DATA] [PRECIPITATION DATA] SYMBOLS USED IN COLUMN 16
AVERAGE MONTHLY: 71.0 TOTAL FOR MONTH: 4.19 1 = FOG OR MIST
DPTR FM NORMAL: -2.2 DPTR FM NORMAL: 0.80 2 = FOG REDUCING VISIBILITY
HIGHEST: 88 ON 25 GRTST 24HR 1.76 ON 20-21 TO 1/4 MILE OR LESS
LOWEST: 52 ON 5 3 = THUNDER
SNOW, ICE PELLETS, HAIL 4 = ICE PELLETS
TOTAL MONTH: 0.0 INCH 5 = HAIL
GRTST 24HR 0.0 6 = FREEZING RAIN OR DRIZZLE
GRTST DEPTH: 0 7 = DUSTSTORM OR SANDSTORM:
VSBY 1/2 MILE OR LESS
8 = SMOKE OR HAZE
[NO. OF DAYS WITH] [WEATHER - DAYS WITH] 9 = BLOWING SNOW
X = TORNADO
MAX 32 OR BELOW: 0 0.01 INCH OR MORE: 11
MAX 90 OR ABOVE: 0 0.10 INCH OR MORE: 7
MIN 32 OR BELOW: 0 0.50 INCH OR MORE: 3
MIN 0 OR BELOW: 0 1.00 INCH OR MORE: 1
[HDD (BASE 65) ]
TOTAL THIS MO. 7 CLEAR (SCALE 0-3) 16
DPTR FM NORMAL -4 PTCLDY (SCALE 4-7) 12
TOTAL FM JUL 1 3420 CLOUDY (SCALE 8-10) 2
DPTR FM NORMAL -536
[CDD (BASE 65) ]
TOTAL THIS MO. 195
DPTR FM NORMAL -62 [PRESSURE DATA]
TOTAL FM JAN 1 259 HIGHEST SLP M ON M
DPTR FM NORMAL -95 LOWEST SLP 29.56 ON 14
[REMARKS]
#FINAL-06-23#